{"id":9262,"date":"2025-10-07T09:43:20","date_gmt":"2025-10-07T09:43:20","guid":{"rendered":"https:\/\/btmtelectric.com\/?post_type=product&#038;p=9262"},"modified":"2026-03-31T21:54:34","modified_gmt":"2026-03-31T21:54:34","slug":"regulateur-east-triphase-zty-20-kva","status":"publish","type":"product","link":"https:\/\/btmtelectric.com\/index.php\/product\/regulateur-east-triphase-zty-20-kva\/","title":{"rendered":"R\u00e9gulateur EAST triphas\u00e9 ZTY -20 KVA"},"content":{"rendered":"<p>Le <strong data-start=\"224\" data-end=\"276\">r\u00e9gulateur de tension triphas\u00e9 EAST ZTY \u2013 20 kVA<\/strong> est un dispositif de stabilisation de haute pr\u00e9cision, enti\u00e8rement automatique, con\u00e7u pour garantir une alimentation stable et fiable dans les environnements industriels, commerciaux et techniques.<\/p>\n<p data-start=\"478\" data-end=\"902\">Il repose sur une combinaison de <strong data-start=\"511\" data-end=\"541\">transformateur automatique<\/strong>, <strong data-start=\"543\" data-end=\"558\">servomoteur<\/strong> et <strong data-start=\"562\" data-end=\"598\">circuit de commande \u00e9lectronique<\/strong>. Lorsqu\u2019une variation de tension est d\u00e9tect\u00e9e \u00e0 l\u2019entr\u00e9e, le circuit de commande ajuste en temps r\u00e9el la position du balai carbone du transformateur via le servomoteur. Cela permet de r\u00e9guler la tension de sortie et de la maintenir stable, m\u00eame en cas de fluctuations importantes du r\u00e9seau \u00e9lectrique.<\/p>\n<h3 data-start=\"130\" data-end=\"190\"><strong data-start=\"137\" data-end=\"190\">Caract\u00e9ristiques Techniques \u2014 ZTY 20 kVA Triphas\u00e9<\/strong><\/h3>\n<ul>\n<li data-start=\"194\" data-end=\"227\"><strong data-start=\"194\" data-end=\"216\">Puissance nominale<\/strong> : 20 kVA<\/li>\n<li data-start=\"230\" data-end=\"277\"><strong data-start=\"230\" data-end=\"247\">Type d\u2019entr\u00e9e<\/strong> : Triphas\u00e9 + Neutre + Terre<\/li>\n<li data-start=\"280\" data-end=\"321\"><strong data-start=\"280\" data-end=\"300\">Tension d\u2019entr\u00e9e<\/strong> : 277 V ~ 433 V AC<\/li>\n<li data-start=\"324\" data-end=\"358\"><strong data-start=\"324\" data-end=\"345\">Tension de sortie<\/strong> : 380 V AC<\/li>\n<li data-start=\"361\" data-end=\"409\"><strong data-start=\"361\" data-end=\"398\">Pr\u00e9cision de la tension de sortie<\/strong> : \u2264 \u00b13 %<\/li>\n<li data-start=\"412\" data-end=\"440\"><strong data-start=\"412\" data-end=\"425\">Fr\u00e9quence<\/strong> : 50 \/ 60 Hz<\/li>\n<li data-start=\"443\" data-end=\"484\"><strong data-start=\"443\" data-end=\"468\">Protection surtension<\/strong> : 250 V \u00b1 5 V<\/li>\n<li data-start=\"487\" data-end=\"530\"><strong data-start=\"487\" data-end=\"514\">Protection sous-tension<\/strong> : 183 V \u00b1 5 V<\/li>\n<li data-start=\"533\" data-end=\"558\"><strong data-start=\"533\" data-end=\"547\">Efficacit\u00e9<\/strong> : &gt; 96 %<\/li>\n<li data-start=\"561\" data-end=\"612\"><strong data-start=\"561\" data-end=\"585\">Affichage \/ Contr\u00f4le<\/strong> : LED \/ M\u00e8tre analogique<\/li>\n<li data-start=\"615\" data-end=\"646\"><strong data-start=\"615\" data-end=\"633\">Type de bornes<\/strong> : Terminal<\/li>\n<li data-start=\"649\" data-end=\"707\"><strong data-start=\"649\" data-end=\"679\">Distorsion de forme d\u2019onde<\/strong> : Aucune (Non-affixation)<\/li>\n<li data-start=\"710\" data-end=\"770\"><strong data-start=\"710\" data-end=\"730\">Temps de r\u00e9ponse<\/strong> : \u2264 1 s (pour une variation de \u00b110 %)<\/li>\n<li data-start=\"773\" data-end=\"810\"><strong data-start=\"773\" data-end=\"799\">R\u00e9sistance d\u2019isolement<\/strong> : \u2265 2 M\u03a9<\/li>\n<li data-start=\"813\" data-end=\"938\"><strong data-start=\"813\" data-end=\"861\">R\u00e9sistance aux ph\u00e9nom\u00e8nes \u00e9lectromagn\u00e9tiques<\/strong> : 1500 V basse fr\u00e9quence \/ 1 min (aucun ph\u00e9nom\u00e8ne d\u2019arc ou de d\u00e9formation).<\/li>\n<li data-start=\"941\" data-end=\"1001\"><strong data-start=\"941\" data-end=\"983\">Temp\u00e9rature ambiante de fonctionnement<\/strong> : 0 \u00b0C \u00e0 +40 \u00b0C<\/li>\n<li data-start=\"1004\" data-end=\"1047\"><strong data-start=\"1004\" data-end=\"1025\">Humidit\u00e9 relative<\/strong> : \u2264 95 % en continu<\/li>\n<li data-start=\"1050\" data-end=\"1099\"><strong data-start=\"1050\" data-end=\"1076\">Dimensions (L \u00d7 l \u00d7 H)<\/strong> : 380 \u00d7 380 \u00d7 752 mm<\/li>\n<li data-start=\"1102\" data-end=\"1125\"><strong data-start=\"1102\" data-end=\"1115\">Poids net<\/strong> : 58 kg<\/li>\n<li data-start=\"1128\" data-end=\"1154\"><strong data-start=\"1128\" data-end=\"1142\">Poids brut<\/strong> : 61,6 kg<\/li>\n<\/ul>\n","protected":false},"excerpt":{"rendered":"<p>Le <strong data-start=\"793\" data-end=\"843\">r\u00e9gulateur de tension triphas\u00e9 EAST ZTY 20 kVA<\/strong> est un stabilisateur automatique con\u00e7u pour garantir une alimentation \u00e9lectrique fiable et constante. Gr\u00e2ce \u00e0 sa technologie \u00e0 servomoteur, il corrige en temps r\u00e9el les variations de tension. Ce <strong data-start=\"1039\" data-end=\"1073\">r\u00e9gulateur de tension triphas\u00e9<\/strong> offre une pr\u00e9cision \u00e9lev\u00e9e et prot\u00e8ge efficacement les \u00e9quipements sensibles dans les environnements industriels, commerciaux et techniques.<\/p>\n","protected":false},"featured_media":9263,"comment_status":"open","ping_status":"closed","template":"","meta":{"_acf_changed":false,"content-type":""},"product_brand":[390],"product_cat":[391],"product_tag":[],"class_list":{"0":"post-9262","1":"product","2":"type-product","3":"status-publish","4":"has-post-thumbnail","6":"product_brand-east","7":"product_cat-regulateur","9":"first","10":"instock","11":"shipping-taxable","12":"purchasable","13":"product-type-simple"},"acf":[],"yoast_head":"<!-- This site is optimized with the Yoast SEO plugin v27.3 - https:\/\/yoast.com\/product\/yoast-seo-wordpress\/ -->\n<title>R\u00e9gulateur triphas\u00e9 EAST ZTY 20 kVA \u2013 R\u00e9gulateur de tension<\/title>\n<meta name=\"description\" content=\"R\u00e9gulateur de tension triphas\u00e9 EAST ZTY 20 kVA automatique, haute pr\u00e9cision \u00b13 %, id\u00e9al pour usage industriel et commercial.\" \/>\n<meta name=\"robots\" content=\"index, follow, max-snippet:-1, max-image-preview:large, max-video-preview:-1\" \/>\n<link rel=\"canonical\" href=\"https:\/\/btmtelectric.com\/index.php\/product\/regulateur-east-triphase-zty-20-kva\/\" \/>\n<meta property=\"og:locale\" content=\"fr_FR\" \/>\n<meta property=\"og:type\" content=\"article\" \/>\n<meta property=\"og:title\" content=\"R\u00e9gulateur triphas\u00e9 EAST ZTY 20 kVA \u2013 R\u00e9gulateur de tension\" \/>\n<meta property=\"og:description\" content=\"R\u00e9gulateur de tension triphas\u00e9 EAST ZTY 20 kVA automatique, haute pr\u00e9cision \u00b13 %, id\u00e9al pour usage industriel et commercial.\" \/>\n<meta property=\"og:url\" content=\"https:\/\/btmtelectric.com\/index.php\/product\/regulateur-east-triphase-zty-20-kva\/\" \/>\n<meta property=\"og:site_name\" content=\"BTMT ELECTRIC \u2013 Solutions \u00c9lectriques Fiables et Innovantes\" \/>\n<meta property=\"article:publisher\" content=\"https:\/\/www.facebook.com\/profile.php?id=61578000361796\" \/>\n<meta property=\"article:modified_time\" content=\"2026-03-31T21:54:34+00:00\" \/>\n<meta property=\"og:image\" content=\"http:\/\/btmtelectric.com\/wp-content\/uploads\/2025\/10\/ChatGPT-Image-7-oct.-2025-10_41_58.png\" \/>\n\t<meta property=\"og:image:width\" content=\"1024\" \/>\n\t<meta property=\"og:image:height\" content=\"1024\" \/>\n\t<meta property=\"og:image:type\" content=\"image\/png\" \/>\n<meta name=\"twitter:card\" content=\"summary_large_image\" \/>\n<meta name=\"twitter:label1\" content=\"Dur\u00e9e de lecture estim\u00e9e\" \/>\n\t<meta name=\"twitter:data1\" content=\"2 minutes\" \/>\n<script type=\"application\/ld+json\" class=\"yoast-schema-graph\">{\"@context\":\"https:\\\/\\\/schema.org\",\"@graph\":[{\"@type\":\"WebPage\",\"@id\":\"https:\\\/\\\/btmtelectric.com\\\/index.php\\\/product\\\/regulateur-east-triphase-zty-20-kva\\\/\",\"url\":\"https:\\\/\\\/btmtelectric.com\\\/index.php\\\/product\\\/regulateur-east-triphase-zty-20-kva\\\/\",\"name\":\"R\u00e9gulateur triphas\u00e9 EAST ZTY 20 kVA \u2013 R\u00e9gulateur de tension\",\"isPartOf\":{\"@id\":\"https:\\\/\\\/btmtelectric.com\\\/#website\"},\"primaryImageOfPage\":{\"@id\":\"https:\\\/\\\/btmtelectric.com\\\/index.php\\\/product\\\/regulateur-east-triphase-zty-20-kva\\\/#primaryimage\"},\"image\":{\"@id\":\"https:\\\/\\\/btmtelectric.com\\\/index.php\\\/product\\\/regulateur-east-triphase-zty-20-kva\\\/#primaryimage\"},\"thumbnailUrl\":\"https:\\\/\\\/btmtelectric.com\\\/wp-content\\\/uploads\\\/2025\\\/10\\\/ChatGPT-Image-7-oct.-2025-10_41_58.png\",\"datePublished\":\"2025-10-07T09:43:20+00:00\",\"dateModified\":\"2026-03-31T21:54:34+00:00\",\"description\":\"R\u00e9gulateur de tension triphas\u00e9 EAST ZTY 20 kVA automatique, haute pr\u00e9cision \u00b13 %, id\u00e9al pour usage industriel et commercial.\",\"breadcrumb\":{\"@id\":\"https:\\\/\\\/btmtelectric.com\\\/index.php\\\/product\\\/regulateur-east-triphase-zty-20-kva\\\/#breadcrumb\"},\"inLanguage\":\"fr-FR\",\"potentialAction\":[{\"@type\":\"ReadAction\",\"target\":[\"https:\\\/\\\/btmtelectric.com\\\/index.php\\\/product\\\/regulateur-east-triphase-zty-20-kva\\\/\"]}]},{\"@type\":\"ImageObject\",\"inLanguage\":\"fr-FR\",\"@id\":\"https:\\\/\\\/btmtelectric.com\\\/index.php\\\/product\\\/regulateur-east-triphase-zty-20-kva\\\/#primaryimage\",\"url\":\"https:\\\/\\\/btmtelectric.com\\\/wp-content\\\/uploads\\\/2025\\\/10\\\/ChatGPT-Image-7-oct.-2025-10_41_58.png\",\"contentUrl\":\"https:\\\/\\\/btmtelectric.com\\\/wp-content\\\/uploads\\\/2025\\\/10\\\/ChatGPT-Image-7-oct.-2025-10_41_58.png\",\"width\":1024,\"height\":1024,\"caption\":\"r\u00e9gulateur de tension triphas\u00e9 EAST ZTY 20 kVA\"},{\"@type\":\"BreadcrumbList\",\"@id\":\"https:\\\/\\\/btmtelectric.com\\\/index.php\\\/product\\\/regulateur-east-triphase-zty-20-kva\\\/#breadcrumb\",\"itemListElement\":[{\"@type\":\"ListItem\",\"position\":1,\"name\":\"Accueil\",\"item\":\"https:\\\/\\\/btmtelectric.com\\\/\"},{\"@type\":\"ListItem\",\"position\":2,\"name\":\"Boutique\",\"item\":\"https:\\\/\\\/btmtelectric.com\\\/index.php\\\/boutique\\\/\"},{\"@type\":\"ListItem\",\"position\":3,\"name\":\"R\u00e9gulateur EAST triphas\u00e9 ZTY -20 KVA\"}]},{\"@type\":\"WebSite\",\"@id\":\"https:\\\/\\\/btmtelectric.com\\\/#website\",\"url\":\"https:\\\/\\\/btmtelectric.com\\\/\",\"name\":\"BTMT ELECTRIC \u2013 Solutions \u00c9lectriques Fiables et Innovantes\",\"description\":\"\",\"publisher\":{\"@id\":\"https:\\\/\\\/btmtelectric.com\\\/#organization\"},\"potentialAction\":[{\"@type\":\"SearchAction\",\"target\":{\"@type\":\"EntryPoint\",\"urlTemplate\":\"https:\\\/\\\/btmtelectric.com\\\/?s={search_term_string}\"},\"query-input\":{\"@type\":\"PropertyValueSpecification\",\"valueRequired\":true,\"valueName\":\"search_term_string\"}}],\"inLanguage\":\"fr-FR\"},{\"@type\":\"Organization\",\"@id\":\"https:\\\/\\\/btmtelectric.com\\\/#organization\",\"name\":\"BTMT ELECTRIC \u2013 Solutions \u00c9lectriques Fiables et Innovantes\",\"url\":\"https:\\\/\\\/btmtelectric.com\\\/\",\"logo\":{\"@type\":\"ImageObject\",\"inLanguage\":\"fr-FR\",\"@id\":\"https:\\\/\\\/btmtelectric.com\\\/#\\\/schema\\\/logo\\\/image\\\/\",\"url\":\"https:\\\/\\\/btmtelectric.com\\\/wp-content\\\/uploads\\\/2025\\\/07\\\/WhatsApp_Image_2025-07-09_at_11.45.18_AM-removebg-preview-1.png\",\"contentUrl\":\"https:\\\/\\\/btmtelectric.com\\\/wp-content\\\/uploads\\\/2025\\\/07\\\/WhatsApp_Image_2025-07-09_at_11.45.18_AM-removebg-preview-1.png\",\"width\":175,\"height\":42,\"caption\":\"BTMT ELECTRIC \u2013 Solutions \u00c9lectriques Fiables et Innovantes\"},\"image\":{\"@id\":\"https:\\\/\\\/btmtelectric.com\\\/#\\\/schema\\\/logo\\\/image\\\/\"},\"sameAs\":[\"https:\\\/\\\/www.facebook.com\\\/profile.php?id=61578000361796\",\"https:\\\/\\\/www.instagram.com\\\/btmtelectric\\\/\"]}]}<\/script>\n<!-- \/ Yoast SEO plugin. -->","yoast_head_json":{"title":"R\u00e9gulateur triphas\u00e9 EAST ZTY 20 kVA \u2013 R\u00e9gulateur de tension","description":"R\u00e9gulateur de tension triphas\u00e9 EAST ZTY 20 kVA automatique, haute pr\u00e9cision \u00b13 %, id\u00e9al pour usage industriel et commercial.","robots":{"index":"index","follow":"follow","max-snippet":"max-snippet:-1","max-image-preview":"max-image-preview:large","max-video-preview":"max-video-preview:-1"},"canonical":"https:\/\/btmtelectric.com\/index.php\/product\/regulateur-east-triphase-zty-20-kva\/","og_locale":"fr_FR","og_type":"article","og_title":"R\u00e9gulateur triphas\u00e9 EAST ZTY 20 kVA \u2013 R\u00e9gulateur de tension","og_description":"R\u00e9gulateur de tension triphas\u00e9 EAST ZTY 20 kVA automatique, haute pr\u00e9cision \u00b13 %, id\u00e9al pour usage industriel et commercial.","og_url":"https:\/\/btmtelectric.com\/index.php\/product\/regulateur-east-triphase-zty-20-kva\/","og_site_name":"BTMT ELECTRIC \u2013 Solutions \u00c9lectriques Fiables et Innovantes","article_publisher":"https:\/\/www.facebook.com\/profile.php?id=61578000361796","article_modified_time":"2026-03-31T21:54:34+00:00","og_image":[{"width":1024,"height":1024,"url":"http:\/\/btmtelectric.com\/wp-content\/uploads\/2025\/10\/ChatGPT-Image-7-oct.-2025-10_41_58.png","type":"image\/png"}],"twitter_card":"summary_large_image","twitter_misc":{"Dur\u00e9e de lecture estim\u00e9e":"2 minutes"},"schema":{"@context":"https:\/\/schema.org","@graph":[{"@type":"WebPage","@id":"https:\/\/btmtelectric.com\/index.php\/product\/regulateur-east-triphase-zty-20-kva\/","url":"https:\/\/btmtelectric.com\/index.php\/product\/regulateur-east-triphase-zty-20-kva\/","name":"R\u00e9gulateur triphas\u00e9 EAST ZTY 20 kVA \u2013 R\u00e9gulateur de tension","isPartOf":{"@id":"https:\/\/btmtelectric.com\/#website"},"primaryImageOfPage":{"@id":"https:\/\/btmtelectric.com\/index.php\/product\/regulateur-east-triphase-zty-20-kva\/#primaryimage"},"image":{"@id":"https:\/\/btmtelectric.com\/index.php\/product\/regulateur-east-triphase-zty-20-kva\/#primaryimage"},"thumbnailUrl":"https:\/\/btmtelectric.com\/wp-content\/uploads\/2025\/10\/ChatGPT-Image-7-oct.-2025-10_41_58.png","datePublished":"2025-10-07T09:43:20+00:00","dateModified":"2026-03-31T21:54:34+00:00","description":"R\u00e9gulateur de tension triphas\u00e9 EAST ZTY 20 kVA automatique, haute pr\u00e9cision \u00b13 %, id\u00e9al pour usage industriel et commercial.","breadcrumb":{"@id":"https:\/\/btmtelectric.com\/index.php\/product\/regulateur-east-triphase-zty-20-kva\/#breadcrumb"},"inLanguage":"fr-FR","potentialAction":[{"@type":"ReadAction","target":["https:\/\/btmtelectric.com\/index.php\/product\/regulateur-east-triphase-zty-20-kva\/"]}]},{"@type":"ImageObject","inLanguage":"fr-FR","@id":"https:\/\/btmtelectric.com\/index.php\/product\/regulateur-east-triphase-zty-20-kva\/#primaryimage","url":"https:\/\/btmtelectric.com\/wp-content\/uploads\/2025\/10\/ChatGPT-Image-7-oct.-2025-10_41_58.png","contentUrl":"https:\/\/btmtelectric.com\/wp-content\/uploads\/2025\/10\/ChatGPT-Image-7-oct.-2025-10_41_58.png","width":1024,"height":1024,"caption":"r\u00e9gulateur de tension triphas\u00e9 EAST ZTY 20 kVA"},{"@type":"BreadcrumbList","@id":"https:\/\/btmtelectric.com\/index.php\/product\/regulateur-east-triphase-zty-20-kva\/#breadcrumb","itemListElement":[{"@type":"ListItem","position":1,"name":"Accueil","item":"https:\/\/btmtelectric.com\/"},{"@type":"ListItem","position":2,"name":"Boutique","item":"https:\/\/btmtelectric.com\/index.php\/boutique\/"},{"@type":"ListItem","position":3,"name":"R\u00e9gulateur EAST triphas\u00e9 ZTY -20 KVA"}]},{"@type":"WebSite","@id":"https:\/\/btmtelectric.com\/#website","url":"https:\/\/btmtelectric.com\/","name":"BTMT ELECTRIC \u2013 Solutions \u00c9lectriques Fiables et Innovantes","description":"","publisher":{"@id":"https:\/\/btmtelectric.com\/#organization"},"potentialAction":[{"@type":"SearchAction","target":{"@type":"EntryPoint","urlTemplate":"https:\/\/btmtelectric.com\/?s={search_term_string}"},"query-input":{"@type":"PropertyValueSpecification","valueRequired":true,"valueName":"search_term_string"}}],"inLanguage":"fr-FR"},{"@type":"Organization","@id":"https:\/\/btmtelectric.com\/#organization","name":"BTMT ELECTRIC \u2013 Solutions \u00c9lectriques Fiables et Innovantes","url":"https:\/\/btmtelectric.com\/","logo":{"@type":"ImageObject","inLanguage":"fr-FR","@id":"https:\/\/btmtelectric.com\/#\/schema\/logo\/image\/","url":"https:\/\/btmtelectric.com\/wp-content\/uploads\/2025\/07\/WhatsApp_Image_2025-07-09_at_11.45.18_AM-removebg-preview-1.png","contentUrl":"https:\/\/btmtelectric.com\/wp-content\/uploads\/2025\/07\/WhatsApp_Image_2025-07-09_at_11.45.18_AM-removebg-preview-1.png","width":175,"height":42,"caption":"BTMT ELECTRIC \u2013 Solutions \u00c9lectriques Fiables et Innovantes"},"image":{"@id":"https:\/\/btmtelectric.com\/#\/schema\/logo\/image\/"},"sameAs":["https:\/\/www.facebook.com\/profile.php?id=61578000361796","https:\/\/www.instagram.com\/btmtelectric\/"]}]}},"_links":{"self":[{"href":"https:\/\/btmtelectric.com\/index.php\/wp-json\/wp\/v2\/product\/9262","targetHints":{"allow":["GET"]}}],"collection":[{"href":"https:\/\/btmtelectric.com\/index.php\/wp-json\/wp\/v2\/product"}],"about":[{"href":"https:\/\/btmtelectric.com\/index.php\/wp-json\/wp\/v2\/types\/product"}],"replies":[{"embeddable":true,"href":"https:\/\/btmtelectric.com\/index.php\/wp-json\/wp\/v2\/comments?post=9262"}],"wp:featuredmedia":[{"embeddable":true,"href":"https:\/\/btmtelectric.com\/index.php\/wp-json\/wp\/v2\/media\/9263"}],"wp:attachment":[{"href":"https:\/\/btmtelectric.com\/index.php\/wp-json\/wp\/v2\/media?parent=9262"}],"wp:term":[{"taxonomy":"product_brand","embeddable":true,"href":"https:\/\/btmtelectric.com\/index.php\/wp-json\/wp\/v2\/product_brand?post=9262"},{"taxonomy":"product_cat","embeddable":true,"href":"https:\/\/btmtelectric.com\/index.php\/wp-json\/wp\/v2\/product_cat?post=9262"},{"taxonomy":"product_tag","embeddable":true,"href":"https:\/\/btmtelectric.com\/index.php\/wp-json\/wp\/v2\/product_tag?post=9262"}],"curies":[{"name":"wp","href":"https:\/\/api.w.org\/{rel}","templated":true}]}}