{"id":9144,"date":"2025-09-08T13:19:26","date_gmt":"2025-09-08T13:19:26","guid":{"rendered":"https:\/\/btmtelectric.com\/?post_type=product&#038;p=9144"},"modified":"2025-09-08T13:20:40","modified_gmt":"2025-09-08T13:20:40","slug":"ventouse-electromagnetique-270kg-aarmature-zl","status":"publish","type":"product","link":"https:\/\/btmtelectric.com\/index.php\/product\/ventouse-electromagnetique-270kg-aarmature-zl\/","title":{"rendered":"VENTOUSE \u00c9LECTROMAGN\u00c9TIQUE 270KG + AARMATURE ZL"},"content":{"rendered":"<h3 data-start=\"129\" data-end=\"164\">Caract\u00e9ristiques techniques :<\/h3>\n<ul data-start=\"165\" data-end=\"948\">\n<li data-start=\"165\" data-end=\"263\">\n<p data-start=\"167\" data-end=\"263\"><strong data-start=\"167\" data-end=\"185\">Installation :<\/strong> pr\u00e9vue pour une <strong data-start=\"202\" data-end=\"223\">pose en int\u00e9rieur<\/strong> (bureaux, immeubles, commerces, etc.)<\/p>\n<\/li>\n<li data-start=\"264\" data-end=\"294\">\n<p data-start=\"266\" data-end=\"294\"><strong data-start=\"266\" data-end=\"284\">Alimentation :<\/strong> 12 V DC<\/p>\n<\/li>\n<li data-start=\"295\" data-end=\"324\">\n<p data-start=\"297\" data-end=\"324\"><strong data-start=\"297\" data-end=\"315\">Consommation :<\/strong> 380 mA<\/p>\n<\/li>\n<li data-start=\"325\" data-end=\"417\">\n<p data-start=\"327\" data-end=\"417\"><strong data-start=\"327\" data-end=\"351\">Force de r\u00e9tention :<\/strong> 270 kg (\u00b110 %), garantissant un verrouillage fiable et s\u00e9curis\u00e9<\/p>\n<\/li>\n<li data-start=\"418\" data-end=\"555\">\n<p data-start=\"420\" data-end=\"555\"><strong data-start=\"420\" data-end=\"443\">S\u00e9curit\u00e9 int\u00e9gr\u00e9e :<\/strong> dispositif <strong data-start=\"455\" data-end=\"473\">anti-d\u00e9montage<\/strong> et <strong data-start=\"477\" data-end=\"495\">anti-r\u00e9manence<\/strong> pour \u00e9viter toute ouverture forc\u00e9e ou anomalie magn\u00e9tique<\/p>\n<\/li>\n<li data-start=\"556\" data-end=\"620\">\n<p data-start=\"558\" data-end=\"620\"><strong data-start=\"558\" data-end=\"601\">Dimensions de la ventouse (L \u00d7 H \u00d7 P) :<\/strong> 250 \u00d7 48 \u00d7 21 mm<\/p>\n<\/li>\n<li data-start=\"621\" data-end=\"690\">\n<p data-start=\"623\" data-end=\"690\"><strong data-start=\"623\" data-end=\"671\">Dimensions de la contre-plaque (L \u00d7 H \u00d7 P) :<\/strong> 180 \u00d7 37 \u00d7 12 mm<\/p>\n<\/li>\n<li data-start=\"691\" data-end=\"820\">\n<p data-start=\"693\" data-end=\"820\"><strong data-start=\"693\" data-end=\"708\">Mat\u00e9riaux :<\/strong> corps en <strong data-start=\"718\" data-end=\"741\">alliage d\u2019aluminium<\/strong> anodis\u00e9 et contre-plaque en <strong data-start=\"770\" data-end=\"790\">acier inoxydable<\/strong>, pour une durabilit\u00e9 accrue<\/p>\n<\/li>\n<li data-start=\"821\" data-end=\"885\">\n<p data-start=\"823\" data-end=\"885\"><strong data-start=\"823\" data-end=\"867\">Plage de temp\u00e9rature de fonctionnement :<\/strong> -10 \u00b0C \u00e0 +55 \u00b0C<\/p>\n<\/li>\n<\/ul>\n","protected":false},"excerpt":{"rendered":"<p>Caract\u00e9ristiques techniques : Installation : pr\u00e9vue pour une pose en int\u00e9rieur (bureaux, immeubles, commerces, etc.) Alimentation : 12 V DC Consommation : 380 mA Force de r\u00e9tention : 270 kg<\/p>\n","protected":false},"featured_media":9145,"comment_status":"open","ping_status":"closed","template":"","meta":{"_acf_changed":false,"content-type":""},"product_brand":[],"product_cat":[350],"product_tag":[],"class_list":{"0":"post-9144","1":"product","2":"type-product","3":"status-publish","4":"has-post-thumbnail","6":"product_cat-controle-dacces","8":"first","9":"instock","10":"shipping-taxable","11":"purchasable","12":"product-type-simple"},"acf":[],"yoast_head":"<!-- This site is optimized with the Yoast SEO plugin v27.3 - https:\/\/yoast.com\/product\/yoast-seo-wordpress\/ -->\n<title>VENTOUSE \u00c9LECTROMAGN\u00c9TIQUE 270KG + AARMATURE ZL - BTMT ELECTRIC \u2013 Solutions \u00c9lectriques Fiables et Innovantes<\/title>\n<meta name=\"robots\" content=\"index, follow, max-snippet:-1, max-image-preview:large, max-video-preview:-1\" \/>\n<link rel=\"canonical\" href=\"https:\/\/btmtelectric.com\/index.php\/product\/ventouse-electromagnetique-270kg-aarmature-zl\/\" \/>\n<meta property=\"og:locale\" content=\"fr_FR\" \/>\n<meta property=\"og:type\" content=\"article\" \/>\n<meta property=\"og:title\" content=\"VENTOUSE \u00c9LECTROMAGN\u00c9TIQUE 270KG + AARMATURE ZL - BTMT ELECTRIC \u2013 Solutions \u00c9lectriques Fiables et Innovantes\" \/>\n<meta property=\"og:description\" content=\"Caract\u00e9ristiques techniques : Installation : pr\u00e9vue pour une pose en int\u00e9rieur (bureaux, immeubles, commerces, etc.) Alimentation : 12 V DC Consommation : 380 mA Force de r\u00e9tention : 270 kg\" \/>\n<meta property=\"og:url\" content=\"https:\/\/btmtelectric.com\/index.php\/product\/ventouse-electromagnetique-270kg-aarmature-zl\/\" \/>\n<meta property=\"og:site_name\" content=\"BTMT ELECTRIC \u2013 Solutions \u00c9lectriques Fiables et Innovantes\" \/>\n<meta property=\"article:publisher\" content=\"https:\/\/www.facebook.com\/profile.php?id=61578000361796\" \/>\n<meta property=\"article:modified_time\" content=\"2025-09-08T13:20:40+00:00\" \/>\n<meta property=\"og:image\" content=\"https:\/\/btmtelectric.com\/wp-content\/uploads\/2025\/09\/VENTOUSE-280KG-AVEC-ZL-PRIX-TUNISIE-BAS-12V.jpeg\" \/>\n\t<meta property=\"og:image:width\" content=\"639\" \/>\n\t<meta property=\"og:image:height\" content=\"330\" \/>\n\t<meta property=\"og:image:type\" content=\"image\/jpeg\" \/>\n<meta name=\"twitter:card\" content=\"summary_large_image\" \/>\n<script type=\"application\/ld+json\" class=\"yoast-schema-graph\">{\"@context\":\"https:\\\/\\\/schema.org\",\"@graph\":[{\"@type\":\"WebPage\",\"@id\":\"https:\\\/\\\/btmtelectric.com\\\/index.php\\\/product\\\/ventouse-electromagnetique-270kg-aarmature-zl\\\/\",\"url\":\"https:\\\/\\\/btmtelectric.com\\\/index.php\\\/product\\\/ventouse-electromagnetique-270kg-aarmature-zl\\\/\",\"name\":\"VENTOUSE \u00c9LECTROMAGN\u00c9TIQUE 270KG + AARMATURE ZL - BTMT ELECTRIC \u2013 Solutions \u00c9lectriques Fiables et Innovantes\",\"isPartOf\":{\"@id\":\"https:\\\/\\\/btmtelectric.com\\\/#website\"},\"primaryImageOfPage\":{\"@id\":\"https:\\\/\\\/btmtelectric.com\\\/index.php\\\/product\\\/ventouse-electromagnetique-270kg-aarmature-zl\\\/#primaryimage\"},\"image\":{\"@id\":\"https:\\\/\\\/btmtelectric.com\\\/index.php\\\/product\\\/ventouse-electromagnetique-270kg-aarmature-zl\\\/#primaryimage\"},\"thumbnailUrl\":\"https:\\\/\\\/btmtelectric.com\\\/wp-content\\\/uploads\\\/2025\\\/09\\\/VENTOUSE-280KG-AVEC-ZL-PRIX-TUNISIE-BAS-12V.jpeg\",\"datePublished\":\"2025-09-08T13:19:26+00:00\",\"dateModified\":\"2025-09-08T13:20:40+00:00\",\"breadcrumb\":{\"@id\":\"https:\\\/\\\/btmtelectric.com\\\/index.php\\\/product\\\/ventouse-electromagnetique-270kg-aarmature-zl\\\/#breadcrumb\"},\"inLanguage\":\"fr-FR\",\"potentialAction\":[{\"@type\":\"ReadAction\",\"target\":[\"https:\\\/\\\/btmtelectric.com\\\/index.php\\\/product\\\/ventouse-electromagnetique-270kg-aarmature-zl\\\/\"]}]},{\"@type\":\"ImageObject\",\"inLanguage\":\"fr-FR\",\"@id\":\"https:\\\/\\\/btmtelectric.com\\\/index.php\\\/product\\\/ventouse-electromagnetique-270kg-aarmature-zl\\\/#primaryimage\",\"url\":\"https:\\\/\\\/btmtelectric.com\\\/wp-content\\\/uploads\\\/2025\\\/09\\\/VENTOUSE-280KG-AVEC-ZL-PRIX-TUNISIE-BAS-12V.jpeg\",\"contentUrl\":\"https:\\\/\\\/btmtelectric.com\\\/wp-content\\\/uploads\\\/2025\\\/09\\\/VENTOUSE-280KG-AVEC-ZL-PRIX-TUNISIE-BAS-12V.jpeg\",\"width\":639,\"height\":330},{\"@type\":\"BreadcrumbList\",\"@id\":\"https:\\\/\\\/btmtelectric.com\\\/index.php\\\/product\\\/ventouse-electromagnetique-270kg-aarmature-zl\\\/#breadcrumb\",\"itemListElement\":[{\"@type\":\"ListItem\",\"position\":1,\"name\":\"Accueil\",\"item\":\"https:\\\/\\\/btmtelectric.com\\\/\"},{\"@type\":\"ListItem\",\"position\":2,\"name\":\"Boutique\",\"item\":\"https:\\\/\\\/btmtelectric.com\\\/index.php\\\/boutique\\\/\"},{\"@type\":\"ListItem\",\"position\":3,\"name\":\"VENTOUSE \u00c9LECTROMAGN\u00c9TIQUE 270KG + AARMATURE ZL\"}]},{\"@type\":\"WebSite\",\"@id\":\"https:\\\/\\\/btmtelectric.com\\\/#website\",\"url\":\"https:\\\/\\\/btmtelectric.com\\\/\",\"name\":\"BTMT ELECTRIC \u2013 Solutions \u00c9lectriques Fiables et Innovantes\",\"description\":\"\",\"publisher\":{\"@id\":\"https:\\\/\\\/btmtelectric.com\\\/#organization\"},\"potentialAction\":[{\"@type\":\"SearchAction\",\"target\":{\"@type\":\"EntryPoint\",\"urlTemplate\":\"https:\\\/\\\/btmtelectric.com\\\/?s={search_term_string}\"},\"query-input\":{\"@type\":\"PropertyValueSpecification\",\"valueRequired\":true,\"valueName\":\"search_term_string\"}}],\"inLanguage\":\"fr-FR\"},{\"@type\":\"Organization\",\"@id\":\"https:\\\/\\\/btmtelectric.com\\\/#organization\",\"name\":\"BTMT ELECTRIC \u2013 Solutions \u00c9lectriques Fiables et Innovantes\",\"url\":\"https:\\\/\\\/btmtelectric.com\\\/\",\"logo\":{\"@type\":\"ImageObject\",\"inLanguage\":\"fr-FR\",\"@id\":\"https:\\\/\\\/btmtelectric.com\\\/#\\\/schema\\\/logo\\\/image\\\/\",\"url\":\"https:\\\/\\\/btmtelectric.com\\\/wp-content\\\/uploads\\\/2025\\\/07\\\/WhatsApp_Image_2025-07-09_at_11.45.18_AM-removebg-preview-1.png\",\"contentUrl\":\"https:\\\/\\\/btmtelectric.com\\\/wp-content\\\/uploads\\\/2025\\\/07\\\/WhatsApp_Image_2025-07-09_at_11.45.18_AM-removebg-preview-1.png\",\"width\":175,\"height\":42,\"caption\":\"BTMT ELECTRIC \u2013 Solutions \u00c9lectriques Fiables et Innovantes\"},\"image\":{\"@id\":\"https:\\\/\\\/btmtelectric.com\\\/#\\\/schema\\\/logo\\\/image\\\/\"},\"sameAs\":[\"https:\\\/\\\/www.facebook.com\\\/profile.php?id=61578000361796\",\"https:\\\/\\\/www.instagram.com\\\/btmtelectric\\\/\"]}]}<\/script>\n<!-- \/ Yoast SEO plugin. -->","yoast_head_json":{"title":"VENTOUSE \u00c9LECTROMAGN\u00c9TIQUE 270KG + AARMATURE ZL - BTMT ELECTRIC \u2013 Solutions \u00c9lectriques Fiables et Innovantes","robots":{"index":"index","follow":"follow","max-snippet":"max-snippet:-1","max-image-preview":"max-image-preview:large","max-video-preview":"max-video-preview:-1"},"canonical":"https:\/\/btmtelectric.com\/index.php\/product\/ventouse-electromagnetique-270kg-aarmature-zl\/","og_locale":"fr_FR","og_type":"article","og_title":"VENTOUSE \u00c9LECTROMAGN\u00c9TIQUE 270KG + AARMATURE ZL - BTMT ELECTRIC \u2013 Solutions \u00c9lectriques Fiables et Innovantes","og_description":"Caract\u00e9ristiques techniques : Installation : pr\u00e9vue pour une pose en int\u00e9rieur (bureaux, immeubles, commerces, etc.) Alimentation : 12 V DC Consommation : 380 mA Force de r\u00e9tention : 270 kg","og_url":"https:\/\/btmtelectric.com\/index.php\/product\/ventouse-electromagnetique-270kg-aarmature-zl\/","og_site_name":"BTMT ELECTRIC \u2013 Solutions \u00c9lectriques Fiables et Innovantes","article_publisher":"https:\/\/www.facebook.com\/profile.php?id=61578000361796","article_modified_time":"2025-09-08T13:20:40+00:00","og_image":[{"width":639,"height":330,"url":"https:\/\/btmtelectric.com\/wp-content\/uploads\/2025\/09\/VENTOUSE-280KG-AVEC-ZL-PRIX-TUNISIE-BAS-12V.jpeg","type":"image\/jpeg"}],"twitter_card":"summary_large_image","schema":{"@context":"https:\/\/schema.org","@graph":[{"@type":"WebPage","@id":"https:\/\/btmtelectric.com\/index.php\/product\/ventouse-electromagnetique-270kg-aarmature-zl\/","url":"https:\/\/btmtelectric.com\/index.php\/product\/ventouse-electromagnetique-270kg-aarmature-zl\/","name":"VENTOUSE \u00c9LECTROMAGN\u00c9TIQUE 270KG + AARMATURE ZL - BTMT ELECTRIC \u2013 Solutions \u00c9lectriques Fiables et Innovantes","isPartOf":{"@id":"https:\/\/btmtelectric.com\/#website"},"primaryImageOfPage":{"@id":"https:\/\/btmtelectric.com\/index.php\/product\/ventouse-electromagnetique-270kg-aarmature-zl\/#primaryimage"},"image":{"@id":"https:\/\/btmtelectric.com\/index.php\/product\/ventouse-electromagnetique-270kg-aarmature-zl\/#primaryimage"},"thumbnailUrl":"https:\/\/btmtelectric.com\/wp-content\/uploads\/2025\/09\/VENTOUSE-280KG-AVEC-ZL-PRIX-TUNISIE-BAS-12V.jpeg","datePublished":"2025-09-08T13:19:26+00:00","dateModified":"2025-09-08T13:20:40+00:00","breadcrumb":{"@id":"https:\/\/btmtelectric.com\/index.php\/product\/ventouse-electromagnetique-270kg-aarmature-zl\/#breadcrumb"},"inLanguage":"fr-FR","potentialAction":[{"@type":"ReadAction","target":["https:\/\/btmtelectric.com\/index.php\/product\/ventouse-electromagnetique-270kg-aarmature-zl\/"]}]},{"@type":"ImageObject","inLanguage":"fr-FR","@id":"https:\/\/btmtelectric.com\/index.php\/product\/ventouse-electromagnetique-270kg-aarmature-zl\/#primaryimage","url":"https:\/\/btmtelectric.com\/wp-content\/uploads\/2025\/09\/VENTOUSE-280KG-AVEC-ZL-PRIX-TUNISIE-BAS-12V.jpeg","contentUrl":"https:\/\/btmtelectric.com\/wp-content\/uploads\/2025\/09\/VENTOUSE-280KG-AVEC-ZL-PRIX-TUNISIE-BAS-12V.jpeg","width":639,"height":330},{"@type":"BreadcrumbList","@id":"https:\/\/btmtelectric.com\/index.php\/product\/ventouse-electromagnetique-270kg-aarmature-zl\/#breadcrumb","itemListElement":[{"@type":"ListItem","position":1,"name":"Accueil","item":"https:\/\/btmtelectric.com\/"},{"@type":"ListItem","position":2,"name":"Boutique","item":"https:\/\/btmtelectric.com\/index.php\/boutique\/"},{"@type":"ListItem","position":3,"name":"VENTOUSE \u00c9LECTROMAGN\u00c9TIQUE 270KG + AARMATURE ZL"}]},{"@type":"WebSite","@id":"https:\/\/btmtelectric.com\/#website","url":"https:\/\/btmtelectric.com\/","name":"BTMT ELECTRIC \u2013 Solutions \u00c9lectriques Fiables et Innovantes","description":"","publisher":{"@id":"https:\/\/btmtelectric.com\/#organization"},"potentialAction":[{"@type":"SearchAction","target":{"@type":"EntryPoint","urlTemplate":"https:\/\/btmtelectric.com\/?s={search_term_string}"},"query-input":{"@type":"PropertyValueSpecification","valueRequired":true,"valueName":"search_term_string"}}],"inLanguage":"fr-FR"},{"@type":"Organization","@id":"https:\/\/btmtelectric.com\/#organization","name":"BTMT ELECTRIC \u2013 Solutions \u00c9lectriques Fiables et Innovantes","url":"https:\/\/btmtelectric.com\/","logo":{"@type":"ImageObject","inLanguage":"fr-FR","@id":"https:\/\/btmtelectric.com\/#\/schema\/logo\/image\/","url":"https:\/\/btmtelectric.com\/wp-content\/uploads\/2025\/07\/WhatsApp_Image_2025-07-09_at_11.45.18_AM-removebg-preview-1.png","contentUrl":"https:\/\/btmtelectric.com\/wp-content\/uploads\/2025\/07\/WhatsApp_Image_2025-07-09_at_11.45.18_AM-removebg-preview-1.png","width":175,"height":42,"caption":"BTMT ELECTRIC \u2013 Solutions \u00c9lectriques Fiables et Innovantes"},"image":{"@id":"https:\/\/btmtelectric.com\/#\/schema\/logo\/image\/"},"sameAs":["https:\/\/www.facebook.com\/profile.php?id=61578000361796","https:\/\/www.instagram.com\/btmtelectric\/"]}]}},"_links":{"self":[{"href":"https:\/\/btmtelectric.com\/index.php\/wp-json\/wp\/v2\/product\/9144","targetHints":{"allow":["GET"]}}],"collection":[{"href":"https:\/\/btmtelectric.com\/index.php\/wp-json\/wp\/v2\/product"}],"about":[{"href":"https:\/\/btmtelectric.com\/index.php\/wp-json\/wp\/v2\/types\/product"}],"replies":[{"embeddable":true,"href":"https:\/\/btmtelectric.com\/index.php\/wp-json\/wp\/v2\/comments?post=9144"}],"wp:featuredmedia":[{"embeddable":true,"href":"https:\/\/btmtelectric.com\/index.php\/wp-json\/wp\/v2\/media\/9145"}],"wp:attachment":[{"href":"https:\/\/btmtelectric.com\/index.php\/wp-json\/wp\/v2\/media?parent=9144"}],"wp:term":[{"taxonomy":"product_brand","embeddable":true,"href":"https:\/\/btmtelectric.com\/index.php\/wp-json\/wp\/v2\/product_brand?post=9144"},{"taxonomy":"product_cat","embeddable":true,"href":"https:\/\/btmtelectric.com\/index.php\/wp-json\/wp\/v2\/product_cat?post=9144"},{"taxonomy":"product_tag","embeddable":true,"href":"https:\/\/btmtelectric.com\/index.php\/wp-json\/wp\/v2\/product_tag?post=9144"}],"curies":[{"name":"wp","href":"https:\/\/api.w.org\/{rel}","templated":true}]}}