{"id":8906,"date":"2025-08-29T11:37:39","date_gmt":"2025-08-29T11:37:39","guid":{"rendered":"https:\/\/btmtelectric.com\/?post_type=product&#038;p=8906"},"modified":"2025-08-29T11:37:39","modified_gmt":"2025-08-29T11:37:39","slug":"coffret-vdi_rack-400x500-p125-app-quiterios","status":"publish","type":"product","link":"https:\/\/btmtelectric.com\/index.php\/product\/coffret-vdi_rack-400x500-p125-app-quiterios\/","title":{"rendered":"COFFRET VDI_RACK 400&#215;500 P125 APP &#8211; QUITERIOS"},"content":{"rendered":"<h2 data-start=\"76\" data-end=\"128\">Coffret VDI Rack 400\u00d7500 \u2013 Apparent \u2013 Quiterios<\/h2>\n<p data-start=\"130\" data-end=\"412\">Le <strong data-start=\"133\" data-end=\"166\">coffret VDI Rack 400\u00d7500 P125<\/strong> de <strong data-start=\"170\" data-end=\"183\">Quiterios<\/strong> est con\u00e7u pour les installations de <strong data-start=\"220\" data-end=\"240\">courants faibles<\/strong> (Voix, Donn\u00e9es, Images). Robuste et fonctionnel, il assure une organisation optimale et une protection fiable des r\u00e9seaux multim\u00e9dias, informatiques et de communication.<\/p>\n<h3 data-start=\"419\" data-end=\"456\">Caract\u00e9ristiques principales<\/h3>\n<ul data-start=\"457\" data-end=\"849\">\n<li data-start=\"457\" data-end=\"490\">\n<p data-start=\"459\" data-end=\"490\"><strong data-start=\"459\" data-end=\"473\">Dimensions<\/strong> : 400 \u00d7 500 mm<\/p>\n<\/li>\n<li data-start=\"491\" data-end=\"573\">\n<p data-start=\"493\" data-end=\"573\"><strong data-start=\"493\" data-end=\"509\">Mode de pose<\/strong> : Apparent (installation murale directe, pratique et rapide).<\/p>\n<\/li>\n<li data-start=\"574\" data-end=\"685\">\n<p data-start=\"576\" data-end=\"685\"><strong data-start=\"576\" data-end=\"600\">Indice de protection<\/strong> : IP42 \u2192 prot\u00e8ge contre les corps solides &gt; 1 mm et les projections d\u2019eau l\u00e9g\u00e8res.<\/p>\n<\/li>\n<li data-start=\"686\" data-end=\"849\">\n<p data-start=\"688\" data-end=\"705\"><strong data-start=\"688\" data-end=\"701\">Mat\u00e9riaux<\/strong> :<\/p>\n<ul data-start=\"708\" data-end=\"849\">\n<li data-start=\"708\" data-end=\"763\">\n<p data-start=\"710\" data-end=\"763\"><strong data-start=\"710\" data-end=\"728\">Cadre et porte<\/strong> : aluminium, l\u00e9ger et r\u00e9sistant.<\/p>\n<\/li>\n<li data-start=\"766\" data-end=\"849\">\n<p data-start=\"768\" data-end=\"849\"><strong data-start=\"768\" data-end=\"781\">Enveloppe<\/strong> : plastique en polystyr\u00e8ne, garantissant isolation et durabilit\u00e9.<\/p>\n<h3 data-start=\"856\" data-end=\"898\">Avantages du coffret VDI Quiterios<\/h3>\n<ul data-start=\"899\" data-end=\"1351\">\n<li data-start=\"899\" data-end=\"996\">\n<p data-start=\"901\" data-end=\"996\">Adapt\u00e9 aux r\u00e9seaux de <strong data-start=\"923\" data-end=\"943\">courants faibles<\/strong> : informatique, multim\u00e9dia, t\u00e9l\u00e9phonie, domotique.<\/p>\n<\/li>\n<li data-start=\"997\" data-end=\"1120\">\n<p data-start=\"999\" data-end=\"1120\">Installation en <strong data-start=\"1015\" data-end=\"1027\">apparent<\/strong>, id\u00e9ale pour les locaux techniques et environnements o\u00f9 l\u2019encastrement n\u2019est pas possible.<\/p>\n<\/li>\n<li data-start=\"1121\" data-end=\"1191\">\n<p data-start=\"1123\" data-end=\"1191\">Conception robuste et esth\u00e9tique alliant aluminium et polystyr\u00e8ne.<\/p>\n<\/li>\n<li data-start=\"1192\" data-end=\"1262\">\n<p data-start=\"1194\" data-end=\"1262\">Prot\u00e8ge et organise efficacement vos \u00e9quipements de communication.<\/p>\n<\/li>\n<li data-start=\"1263\" data-end=\"1351\">\n<p data-start=\"1265\" data-end=\"1351\">Fiabilit\u00e9 et durabilit\u00e9 assur\u00e9es pour un usage r\u00e9sidentiel, tertiaire ou industriel.<\/p>\n<p data-start=\"1358\" data-end=\"1533\">Le <strong data-start=\"1364\" data-end=\"1411\">coffret VDI Rack 400\u00d7500 apparent Quiterios<\/strong> est la solution parfaite pour allier <strong data-start=\"1449\" data-end=\"1487\">praticit\u00e9, s\u00e9curit\u00e9 et performance<\/strong> dans vos installations de courants faibles.<\/p>\n<\/li>\n<\/ul>\n<\/li>\n<\/ul>\n<\/li>\n<\/ul>\n","protected":false},"excerpt":{"rendered":"<p>Coffret VDI Rack 400\u00d7500 \u2013 Apparent \u2013 Quiterios Le coffret VDI Rack 400\u00d7500 P125 de Quiterios est con\u00e7u pour les installations de courants faibles (Voix, Donn\u00e9es, Images). Robuste et fonctionnel,<\/p>\n","protected":false},"featured_media":8908,"comment_status":"open","ping_status":"closed","template":"","meta":{"_acf_changed":false,"content-type":""},"product_brand":[],"product_cat":[366],"product_tag":[],"class_list":{"0":"post-8906","1":"product","2":"type-product","3":"status-publish","4":"has-post-thumbnail","6":"product_cat-coffrets","8":"first","9":"instock","10":"shipping-taxable","11":"purchasable","12":"product-type-simple"},"acf":[],"yoast_head":"<!-- This site is optimized with the Yoast SEO plugin v27.3 - https:\/\/yoast.com\/product\/yoast-seo-wordpress\/ -->\n<title>COFFRET VDI_RACK 400x500 P125 APP - QUITERIOS - BTMT ELECTRIC \u2013 Solutions \u00c9lectriques Fiables et Innovantes<\/title>\n<meta name=\"robots\" content=\"index, follow, max-snippet:-1, max-image-preview:large, max-video-preview:-1\" \/>\n<link rel=\"canonical\" href=\"https:\/\/btmtelectric.com\/index.php\/product\/coffret-vdi_rack-400x500-p125-app-quiterios\/\" \/>\n<meta property=\"og:locale\" content=\"fr_FR\" \/>\n<meta property=\"og:type\" content=\"article\" \/>\n<meta property=\"og:title\" content=\"COFFRET VDI_RACK 400x500 P125 APP - QUITERIOS - BTMT ELECTRIC \u2013 Solutions \u00c9lectriques Fiables et Innovantes\" \/>\n<meta property=\"og:description\" content=\"Coffret VDI Rack 400\u00d7500 \u2013 Apparent \u2013 Quiterios Le coffret VDI Rack 400\u00d7500 P125 de Quiterios est con\u00e7u pour les installations de courants faibles (Voix, Donn\u00e9es, Images). Robuste et fonctionnel,\" \/>\n<meta property=\"og:url\" content=\"https:\/\/btmtelectric.com\/index.php\/product\/coffret-vdi_rack-400x500-p125-app-quiterios\/\" \/>\n<meta property=\"og:site_name\" content=\"BTMT ELECTRIC \u2013 Solutions \u00c9lectriques Fiables et Innovantes\" \/>\n<meta property=\"article:publisher\" content=\"https:\/\/www.facebook.com\/profile.php?id=61578000361796\" \/>\n<meta property=\"og:image\" content=\"https:\/\/btmtelectric.com\/wp-content\/uploads\/2025\/08\/COFFRET-VDI_RACK-400x500-P125-APP-QUITERIOS-2.png\" \/>\n\t<meta property=\"og:image:width\" content=\"1014\" \/>\n\t<meta property=\"og:image:height\" content=\"1080\" \/>\n\t<meta property=\"og:image:type\" content=\"image\/png\" \/>\n<meta name=\"twitter:card\" content=\"summary_large_image\" \/>\n<meta name=\"twitter:label1\" content=\"Dur\u00e9e de lecture estim\u00e9e\" \/>\n\t<meta name=\"twitter:data1\" content=\"1 minute\" \/>\n<script type=\"application\/ld+json\" class=\"yoast-schema-graph\">{\"@context\":\"https:\\\/\\\/schema.org\",\"@graph\":[{\"@type\":\"WebPage\",\"@id\":\"https:\\\/\\\/btmtelectric.com\\\/index.php\\\/product\\\/coffret-vdi_rack-400x500-p125-app-quiterios\\\/\",\"url\":\"https:\\\/\\\/btmtelectric.com\\\/index.php\\\/product\\\/coffret-vdi_rack-400x500-p125-app-quiterios\\\/\",\"name\":\"COFFRET VDI_RACK 400x500 P125 APP - QUITERIOS - BTMT ELECTRIC \u2013 Solutions \u00c9lectriques Fiables et Innovantes\",\"isPartOf\":{\"@id\":\"https:\\\/\\\/btmtelectric.com\\\/#website\"},\"primaryImageOfPage\":{\"@id\":\"https:\\\/\\\/btmtelectric.com\\\/index.php\\\/product\\\/coffret-vdi_rack-400x500-p125-app-quiterios\\\/#primaryimage\"},\"image\":{\"@id\":\"https:\\\/\\\/btmtelectric.com\\\/index.php\\\/product\\\/coffret-vdi_rack-400x500-p125-app-quiterios\\\/#primaryimage\"},\"thumbnailUrl\":\"https:\\\/\\\/btmtelectric.com\\\/wp-content\\\/uploads\\\/2025\\\/08\\\/COFFRET-VDI_RACK-400x500-P125-APP-QUITERIOS-2.png\",\"datePublished\":\"2025-08-29T11:37:39+00:00\",\"breadcrumb\":{\"@id\":\"https:\\\/\\\/btmtelectric.com\\\/index.php\\\/product\\\/coffret-vdi_rack-400x500-p125-app-quiterios\\\/#breadcrumb\"},\"inLanguage\":\"fr-FR\",\"potentialAction\":[{\"@type\":\"ReadAction\",\"target\":[\"https:\\\/\\\/btmtelectric.com\\\/index.php\\\/product\\\/coffret-vdi_rack-400x500-p125-app-quiterios\\\/\"]}]},{\"@type\":\"ImageObject\",\"inLanguage\":\"fr-FR\",\"@id\":\"https:\\\/\\\/btmtelectric.com\\\/index.php\\\/product\\\/coffret-vdi_rack-400x500-p125-app-quiterios\\\/#primaryimage\",\"url\":\"https:\\\/\\\/btmtelectric.com\\\/wp-content\\\/uploads\\\/2025\\\/08\\\/COFFRET-VDI_RACK-400x500-P125-APP-QUITERIOS-2.png\",\"contentUrl\":\"https:\\\/\\\/btmtelectric.com\\\/wp-content\\\/uploads\\\/2025\\\/08\\\/COFFRET-VDI_RACK-400x500-P125-APP-QUITERIOS-2.png\",\"width\":1014,\"height\":1080},{\"@type\":\"BreadcrumbList\",\"@id\":\"https:\\\/\\\/btmtelectric.com\\\/index.php\\\/product\\\/coffret-vdi_rack-400x500-p125-app-quiterios\\\/#breadcrumb\",\"itemListElement\":[{\"@type\":\"ListItem\",\"position\":1,\"name\":\"Accueil\",\"item\":\"https:\\\/\\\/btmtelectric.com\\\/\"},{\"@type\":\"ListItem\",\"position\":2,\"name\":\"Boutique\",\"item\":\"https:\\\/\\\/btmtelectric.com\\\/index.php\\\/boutique\\\/\"},{\"@type\":\"ListItem\",\"position\":3,\"name\":\"COFFRET VDI_RACK 400&#215;500 P125 APP &#8211; QUITERIOS\"}]},{\"@type\":\"WebSite\",\"@id\":\"https:\\\/\\\/btmtelectric.com\\\/#website\",\"url\":\"https:\\\/\\\/btmtelectric.com\\\/\",\"name\":\"BTMT ELECTRIC \u2013 Solutions \u00c9lectriques Fiables et Innovantes\",\"description\":\"\",\"publisher\":{\"@id\":\"https:\\\/\\\/btmtelectric.com\\\/#organization\"},\"potentialAction\":[{\"@type\":\"SearchAction\",\"target\":{\"@type\":\"EntryPoint\",\"urlTemplate\":\"https:\\\/\\\/btmtelectric.com\\\/?s={search_term_string}\"},\"query-input\":{\"@type\":\"PropertyValueSpecification\",\"valueRequired\":true,\"valueName\":\"search_term_string\"}}],\"inLanguage\":\"fr-FR\"},{\"@type\":\"Organization\",\"@id\":\"https:\\\/\\\/btmtelectric.com\\\/#organization\",\"name\":\"BTMT ELECTRIC \u2013 Solutions \u00c9lectriques Fiables et Innovantes\",\"url\":\"https:\\\/\\\/btmtelectric.com\\\/\",\"logo\":{\"@type\":\"ImageObject\",\"inLanguage\":\"fr-FR\",\"@id\":\"https:\\\/\\\/btmtelectric.com\\\/#\\\/schema\\\/logo\\\/image\\\/\",\"url\":\"https:\\\/\\\/btmtelectric.com\\\/wp-content\\\/uploads\\\/2025\\\/07\\\/WhatsApp_Image_2025-07-09_at_11.45.18_AM-removebg-preview-1.png\",\"contentUrl\":\"https:\\\/\\\/btmtelectric.com\\\/wp-content\\\/uploads\\\/2025\\\/07\\\/WhatsApp_Image_2025-07-09_at_11.45.18_AM-removebg-preview-1.png\",\"width\":175,\"height\":42,\"caption\":\"BTMT ELECTRIC \u2013 Solutions \u00c9lectriques Fiables et Innovantes\"},\"image\":{\"@id\":\"https:\\\/\\\/btmtelectric.com\\\/#\\\/schema\\\/logo\\\/image\\\/\"},\"sameAs\":[\"https:\\\/\\\/www.facebook.com\\\/profile.php?id=61578000361796\",\"https:\\\/\\\/www.instagram.com\\\/btmtelectric\\\/\"]}]}<\/script>\n<!-- \/ Yoast SEO plugin. -->","yoast_head_json":{"title":"COFFRET VDI_RACK 400x500 P125 APP - QUITERIOS - BTMT ELECTRIC \u2013 Solutions \u00c9lectriques Fiables et Innovantes","robots":{"index":"index","follow":"follow","max-snippet":"max-snippet:-1","max-image-preview":"max-image-preview:large","max-video-preview":"max-video-preview:-1"},"canonical":"https:\/\/btmtelectric.com\/index.php\/product\/coffret-vdi_rack-400x500-p125-app-quiterios\/","og_locale":"fr_FR","og_type":"article","og_title":"COFFRET VDI_RACK 400x500 P125 APP - QUITERIOS - BTMT ELECTRIC \u2013 Solutions \u00c9lectriques Fiables et Innovantes","og_description":"Coffret VDI Rack 400\u00d7500 \u2013 Apparent \u2013 Quiterios Le coffret VDI Rack 400\u00d7500 P125 de Quiterios est con\u00e7u pour les installations de courants faibles (Voix, Donn\u00e9es, Images). Robuste et fonctionnel,","og_url":"https:\/\/btmtelectric.com\/index.php\/product\/coffret-vdi_rack-400x500-p125-app-quiterios\/","og_site_name":"BTMT ELECTRIC \u2013 Solutions \u00c9lectriques Fiables et Innovantes","article_publisher":"https:\/\/www.facebook.com\/profile.php?id=61578000361796","og_image":[{"width":1014,"height":1080,"url":"https:\/\/btmtelectric.com\/wp-content\/uploads\/2025\/08\/COFFRET-VDI_RACK-400x500-P125-APP-QUITERIOS-2.png","type":"image\/png"}],"twitter_card":"summary_large_image","twitter_misc":{"Dur\u00e9e de lecture estim\u00e9e":"1 minute"},"schema":{"@context":"https:\/\/schema.org","@graph":[{"@type":"WebPage","@id":"https:\/\/btmtelectric.com\/index.php\/product\/coffret-vdi_rack-400x500-p125-app-quiterios\/","url":"https:\/\/btmtelectric.com\/index.php\/product\/coffret-vdi_rack-400x500-p125-app-quiterios\/","name":"COFFRET VDI_RACK 400x500 P125 APP - QUITERIOS - BTMT ELECTRIC \u2013 Solutions \u00c9lectriques Fiables et Innovantes","isPartOf":{"@id":"https:\/\/btmtelectric.com\/#website"},"primaryImageOfPage":{"@id":"https:\/\/btmtelectric.com\/index.php\/product\/coffret-vdi_rack-400x500-p125-app-quiterios\/#primaryimage"},"image":{"@id":"https:\/\/btmtelectric.com\/index.php\/product\/coffret-vdi_rack-400x500-p125-app-quiterios\/#primaryimage"},"thumbnailUrl":"https:\/\/btmtelectric.com\/wp-content\/uploads\/2025\/08\/COFFRET-VDI_RACK-400x500-P125-APP-QUITERIOS-2.png","datePublished":"2025-08-29T11:37:39+00:00","breadcrumb":{"@id":"https:\/\/btmtelectric.com\/index.php\/product\/coffret-vdi_rack-400x500-p125-app-quiterios\/#breadcrumb"},"inLanguage":"fr-FR","potentialAction":[{"@type":"ReadAction","target":["https:\/\/btmtelectric.com\/index.php\/product\/coffret-vdi_rack-400x500-p125-app-quiterios\/"]}]},{"@type":"ImageObject","inLanguage":"fr-FR","@id":"https:\/\/btmtelectric.com\/index.php\/product\/coffret-vdi_rack-400x500-p125-app-quiterios\/#primaryimage","url":"https:\/\/btmtelectric.com\/wp-content\/uploads\/2025\/08\/COFFRET-VDI_RACK-400x500-P125-APP-QUITERIOS-2.png","contentUrl":"https:\/\/btmtelectric.com\/wp-content\/uploads\/2025\/08\/COFFRET-VDI_RACK-400x500-P125-APP-QUITERIOS-2.png","width":1014,"height":1080},{"@type":"BreadcrumbList","@id":"https:\/\/btmtelectric.com\/index.php\/product\/coffret-vdi_rack-400x500-p125-app-quiterios\/#breadcrumb","itemListElement":[{"@type":"ListItem","position":1,"name":"Accueil","item":"https:\/\/btmtelectric.com\/"},{"@type":"ListItem","position":2,"name":"Boutique","item":"https:\/\/btmtelectric.com\/index.php\/boutique\/"},{"@type":"ListItem","position":3,"name":"COFFRET VDI_RACK 400&#215;500 P125 APP &#8211; QUITERIOS"}]},{"@type":"WebSite","@id":"https:\/\/btmtelectric.com\/#website","url":"https:\/\/btmtelectric.com\/","name":"BTMT ELECTRIC \u2013 Solutions \u00c9lectriques Fiables et Innovantes","description":"","publisher":{"@id":"https:\/\/btmtelectric.com\/#organization"},"potentialAction":[{"@type":"SearchAction","target":{"@type":"EntryPoint","urlTemplate":"https:\/\/btmtelectric.com\/?s={search_term_string}"},"query-input":{"@type":"PropertyValueSpecification","valueRequired":true,"valueName":"search_term_string"}}],"inLanguage":"fr-FR"},{"@type":"Organization","@id":"https:\/\/btmtelectric.com\/#organization","name":"BTMT ELECTRIC \u2013 Solutions \u00c9lectriques Fiables et Innovantes","url":"https:\/\/btmtelectric.com\/","logo":{"@type":"ImageObject","inLanguage":"fr-FR","@id":"https:\/\/btmtelectric.com\/#\/schema\/logo\/image\/","url":"https:\/\/btmtelectric.com\/wp-content\/uploads\/2025\/07\/WhatsApp_Image_2025-07-09_at_11.45.18_AM-removebg-preview-1.png","contentUrl":"https:\/\/btmtelectric.com\/wp-content\/uploads\/2025\/07\/WhatsApp_Image_2025-07-09_at_11.45.18_AM-removebg-preview-1.png","width":175,"height":42,"caption":"BTMT ELECTRIC \u2013 Solutions \u00c9lectriques Fiables et Innovantes"},"image":{"@id":"https:\/\/btmtelectric.com\/#\/schema\/logo\/image\/"},"sameAs":["https:\/\/www.facebook.com\/profile.php?id=61578000361796","https:\/\/www.instagram.com\/btmtelectric\/"]}]}},"_links":{"self":[{"href":"https:\/\/btmtelectric.com\/index.php\/wp-json\/wp\/v2\/product\/8906","targetHints":{"allow":["GET"]}}],"collection":[{"href":"https:\/\/btmtelectric.com\/index.php\/wp-json\/wp\/v2\/product"}],"about":[{"href":"https:\/\/btmtelectric.com\/index.php\/wp-json\/wp\/v2\/types\/product"}],"replies":[{"embeddable":true,"href":"https:\/\/btmtelectric.com\/index.php\/wp-json\/wp\/v2\/comments?post=8906"}],"wp:featuredmedia":[{"embeddable":true,"href":"https:\/\/btmtelectric.com\/index.php\/wp-json\/wp\/v2\/media\/8908"}],"wp:attachment":[{"href":"https:\/\/btmtelectric.com\/index.php\/wp-json\/wp\/v2\/media?parent=8906"}],"wp:term":[{"taxonomy":"product_brand","embeddable":true,"href":"https:\/\/btmtelectric.com\/index.php\/wp-json\/wp\/v2\/product_brand?post=8906"},{"taxonomy":"product_cat","embeddable":true,"href":"https:\/\/btmtelectric.com\/index.php\/wp-json\/wp\/v2\/product_cat?post=8906"},{"taxonomy":"product_tag","embeddable":true,"href":"https:\/\/btmtelectric.com\/index.php\/wp-json\/wp\/v2\/product_tag?post=8906"}],"curies":[{"name":"wp","href":"https:\/\/api.w.org\/{rel}","templated":true}]}}