{"id":8798,"date":"2025-08-28T09:19:49","date_gmt":"2025-08-28T09:19:49","guid":{"rendered":"https:\/\/btmtelectric.com\/?post_type=product&#038;p=8798"},"modified":"2025-08-28T10:19:47","modified_gmt":"2025-08-28T10:19:47","slug":"disjoncteur-diffrentiel-nb1l-40-4p-c32-30ma-ac-6ka-chint","status":"publish","type":"product","link":"https:\/\/btmtelectric.com\/index.php\/product\/disjoncteur-diffrentiel-nb1l-40-4p-c32-30ma-ac-6ka-chint\/","title":{"rendered":"DISJONCTEUR DIFFRENTIEL NB1L-40 4P C32 30mA AC 6KA CHINT"},"content":{"rendered":"<h2 data-start=\"111\" data-end=\"164\">Disjoncteur diff\u00e9rentiel NB1L-40 \u2013 32A, 4P, 30mA<\/h2>\n<p data-start=\"166\" data-end=\"329\">Le <strong data-start=\"169\" data-end=\"205\">disjoncteur diff\u00e9rentiel NB1L-40<\/strong> est un appareil de s\u00e9curit\u00e9 \u00e9lectrique con\u00e7u pour assurer une <strong data-start=\"268\" data-end=\"326\">protection optimale des personnes et des installations<\/strong>.<\/p>\n<p data-start=\"331\" data-end=\"378\">Il remplit plusieurs fonctions essentielles :<\/p>\n<ul data-start=\"379\" data-end=\"777\">\n<li data-start=\"379\" data-end=\"544\">\n<p data-start=\"381\" data-end=\"544\"><strong data-start=\"381\" data-end=\"408\">Protection du personnel<\/strong> contre les chocs \u00e9lectriques gr\u00e2ce \u00e0 une <strong data-start=\"450\" data-end=\"474\">sensibilit\u00e9 de 30 mA<\/strong>, id\u00e9ale pour d\u00e9tecter rapidement les fuites de courant dangereuses,<\/p>\n<\/li>\n<li data-start=\"545\" data-end=\"606\">\n<p data-start=\"547\" data-end=\"606\"><strong data-start=\"547\" data-end=\"575\">Pr\u00e9vention des incendies<\/strong> dus aux d\u00e9fauts d\u2019isolement,<\/p>\n<\/li>\n<li data-start=\"607\" data-end=\"777\">\n<p data-start=\"609\" data-end=\"777\"><strong data-start=\"609\" data-end=\"660\">Protection des c\u00e2bles et des lignes \u00e9lectriques<\/strong> contre les <strong data-start=\"672\" data-end=\"686\">surcharges<\/strong> et les <strong data-start=\"694\" data-end=\"713\">courts-circuits<\/strong>, garantissant la fiabilit\u00e9 et la long\u00e9vit\u00e9 de l\u2019installation.<\/p>\n<\/li>\n<\/ul>\n<p data-start=\"779\" data-end=\"1021\">Robuste et fiable, il est adapt\u00e9 aux <strong data-start=\"816\" data-end=\"845\">installations domestiques<\/strong>, ainsi qu\u2019aux <strong data-start=\"860\" data-end=\"925\">r\u00e9seaux de distribution \u00e9lectrique commerciaux et industriels<\/strong>, en particulier dans les environnements n\u00e9cessitant une <strong data-start=\"982\" data-end=\"1018\">s\u00e9curit\u00e9 renforc\u00e9e des personnes<\/strong>.<\/p>\n<h3 data-start=\"1028\" data-end=\"1073\">Caract\u00e9ristiques techniques principales<\/h3>\n<ul data-start=\"1075\" data-end=\"1613\">\n<li data-start=\"1075\" data-end=\"1110\">\n<p data-start=\"1077\" data-end=\"1110\"><strong data-start=\"1077\" data-end=\"1101\">Courant assign\u00e9 (In)<\/strong> : 32 A<\/p>\n<\/li>\n<li data-start=\"1111\" data-end=\"1189\">\n<p data-start=\"1113\" data-end=\"1189\"><strong data-start=\"1113\" data-end=\"1132\">Nombre de p\u00f4les<\/strong> : 4P (id\u00e9al pour installations triphas\u00e9es avec neutre)<\/p>\n<\/li>\n<li data-start=\"1190\" data-end=\"1305\">\n<p data-start=\"1192\" data-end=\"1305\"><strong data-start=\"1192\" data-end=\"1228\">Sensibilit\u00e9 diff\u00e9rentielle (I\u2206n)<\/strong> : 30 mA \u2013 protection renforc\u00e9e des personnes contre les contacts indirects<\/p>\n<\/li>\n<li data-start=\"1306\" data-end=\"1347\">\n<p data-start=\"1308\" data-end=\"1347\"><strong data-start=\"1308\" data-end=\"1333\">Tension assign\u00e9e (Ue)<\/strong> : 230\/400 V<\/p>\n<\/li>\n<li data-start=\"1348\" data-end=\"1385\">\n<p data-start=\"1350\" data-end=\"1385\"><strong data-start=\"1350\" data-end=\"1372\">Fr\u00e9quence nominale<\/strong> : 50\/60 Hz<\/p>\n<\/li>\n<li data-start=\"1386\" data-end=\"1497\">\n<p data-start=\"1388\" data-end=\"1497\"><strong data-start=\"1388\" data-end=\"1410\">Pouvoir de coupure<\/strong> : 6 000 A, garantissant une coupure efficace m\u00eame lors de courts-circuits importants<\/p>\n<\/li>\n<li data-start=\"1498\" data-end=\"1555\">\n<p data-start=\"1500\" data-end=\"1555\"><strong data-start=\"1500\" data-end=\"1527\">Dur\u00e9e de vie \u00e9lectrique<\/strong> : environ 2 000 man\u0153uvres<\/p>\n<\/li>\n<li data-start=\"1556\" data-end=\"1613\">\n<p data-start=\"1558\" data-end=\"1613\"><strong data-start=\"1558\" data-end=\"1584\">Dur\u00e9e de vie m\u00e9canique<\/strong> : jusqu\u2019\u00e0 20 000 man\u0153uvres<\/p>\n<h3 data-start=\"1620\" data-end=\"1638\">Points forts<\/h3>\n<ul data-start=\"1640\" data-end=\"2071\">\n<li data-start=\"1640\" data-end=\"1752\">\n<p data-start=\"1642\" data-end=\"1752\"><strong data-start=\"1642\" data-end=\"1679\">Haute s\u00e9curit\u00e9 pour les personnes<\/strong> : sensibilit\u00e9 30 mA adapt\u00e9e aux applications domestiques et tertiaires<\/p>\n<\/li>\n<li data-start=\"1753\" data-end=\"1844\">\n<p data-start=\"1755\" data-end=\"1844\"><strong data-start=\"1755\" data-end=\"1778\">Protection compl\u00e8te<\/strong> : contre les surcharges, courts-circuits et d\u00e9fauts d\u2019isolement<\/p>\n<\/li>\n<li data-start=\"1845\" data-end=\"1922\">\n<p data-start=\"1847\" data-end=\"1922\"><strong data-start=\"1847\" data-end=\"1872\">Configuration 4 p\u00f4les<\/strong>, id\u00e9ale pour les circuits triphas\u00e9s avec neutre<\/p>\n<\/li>\n<li data-start=\"1923\" data-end=\"1985\">\n<p data-start=\"1925\" data-end=\"1985\"><strong data-start=\"1925\" data-end=\"1952\">Robustesse et long\u00e9vit\u00e9<\/strong> gr\u00e2ce \u00e0 une conception durable<\/p>\n<\/li>\n<li data-start=\"1986\" data-end=\"2071\">\n<p data-start=\"1988\" data-end=\"2071\">Convient aussi bien au <strong data-start=\"2011\" data-end=\"2026\">r\u00e9sidentiel<\/strong>, qu\u2019au <strong data-start=\"2034\" data-end=\"2047\">tertiaire<\/strong> et \u00e0 l\u2019<strong data-start=\"2055\" data-end=\"2069\">industriel<\/strong><\/p>\n<\/li>\n<\/ul>\n<\/li>\n<\/ul>\n","protected":false},"excerpt":{"rendered":"<p>Disjoncteur diff\u00e9rentiel NB1L-40 \u2013 32A, 4P, 30mA Le disjoncteur diff\u00e9rentiel NB1L-40 est un appareil de s\u00e9curit\u00e9 \u00e9lectrique con\u00e7u pour assurer une protection optimale des personnes et des installations. Il remplit<\/p>\n","protected":false},"featured_media":8811,"comment_status":"open","ping_status":"closed","template":"","meta":{"_acf_changed":false,"content-type":""},"product_brand":[],"product_cat":[367],"product_tag":[],"class_list":{"0":"post-8798","1":"product","2":"type-product","3":"status-publish","4":"has-post-thumbnail","6":"product_cat-disjoncteurs","8":"first","9":"instock","10":"shipping-taxable","11":"purchasable","12":"product-type-simple"},"acf":[],"yoast_head":"<!-- This site is optimized with the Yoast SEO plugin v27.3 - https:\/\/yoast.com\/product\/yoast-seo-wordpress\/ -->\n<title>DISJONCTEUR DIFFRENTIEL NB1L-40 4P C32 30mA AC 6KA CHINT - BTMT ELECTRIC \u2013 Solutions \u00c9lectriques Fiables et Innovantes<\/title>\n<meta name=\"robots\" content=\"index, follow, max-snippet:-1, max-image-preview:large, max-video-preview:-1\" \/>\n<link rel=\"canonical\" href=\"https:\/\/btmtelectric.com\/index.php\/product\/disjoncteur-diffrentiel-nb1l-40-4p-c32-30ma-ac-6ka-chint\/\" \/>\n<meta property=\"og:locale\" content=\"fr_FR\" \/>\n<meta property=\"og:type\" content=\"article\" \/>\n<meta property=\"og:title\" content=\"DISJONCTEUR DIFFRENTIEL NB1L-40 4P C32 30mA AC 6KA CHINT - BTMT ELECTRIC \u2013 Solutions \u00c9lectriques Fiables et Innovantes\" \/>\n<meta property=\"og:description\" content=\"Disjoncteur diff\u00e9rentiel NB1L-40 \u2013 32A, 4P, 30mA Le disjoncteur diff\u00e9rentiel NB1L-40 est un appareil de s\u00e9curit\u00e9 \u00e9lectrique con\u00e7u pour assurer une protection optimale des personnes et des installations. Il remplit\" \/>\n<meta property=\"og:url\" content=\"https:\/\/btmtelectric.com\/index.php\/product\/disjoncteur-diffrentiel-nb1l-40-4p-c32-30ma-ac-6ka-chint\/\" \/>\n<meta property=\"og:site_name\" content=\"BTMT ELECTRIC \u2013 Solutions \u00c9lectriques Fiables et Innovantes\" \/>\n<meta property=\"article:publisher\" content=\"https:\/\/www.facebook.com\/profile.php?id=61578000361796\" \/>\n<meta property=\"article:modified_time\" content=\"2025-08-28T10:19:47+00:00\" \/>\n<meta property=\"og:image\" content=\"https:\/\/btmtelectric.com\/wp-content\/uploads\/2025\/08\/disj-shint-c32-1.jpg\" \/>\n\t<meta property=\"og:image:width\" content=\"500\" \/>\n\t<meta property=\"og:image:height\" content=\"500\" \/>\n\t<meta property=\"og:image:type\" content=\"image\/jpeg\" \/>\n<meta name=\"twitter:card\" content=\"summary_large_image\" \/>\n<meta name=\"twitter:label1\" content=\"Dur\u00e9e de lecture estim\u00e9e\" \/>\n\t<meta name=\"twitter:data1\" content=\"1 minute\" \/>\n<script type=\"application\/ld+json\" class=\"yoast-schema-graph\">{\"@context\":\"https:\\\/\\\/schema.org\",\"@graph\":[{\"@type\":\"WebPage\",\"@id\":\"https:\\\/\\\/btmtelectric.com\\\/index.php\\\/product\\\/disjoncteur-diffrentiel-nb1l-40-4p-c32-30ma-ac-6ka-chint\\\/\",\"url\":\"https:\\\/\\\/btmtelectric.com\\\/index.php\\\/product\\\/disjoncteur-diffrentiel-nb1l-40-4p-c32-30ma-ac-6ka-chint\\\/\",\"name\":\"DISJONCTEUR DIFFRENTIEL NB1L-40 4P C32 30mA AC 6KA CHINT - BTMT ELECTRIC \u2013 Solutions \u00c9lectriques Fiables et Innovantes\",\"isPartOf\":{\"@id\":\"https:\\\/\\\/btmtelectric.com\\\/#website\"},\"primaryImageOfPage\":{\"@id\":\"https:\\\/\\\/btmtelectric.com\\\/index.php\\\/product\\\/disjoncteur-diffrentiel-nb1l-40-4p-c32-30ma-ac-6ka-chint\\\/#primaryimage\"},\"image\":{\"@id\":\"https:\\\/\\\/btmtelectric.com\\\/index.php\\\/product\\\/disjoncteur-diffrentiel-nb1l-40-4p-c32-30ma-ac-6ka-chint\\\/#primaryimage\"},\"thumbnailUrl\":\"https:\\\/\\\/btmtelectric.com\\\/wp-content\\\/uploads\\\/2025\\\/08\\\/disj-shint-c32-1.jpg\",\"datePublished\":\"2025-08-28T09:19:49+00:00\",\"dateModified\":\"2025-08-28T10:19:47+00:00\",\"breadcrumb\":{\"@id\":\"https:\\\/\\\/btmtelectric.com\\\/index.php\\\/product\\\/disjoncteur-diffrentiel-nb1l-40-4p-c32-30ma-ac-6ka-chint\\\/#breadcrumb\"},\"inLanguage\":\"fr-FR\",\"potentialAction\":[{\"@type\":\"ReadAction\",\"target\":[\"https:\\\/\\\/btmtelectric.com\\\/index.php\\\/product\\\/disjoncteur-diffrentiel-nb1l-40-4p-c32-30ma-ac-6ka-chint\\\/\"]}]},{\"@type\":\"ImageObject\",\"inLanguage\":\"fr-FR\",\"@id\":\"https:\\\/\\\/btmtelectric.com\\\/index.php\\\/product\\\/disjoncteur-diffrentiel-nb1l-40-4p-c32-30ma-ac-6ka-chint\\\/#primaryimage\",\"url\":\"https:\\\/\\\/btmtelectric.com\\\/wp-content\\\/uploads\\\/2025\\\/08\\\/disj-shint-c32-1.jpg\",\"contentUrl\":\"https:\\\/\\\/btmtelectric.com\\\/wp-content\\\/uploads\\\/2025\\\/08\\\/disj-shint-c32-1.jpg\",\"width\":500,\"height\":500},{\"@type\":\"BreadcrumbList\",\"@id\":\"https:\\\/\\\/btmtelectric.com\\\/index.php\\\/product\\\/disjoncteur-diffrentiel-nb1l-40-4p-c32-30ma-ac-6ka-chint\\\/#breadcrumb\",\"itemListElement\":[{\"@type\":\"ListItem\",\"position\":1,\"name\":\"Accueil\",\"item\":\"https:\\\/\\\/btmtelectric.com\\\/\"},{\"@type\":\"ListItem\",\"position\":2,\"name\":\"Boutique\",\"item\":\"https:\\\/\\\/btmtelectric.com\\\/index.php\\\/boutique\\\/\"},{\"@type\":\"ListItem\",\"position\":3,\"name\":\"DISJONCTEUR DIFFRENTIEL NB1L-40 4P C32 30mA AC 6KA CHINT\"}]},{\"@type\":\"WebSite\",\"@id\":\"https:\\\/\\\/btmtelectric.com\\\/#website\",\"url\":\"https:\\\/\\\/btmtelectric.com\\\/\",\"name\":\"BTMT ELECTRIC \u2013 Solutions \u00c9lectriques Fiables et Innovantes\",\"description\":\"\",\"publisher\":{\"@id\":\"https:\\\/\\\/btmtelectric.com\\\/#organization\"},\"potentialAction\":[{\"@type\":\"SearchAction\",\"target\":{\"@type\":\"EntryPoint\",\"urlTemplate\":\"https:\\\/\\\/btmtelectric.com\\\/?s={search_term_string}\"},\"query-input\":{\"@type\":\"PropertyValueSpecification\",\"valueRequired\":true,\"valueName\":\"search_term_string\"}}],\"inLanguage\":\"fr-FR\"},{\"@type\":\"Organization\",\"@id\":\"https:\\\/\\\/btmtelectric.com\\\/#organization\",\"name\":\"BTMT ELECTRIC \u2013 Solutions \u00c9lectriques Fiables et Innovantes\",\"url\":\"https:\\\/\\\/btmtelectric.com\\\/\",\"logo\":{\"@type\":\"ImageObject\",\"inLanguage\":\"fr-FR\",\"@id\":\"https:\\\/\\\/btmtelectric.com\\\/#\\\/schema\\\/logo\\\/image\\\/\",\"url\":\"https:\\\/\\\/btmtelectric.com\\\/wp-content\\\/uploads\\\/2025\\\/07\\\/WhatsApp_Image_2025-07-09_at_11.45.18_AM-removebg-preview-1.png\",\"contentUrl\":\"https:\\\/\\\/btmtelectric.com\\\/wp-content\\\/uploads\\\/2025\\\/07\\\/WhatsApp_Image_2025-07-09_at_11.45.18_AM-removebg-preview-1.png\",\"width\":175,\"height\":42,\"caption\":\"BTMT ELECTRIC \u2013 Solutions \u00c9lectriques Fiables et Innovantes\"},\"image\":{\"@id\":\"https:\\\/\\\/btmtelectric.com\\\/#\\\/schema\\\/logo\\\/image\\\/\"},\"sameAs\":[\"https:\\\/\\\/www.facebook.com\\\/profile.php?id=61578000361796\",\"https:\\\/\\\/www.instagram.com\\\/btmtelectric\\\/\"]}]}<\/script>\n<!-- \/ Yoast SEO plugin. -->","yoast_head_json":{"title":"DISJONCTEUR DIFFRENTIEL NB1L-40 4P C32 30mA AC 6KA CHINT - BTMT ELECTRIC \u2013 Solutions \u00c9lectriques Fiables et Innovantes","robots":{"index":"index","follow":"follow","max-snippet":"max-snippet:-1","max-image-preview":"max-image-preview:large","max-video-preview":"max-video-preview:-1"},"canonical":"https:\/\/btmtelectric.com\/index.php\/product\/disjoncteur-diffrentiel-nb1l-40-4p-c32-30ma-ac-6ka-chint\/","og_locale":"fr_FR","og_type":"article","og_title":"DISJONCTEUR DIFFRENTIEL NB1L-40 4P C32 30mA AC 6KA CHINT - BTMT ELECTRIC \u2013 Solutions \u00c9lectriques Fiables et Innovantes","og_description":"Disjoncteur diff\u00e9rentiel NB1L-40 \u2013 32A, 4P, 30mA Le disjoncteur diff\u00e9rentiel NB1L-40 est un appareil de s\u00e9curit\u00e9 \u00e9lectrique con\u00e7u pour assurer une protection optimale des personnes et des installations. Il remplit","og_url":"https:\/\/btmtelectric.com\/index.php\/product\/disjoncteur-diffrentiel-nb1l-40-4p-c32-30ma-ac-6ka-chint\/","og_site_name":"BTMT ELECTRIC \u2013 Solutions \u00c9lectriques Fiables et Innovantes","article_publisher":"https:\/\/www.facebook.com\/profile.php?id=61578000361796","article_modified_time":"2025-08-28T10:19:47+00:00","og_image":[{"width":500,"height":500,"url":"https:\/\/btmtelectric.com\/wp-content\/uploads\/2025\/08\/disj-shint-c32-1.jpg","type":"image\/jpeg"}],"twitter_card":"summary_large_image","twitter_misc":{"Dur\u00e9e de lecture estim\u00e9e":"1 minute"},"schema":{"@context":"https:\/\/schema.org","@graph":[{"@type":"WebPage","@id":"https:\/\/btmtelectric.com\/index.php\/product\/disjoncteur-diffrentiel-nb1l-40-4p-c32-30ma-ac-6ka-chint\/","url":"https:\/\/btmtelectric.com\/index.php\/product\/disjoncteur-diffrentiel-nb1l-40-4p-c32-30ma-ac-6ka-chint\/","name":"DISJONCTEUR DIFFRENTIEL NB1L-40 4P C32 30mA AC 6KA CHINT - BTMT ELECTRIC \u2013 Solutions \u00c9lectriques Fiables et Innovantes","isPartOf":{"@id":"https:\/\/btmtelectric.com\/#website"},"primaryImageOfPage":{"@id":"https:\/\/btmtelectric.com\/index.php\/product\/disjoncteur-diffrentiel-nb1l-40-4p-c32-30ma-ac-6ka-chint\/#primaryimage"},"image":{"@id":"https:\/\/btmtelectric.com\/index.php\/product\/disjoncteur-diffrentiel-nb1l-40-4p-c32-30ma-ac-6ka-chint\/#primaryimage"},"thumbnailUrl":"https:\/\/btmtelectric.com\/wp-content\/uploads\/2025\/08\/disj-shint-c32-1.jpg","datePublished":"2025-08-28T09:19:49+00:00","dateModified":"2025-08-28T10:19:47+00:00","breadcrumb":{"@id":"https:\/\/btmtelectric.com\/index.php\/product\/disjoncteur-diffrentiel-nb1l-40-4p-c32-30ma-ac-6ka-chint\/#breadcrumb"},"inLanguage":"fr-FR","potentialAction":[{"@type":"ReadAction","target":["https:\/\/btmtelectric.com\/index.php\/product\/disjoncteur-diffrentiel-nb1l-40-4p-c32-30ma-ac-6ka-chint\/"]}]},{"@type":"ImageObject","inLanguage":"fr-FR","@id":"https:\/\/btmtelectric.com\/index.php\/product\/disjoncteur-diffrentiel-nb1l-40-4p-c32-30ma-ac-6ka-chint\/#primaryimage","url":"https:\/\/btmtelectric.com\/wp-content\/uploads\/2025\/08\/disj-shint-c32-1.jpg","contentUrl":"https:\/\/btmtelectric.com\/wp-content\/uploads\/2025\/08\/disj-shint-c32-1.jpg","width":500,"height":500},{"@type":"BreadcrumbList","@id":"https:\/\/btmtelectric.com\/index.php\/product\/disjoncteur-diffrentiel-nb1l-40-4p-c32-30ma-ac-6ka-chint\/#breadcrumb","itemListElement":[{"@type":"ListItem","position":1,"name":"Accueil","item":"https:\/\/btmtelectric.com\/"},{"@type":"ListItem","position":2,"name":"Boutique","item":"https:\/\/btmtelectric.com\/index.php\/boutique\/"},{"@type":"ListItem","position":3,"name":"DISJONCTEUR DIFFRENTIEL NB1L-40 4P C32 30mA AC 6KA CHINT"}]},{"@type":"WebSite","@id":"https:\/\/btmtelectric.com\/#website","url":"https:\/\/btmtelectric.com\/","name":"BTMT ELECTRIC \u2013 Solutions \u00c9lectriques Fiables et Innovantes","description":"","publisher":{"@id":"https:\/\/btmtelectric.com\/#organization"},"potentialAction":[{"@type":"SearchAction","target":{"@type":"EntryPoint","urlTemplate":"https:\/\/btmtelectric.com\/?s={search_term_string}"},"query-input":{"@type":"PropertyValueSpecification","valueRequired":true,"valueName":"search_term_string"}}],"inLanguage":"fr-FR"},{"@type":"Organization","@id":"https:\/\/btmtelectric.com\/#organization","name":"BTMT ELECTRIC \u2013 Solutions \u00c9lectriques Fiables et Innovantes","url":"https:\/\/btmtelectric.com\/","logo":{"@type":"ImageObject","inLanguage":"fr-FR","@id":"https:\/\/btmtelectric.com\/#\/schema\/logo\/image\/","url":"https:\/\/btmtelectric.com\/wp-content\/uploads\/2025\/07\/WhatsApp_Image_2025-07-09_at_11.45.18_AM-removebg-preview-1.png","contentUrl":"https:\/\/btmtelectric.com\/wp-content\/uploads\/2025\/07\/WhatsApp_Image_2025-07-09_at_11.45.18_AM-removebg-preview-1.png","width":175,"height":42,"caption":"BTMT ELECTRIC \u2013 Solutions \u00c9lectriques Fiables et Innovantes"},"image":{"@id":"https:\/\/btmtelectric.com\/#\/schema\/logo\/image\/"},"sameAs":["https:\/\/www.facebook.com\/profile.php?id=61578000361796","https:\/\/www.instagram.com\/btmtelectric\/"]}]}},"_links":{"self":[{"href":"https:\/\/btmtelectric.com\/index.php\/wp-json\/wp\/v2\/product\/8798","targetHints":{"allow":["GET"]}}],"collection":[{"href":"https:\/\/btmtelectric.com\/index.php\/wp-json\/wp\/v2\/product"}],"about":[{"href":"https:\/\/btmtelectric.com\/index.php\/wp-json\/wp\/v2\/types\/product"}],"replies":[{"embeddable":true,"href":"https:\/\/btmtelectric.com\/index.php\/wp-json\/wp\/v2\/comments?post=8798"}],"wp:featuredmedia":[{"embeddable":true,"href":"https:\/\/btmtelectric.com\/index.php\/wp-json\/wp\/v2\/media\/8811"}],"wp:attachment":[{"href":"https:\/\/btmtelectric.com\/index.php\/wp-json\/wp\/v2\/media?parent=8798"}],"wp:term":[{"taxonomy":"product_brand","embeddable":true,"href":"https:\/\/btmtelectric.com\/index.php\/wp-json\/wp\/v2\/product_brand?post=8798"},{"taxonomy":"product_cat","embeddable":true,"href":"https:\/\/btmtelectric.com\/index.php\/wp-json\/wp\/v2\/product_cat?post=8798"},{"taxonomy":"product_tag","embeddable":true,"href":"https:\/\/btmtelectric.com\/index.php\/wp-json\/wp\/v2\/product_tag?post=8798"}],"curies":[{"name":"wp","href":"https:\/\/api.w.org\/{rel}","templated":true}]}}