{"id":8794,"date":"2025-08-28T09:14:24","date_gmt":"2025-08-28T09:14:24","guid":{"rendered":"https:\/\/btmtelectric.com\/?post_type=product&#038;p=8794"},"modified":"2025-08-28T10:18:32","modified_gmt":"2025-08-28T10:18:32","slug":"disjoncteur-diffrentiel-nb1l-40-4p-c32-300ma-ac-6ka-chint","status":"publish","type":"product","link":"https:\/\/btmtelectric.com\/index.php\/product\/disjoncteur-diffrentiel-nb1l-40-4p-c32-300ma-ac-6ka-chint\/","title":{"rendered":"DISJONCTEUR DIFFRENTIEL NB1L-40 4P C32 300mA AC 6KA CHINT"},"content":{"rendered":"<h2 data-start=\"102\" data-end=\"149\">Disjoncteur diff\u00e9rentiel NB1L-40 \u2013 32A, 4P<\/h2>\n<p data-start=\"151\" data-end=\"375\">Le <strong data-start=\"154\" data-end=\"190\">disjoncteur diff\u00e9rentiel NB1L-40<\/strong> est un appareil de protection \u00e9lectrique complet, con\u00e7u pour garantir \u00e0 la fois la <strong data-start=\"274\" data-end=\"300\">s\u00e9curit\u00e9 des personnes<\/strong>, la <strong data-start=\"305\" data-end=\"333\">pr\u00e9vention des incendies<\/strong> et la <strong data-start=\"340\" data-end=\"372\">protection des installations<\/strong>.<\/p>\n<p data-start=\"377\" data-end=\"419\">Il assure trois fonctions essentielles :<\/p>\n<ul data-start=\"420\" data-end=\"800\">\n<li data-start=\"420\" data-end=\"525\">\n<p data-start=\"422\" data-end=\"525\"><strong data-start=\"422\" data-end=\"449\">Protection du personnel<\/strong> contre les contacts indirects gr\u00e2ce \u00e0 la d\u00e9tection des fuites de courant,<\/p>\n<\/li>\n<li data-start=\"526\" data-end=\"621\">\n<p data-start=\"528\" data-end=\"621\"><strong data-start=\"528\" data-end=\"564\">R\u00e9duction des risques d\u2019incendie<\/strong> li\u00e9s aux d\u00e9fauts d\u2019isolement ou aux courants de fuite,<\/p>\n<\/li>\n<li data-start=\"622\" data-end=\"800\">\n<p data-start=\"624\" data-end=\"800\"><strong data-start=\"624\" data-end=\"677\">S\u00e9curisation des c\u00e2bles et des lignes \u00e9lectriques<\/strong> contre les <strong data-start=\"689\" data-end=\"703\">surcharges<\/strong> et les <strong data-start=\"711\" data-end=\"730\">courts-circuits<\/strong>, assurant la continuit\u00e9 de service et la fiabilit\u00e9 des \u00e9quipements.<\/p>\n<\/li>\n<\/ul>\n<p data-start=\"802\" data-end=\"988\">Gr\u00e2ce \u00e0 sa robustesse et sa polyvalence, il s\u2019int\u00e8gre aussi bien dans les <strong data-start=\"876\" data-end=\"905\">installations domestiques<\/strong> que dans les <strong data-start=\"919\" data-end=\"985\">r\u00e9seaux de distribution \u00e9lectriques commerciaux et industriels<\/strong>.<\/p>\n<h3 data-start=\"995\" data-end=\"1040\">Caract\u00e9ristiques techniques principales<\/h3>\n<ul data-start=\"1042\" data-end=\"1593\">\n<li data-start=\"1042\" data-end=\"1077\">\n<p data-start=\"1044\" data-end=\"1077\"><strong data-start=\"1044\" data-end=\"1068\">Courant assign\u00e9 (In)<\/strong> : 32 A<\/p>\n<\/li>\n<li data-start=\"1078\" data-end=\"1160\">\n<p data-start=\"1080\" data-end=\"1160\"><strong data-start=\"1080\" data-end=\"1099\">Nombre de p\u00f4les<\/strong> : 4P (id\u00e9al pour les installations triphas\u00e9es avec neutre)<\/p>\n<\/li>\n<li data-start=\"1161\" data-end=\"1262\">\n<p data-start=\"1163\" data-end=\"1262\"><strong data-start=\"1163\" data-end=\"1199\">Sensibilit\u00e9 diff\u00e9rentielle (I\u2206n)<\/strong> : 300 mA \u2013 particuli\u00e8rement adapt\u00e9e \u00e0 la pr\u00e9vention incendie<\/p>\n<\/li>\n<li data-start=\"1263\" data-end=\"1304\">\n<p data-start=\"1265\" data-end=\"1304\"><strong data-start=\"1265\" data-end=\"1290\">Tension assign\u00e9e (Ue)<\/strong> : 230\/400 V<\/p>\n<\/li>\n<li data-start=\"1305\" data-end=\"1342\">\n<p data-start=\"1307\" data-end=\"1342\"><strong data-start=\"1307\" data-end=\"1329\">Fr\u00e9quence nominale<\/strong> : 50\/60 Hz<\/p>\n<\/li>\n<li data-start=\"1343\" data-end=\"1445\">\n<p data-start=\"1345\" data-end=\"1445\"><strong data-start=\"1345\" data-end=\"1367\">Pouvoir de coupure<\/strong> : 6 000 A, garantissant une coupure efficace en cas de court-circuit s\u00e9v\u00e8re<\/p>\n<\/li>\n<li data-start=\"1446\" data-end=\"1503\">\n<p data-start=\"1448\" data-end=\"1503\"><strong data-start=\"1448\" data-end=\"1475\">Dur\u00e9e de vie \u00e9lectrique<\/strong> : environ 2 000 man\u0153uvres<\/p>\n<\/li>\n<li data-start=\"1504\" data-end=\"1593\">\n<p data-start=\"1506\" data-end=\"1593\"><strong data-start=\"1506\" data-end=\"1532\">Dur\u00e9e de vie m\u00e9canique<\/strong> : jusqu\u2019\u00e0 20 000 man\u0153uvres, gage de fiabilit\u00e9 \u00e0 long terme<\/p>\n<h3 data-start=\"1600\" data-end=\"1618\">Points forts<\/h3>\n<ul data-start=\"1620\" data-end=\"2051\">\n<li data-start=\"1620\" data-end=\"1699\">\n<p data-start=\"1622\" data-end=\"1699\"><strong data-start=\"1622\" data-end=\"1643\">Triple protection<\/strong> : personnes \u2013 incendie \u2013 c\u00e2bles et lignes \u00e9lectriques<\/p>\n<\/li>\n<li data-start=\"1700\" data-end=\"1778\">\n<p data-start=\"1702\" data-end=\"1778\"><strong data-start=\"1702\" data-end=\"1727\">Configuration 4 p\u00f4les<\/strong> : id\u00e9ale pour les circuits triphas\u00e9s avec neutre<\/p>\n<\/li>\n<li data-start=\"1779\" data-end=\"1898\">\n<p data-start=\"1781\" data-end=\"1898\"><strong data-start=\"1781\" data-end=\"1803\">Sensibilit\u00e9 300 mA<\/strong> : adapt\u00e9e aux protections g\u00e9n\u00e9rales contre les d\u00e9fauts d\u2019isolement et les d\u00e9parts d\u2019incendie<\/p>\n<\/li>\n<li data-start=\"1899\" data-end=\"1971\">\n<p data-start=\"1901\" data-end=\"1971\"><strong data-start=\"1901\" data-end=\"1928\">Robustesse et long\u00e9vit\u00e9<\/strong> gr\u00e2ce \u00e0 une conception fiable et durable<\/p>\n<\/li>\n<li data-start=\"1972\" data-end=\"2051\">\n<p data-start=\"1974\" data-end=\"2051\">Convient parfaitement aux <strong data-start=\"2000\" data-end=\"2049\">secteurs r\u00e9sidentiel, tertiaire et industriel<\/strong><\/p>\n<\/li>\n<\/ul>\n<\/li>\n<\/ul>\n<p data-start=\"802\" data-end=\"988\">\n","protected":false},"excerpt":{"rendered":"<p>Disjoncteur diff\u00e9rentiel NB1L-40 \u2013 32A, 4P Le disjoncteur diff\u00e9rentiel NB1L-40 est un appareil de protection \u00e9lectrique complet, con\u00e7u pour garantir \u00e0 la fois la s\u00e9curit\u00e9 des personnes, la pr\u00e9vention des<\/p>\n","protected":false},"featured_media":8810,"comment_status":"open","ping_status":"closed","template":"","meta":{"_acf_changed":false,"content-type":""},"product_brand":[],"product_cat":[367],"product_tag":[],"class_list":{"0":"post-8794","1":"product","2":"type-product","3":"status-publish","4":"has-post-thumbnail","6":"product_cat-disjoncteurs","8":"first","9":"instock","10":"shipping-taxable","11":"purchasable","12":"product-type-simple"},"acf":[],"yoast_head":"<!-- This site is optimized with the Yoast SEO plugin v27.3 - https:\/\/yoast.com\/product\/yoast-seo-wordpress\/ -->\n<title>DISJONCTEUR DIFFRENTIEL NB1L-40 4P C32 300mA AC 6KA CHINT - BTMT ELECTRIC \u2013 Solutions \u00c9lectriques Fiables et Innovantes<\/title>\n<meta name=\"robots\" content=\"index, follow, max-snippet:-1, max-image-preview:large, max-video-preview:-1\" \/>\n<link rel=\"canonical\" href=\"https:\/\/btmtelectric.com\/index.php\/product\/disjoncteur-diffrentiel-nb1l-40-4p-c32-300ma-ac-6ka-chint\/\" \/>\n<meta property=\"og:locale\" content=\"fr_FR\" \/>\n<meta property=\"og:type\" content=\"article\" \/>\n<meta property=\"og:title\" content=\"DISJONCTEUR DIFFRENTIEL NB1L-40 4P C32 300mA AC 6KA CHINT - BTMT ELECTRIC \u2013 Solutions \u00c9lectriques Fiables et Innovantes\" \/>\n<meta property=\"og:description\" content=\"Disjoncteur diff\u00e9rentiel NB1L-40 \u2013 32A, 4P Le disjoncteur diff\u00e9rentiel NB1L-40 est un appareil de protection \u00e9lectrique complet, con\u00e7u pour garantir \u00e0 la fois la s\u00e9curit\u00e9 des personnes, la pr\u00e9vention des\" \/>\n<meta property=\"og:url\" content=\"https:\/\/btmtelectric.com\/index.php\/product\/disjoncteur-diffrentiel-nb1l-40-4p-c32-300ma-ac-6ka-chint\/\" \/>\n<meta property=\"og:site_name\" content=\"BTMT ELECTRIC \u2013 Solutions \u00c9lectriques Fiables et Innovantes\" \/>\n<meta property=\"article:publisher\" content=\"https:\/\/www.facebook.com\/profile.php?id=61578000361796\" \/>\n<meta property=\"article:modified_time\" content=\"2025-08-28T10:18:32+00:00\" \/>\n<meta property=\"og:image\" content=\"https:\/\/btmtelectric.com\/wp-content\/uploads\/2025\/08\/disj-shint-c32.jpg\" \/>\n\t<meta property=\"og:image:width\" content=\"500\" \/>\n\t<meta property=\"og:image:height\" content=\"500\" \/>\n\t<meta property=\"og:image:type\" content=\"image\/jpeg\" \/>\n<meta name=\"twitter:card\" content=\"summary_large_image\" \/>\n<meta name=\"twitter:label1\" content=\"Dur\u00e9e de lecture estim\u00e9e\" \/>\n\t<meta name=\"twitter:data1\" content=\"1 minute\" \/>\n<script type=\"application\/ld+json\" class=\"yoast-schema-graph\">{\"@context\":\"https:\\\/\\\/schema.org\",\"@graph\":[{\"@type\":\"WebPage\",\"@id\":\"https:\\\/\\\/btmtelectric.com\\\/index.php\\\/product\\\/disjoncteur-diffrentiel-nb1l-40-4p-c32-300ma-ac-6ka-chint\\\/\",\"url\":\"https:\\\/\\\/btmtelectric.com\\\/index.php\\\/product\\\/disjoncteur-diffrentiel-nb1l-40-4p-c32-300ma-ac-6ka-chint\\\/\",\"name\":\"DISJONCTEUR DIFFRENTIEL NB1L-40 4P C32 300mA AC 6KA CHINT - BTMT ELECTRIC \u2013 Solutions \u00c9lectriques Fiables et Innovantes\",\"isPartOf\":{\"@id\":\"https:\\\/\\\/btmtelectric.com\\\/#website\"},\"primaryImageOfPage\":{\"@id\":\"https:\\\/\\\/btmtelectric.com\\\/index.php\\\/product\\\/disjoncteur-diffrentiel-nb1l-40-4p-c32-300ma-ac-6ka-chint\\\/#primaryimage\"},\"image\":{\"@id\":\"https:\\\/\\\/btmtelectric.com\\\/index.php\\\/product\\\/disjoncteur-diffrentiel-nb1l-40-4p-c32-300ma-ac-6ka-chint\\\/#primaryimage\"},\"thumbnailUrl\":\"https:\\\/\\\/btmtelectric.com\\\/wp-content\\\/uploads\\\/2025\\\/08\\\/disj-shint-c32.jpg\",\"datePublished\":\"2025-08-28T09:14:24+00:00\",\"dateModified\":\"2025-08-28T10:18:32+00:00\",\"breadcrumb\":{\"@id\":\"https:\\\/\\\/btmtelectric.com\\\/index.php\\\/product\\\/disjoncteur-diffrentiel-nb1l-40-4p-c32-300ma-ac-6ka-chint\\\/#breadcrumb\"},\"inLanguage\":\"fr-FR\",\"potentialAction\":[{\"@type\":\"ReadAction\",\"target\":[\"https:\\\/\\\/btmtelectric.com\\\/index.php\\\/product\\\/disjoncteur-diffrentiel-nb1l-40-4p-c32-300ma-ac-6ka-chint\\\/\"]}]},{\"@type\":\"ImageObject\",\"inLanguage\":\"fr-FR\",\"@id\":\"https:\\\/\\\/btmtelectric.com\\\/index.php\\\/product\\\/disjoncteur-diffrentiel-nb1l-40-4p-c32-300ma-ac-6ka-chint\\\/#primaryimage\",\"url\":\"https:\\\/\\\/btmtelectric.com\\\/wp-content\\\/uploads\\\/2025\\\/08\\\/disj-shint-c32.jpg\",\"contentUrl\":\"https:\\\/\\\/btmtelectric.com\\\/wp-content\\\/uploads\\\/2025\\\/08\\\/disj-shint-c32.jpg\",\"width\":500,\"height\":500},{\"@type\":\"BreadcrumbList\",\"@id\":\"https:\\\/\\\/btmtelectric.com\\\/index.php\\\/product\\\/disjoncteur-diffrentiel-nb1l-40-4p-c32-300ma-ac-6ka-chint\\\/#breadcrumb\",\"itemListElement\":[{\"@type\":\"ListItem\",\"position\":1,\"name\":\"Accueil\",\"item\":\"https:\\\/\\\/btmtelectric.com\\\/\"},{\"@type\":\"ListItem\",\"position\":2,\"name\":\"Boutique\",\"item\":\"https:\\\/\\\/btmtelectric.com\\\/index.php\\\/boutique\\\/\"},{\"@type\":\"ListItem\",\"position\":3,\"name\":\"DISJONCTEUR DIFFRENTIEL NB1L-40 4P C32 300mA AC 6KA CHINT\"}]},{\"@type\":\"WebSite\",\"@id\":\"https:\\\/\\\/btmtelectric.com\\\/#website\",\"url\":\"https:\\\/\\\/btmtelectric.com\\\/\",\"name\":\"BTMT ELECTRIC \u2013 Solutions \u00c9lectriques Fiables et Innovantes\",\"description\":\"\",\"publisher\":{\"@id\":\"https:\\\/\\\/btmtelectric.com\\\/#organization\"},\"potentialAction\":[{\"@type\":\"SearchAction\",\"target\":{\"@type\":\"EntryPoint\",\"urlTemplate\":\"https:\\\/\\\/btmtelectric.com\\\/?s={search_term_string}\"},\"query-input\":{\"@type\":\"PropertyValueSpecification\",\"valueRequired\":true,\"valueName\":\"search_term_string\"}}],\"inLanguage\":\"fr-FR\"},{\"@type\":\"Organization\",\"@id\":\"https:\\\/\\\/btmtelectric.com\\\/#organization\",\"name\":\"BTMT ELECTRIC \u2013 Solutions \u00c9lectriques Fiables et Innovantes\",\"url\":\"https:\\\/\\\/btmtelectric.com\\\/\",\"logo\":{\"@type\":\"ImageObject\",\"inLanguage\":\"fr-FR\",\"@id\":\"https:\\\/\\\/btmtelectric.com\\\/#\\\/schema\\\/logo\\\/image\\\/\",\"url\":\"https:\\\/\\\/btmtelectric.com\\\/wp-content\\\/uploads\\\/2025\\\/07\\\/WhatsApp_Image_2025-07-09_at_11.45.18_AM-removebg-preview-1.png\",\"contentUrl\":\"https:\\\/\\\/btmtelectric.com\\\/wp-content\\\/uploads\\\/2025\\\/07\\\/WhatsApp_Image_2025-07-09_at_11.45.18_AM-removebg-preview-1.png\",\"width\":175,\"height\":42,\"caption\":\"BTMT ELECTRIC \u2013 Solutions \u00c9lectriques Fiables et Innovantes\"},\"image\":{\"@id\":\"https:\\\/\\\/btmtelectric.com\\\/#\\\/schema\\\/logo\\\/image\\\/\"},\"sameAs\":[\"https:\\\/\\\/www.facebook.com\\\/profile.php?id=61578000361796\",\"https:\\\/\\\/www.instagram.com\\\/btmtelectric\\\/\"]}]}<\/script>\n<!-- \/ Yoast SEO plugin. -->","yoast_head_json":{"title":"DISJONCTEUR DIFFRENTIEL NB1L-40 4P C32 300mA AC 6KA CHINT - BTMT ELECTRIC \u2013 Solutions \u00c9lectriques Fiables et Innovantes","robots":{"index":"index","follow":"follow","max-snippet":"max-snippet:-1","max-image-preview":"max-image-preview:large","max-video-preview":"max-video-preview:-1"},"canonical":"https:\/\/btmtelectric.com\/index.php\/product\/disjoncteur-diffrentiel-nb1l-40-4p-c32-300ma-ac-6ka-chint\/","og_locale":"fr_FR","og_type":"article","og_title":"DISJONCTEUR DIFFRENTIEL NB1L-40 4P C32 300mA AC 6KA CHINT - BTMT ELECTRIC \u2013 Solutions \u00c9lectriques Fiables et Innovantes","og_description":"Disjoncteur diff\u00e9rentiel NB1L-40 \u2013 32A, 4P Le disjoncteur diff\u00e9rentiel NB1L-40 est un appareil de protection \u00e9lectrique complet, con\u00e7u pour garantir \u00e0 la fois la s\u00e9curit\u00e9 des personnes, la pr\u00e9vention des","og_url":"https:\/\/btmtelectric.com\/index.php\/product\/disjoncteur-diffrentiel-nb1l-40-4p-c32-300ma-ac-6ka-chint\/","og_site_name":"BTMT ELECTRIC \u2013 Solutions \u00c9lectriques Fiables et Innovantes","article_publisher":"https:\/\/www.facebook.com\/profile.php?id=61578000361796","article_modified_time":"2025-08-28T10:18:32+00:00","og_image":[{"width":500,"height":500,"url":"https:\/\/btmtelectric.com\/wp-content\/uploads\/2025\/08\/disj-shint-c32.jpg","type":"image\/jpeg"}],"twitter_card":"summary_large_image","twitter_misc":{"Dur\u00e9e de lecture estim\u00e9e":"1 minute"},"schema":{"@context":"https:\/\/schema.org","@graph":[{"@type":"WebPage","@id":"https:\/\/btmtelectric.com\/index.php\/product\/disjoncteur-diffrentiel-nb1l-40-4p-c32-300ma-ac-6ka-chint\/","url":"https:\/\/btmtelectric.com\/index.php\/product\/disjoncteur-diffrentiel-nb1l-40-4p-c32-300ma-ac-6ka-chint\/","name":"DISJONCTEUR DIFFRENTIEL NB1L-40 4P C32 300mA AC 6KA CHINT - BTMT ELECTRIC \u2013 Solutions \u00c9lectriques Fiables et Innovantes","isPartOf":{"@id":"https:\/\/btmtelectric.com\/#website"},"primaryImageOfPage":{"@id":"https:\/\/btmtelectric.com\/index.php\/product\/disjoncteur-diffrentiel-nb1l-40-4p-c32-300ma-ac-6ka-chint\/#primaryimage"},"image":{"@id":"https:\/\/btmtelectric.com\/index.php\/product\/disjoncteur-diffrentiel-nb1l-40-4p-c32-300ma-ac-6ka-chint\/#primaryimage"},"thumbnailUrl":"https:\/\/btmtelectric.com\/wp-content\/uploads\/2025\/08\/disj-shint-c32.jpg","datePublished":"2025-08-28T09:14:24+00:00","dateModified":"2025-08-28T10:18:32+00:00","breadcrumb":{"@id":"https:\/\/btmtelectric.com\/index.php\/product\/disjoncteur-diffrentiel-nb1l-40-4p-c32-300ma-ac-6ka-chint\/#breadcrumb"},"inLanguage":"fr-FR","potentialAction":[{"@type":"ReadAction","target":["https:\/\/btmtelectric.com\/index.php\/product\/disjoncteur-diffrentiel-nb1l-40-4p-c32-300ma-ac-6ka-chint\/"]}]},{"@type":"ImageObject","inLanguage":"fr-FR","@id":"https:\/\/btmtelectric.com\/index.php\/product\/disjoncteur-diffrentiel-nb1l-40-4p-c32-300ma-ac-6ka-chint\/#primaryimage","url":"https:\/\/btmtelectric.com\/wp-content\/uploads\/2025\/08\/disj-shint-c32.jpg","contentUrl":"https:\/\/btmtelectric.com\/wp-content\/uploads\/2025\/08\/disj-shint-c32.jpg","width":500,"height":500},{"@type":"BreadcrumbList","@id":"https:\/\/btmtelectric.com\/index.php\/product\/disjoncteur-diffrentiel-nb1l-40-4p-c32-300ma-ac-6ka-chint\/#breadcrumb","itemListElement":[{"@type":"ListItem","position":1,"name":"Accueil","item":"https:\/\/btmtelectric.com\/"},{"@type":"ListItem","position":2,"name":"Boutique","item":"https:\/\/btmtelectric.com\/index.php\/boutique\/"},{"@type":"ListItem","position":3,"name":"DISJONCTEUR DIFFRENTIEL NB1L-40 4P C32 300mA AC 6KA CHINT"}]},{"@type":"WebSite","@id":"https:\/\/btmtelectric.com\/#website","url":"https:\/\/btmtelectric.com\/","name":"BTMT ELECTRIC \u2013 Solutions \u00c9lectriques Fiables et Innovantes","description":"","publisher":{"@id":"https:\/\/btmtelectric.com\/#organization"},"potentialAction":[{"@type":"SearchAction","target":{"@type":"EntryPoint","urlTemplate":"https:\/\/btmtelectric.com\/?s={search_term_string}"},"query-input":{"@type":"PropertyValueSpecification","valueRequired":true,"valueName":"search_term_string"}}],"inLanguage":"fr-FR"},{"@type":"Organization","@id":"https:\/\/btmtelectric.com\/#organization","name":"BTMT ELECTRIC \u2013 Solutions \u00c9lectriques Fiables et Innovantes","url":"https:\/\/btmtelectric.com\/","logo":{"@type":"ImageObject","inLanguage":"fr-FR","@id":"https:\/\/btmtelectric.com\/#\/schema\/logo\/image\/","url":"https:\/\/btmtelectric.com\/wp-content\/uploads\/2025\/07\/WhatsApp_Image_2025-07-09_at_11.45.18_AM-removebg-preview-1.png","contentUrl":"https:\/\/btmtelectric.com\/wp-content\/uploads\/2025\/07\/WhatsApp_Image_2025-07-09_at_11.45.18_AM-removebg-preview-1.png","width":175,"height":42,"caption":"BTMT ELECTRIC \u2013 Solutions \u00c9lectriques Fiables et Innovantes"},"image":{"@id":"https:\/\/btmtelectric.com\/#\/schema\/logo\/image\/"},"sameAs":["https:\/\/www.facebook.com\/profile.php?id=61578000361796","https:\/\/www.instagram.com\/btmtelectric\/"]}]}},"_links":{"self":[{"href":"https:\/\/btmtelectric.com\/index.php\/wp-json\/wp\/v2\/product\/8794","targetHints":{"allow":["GET"]}}],"collection":[{"href":"https:\/\/btmtelectric.com\/index.php\/wp-json\/wp\/v2\/product"}],"about":[{"href":"https:\/\/btmtelectric.com\/index.php\/wp-json\/wp\/v2\/types\/product"}],"replies":[{"embeddable":true,"href":"https:\/\/btmtelectric.com\/index.php\/wp-json\/wp\/v2\/comments?post=8794"}],"wp:featuredmedia":[{"embeddable":true,"href":"https:\/\/btmtelectric.com\/index.php\/wp-json\/wp\/v2\/media\/8810"}],"wp:attachment":[{"href":"https:\/\/btmtelectric.com\/index.php\/wp-json\/wp\/v2\/media?parent=8794"}],"wp:term":[{"taxonomy":"product_brand","embeddable":true,"href":"https:\/\/btmtelectric.com\/index.php\/wp-json\/wp\/v2\/product_brand?post=8794"},{"taxonomy":"product_cat","embeddable":true,"href":"https:\/\/btmtelectric.com\/index.php\/wp-json\/wp\/v2\/product_cat?post=8794"},{"taxonomy":"product_tag","embeddable":true,"href":"https:\/\/btmtelectric.com\/index.php\/wp-json\/wp\/v2\/product_tag?post=8794"}],"curies":[{"name":"wp","href":"https:\/\/api.w.org\/{rel}","templated":true}]}}