{"id":8790,"date":"2025-08-28T09:01:12","date_gmt":"2025-08-28T09:01:12","guid":{"rendered":"https:\/\/btmtelectric.com\/?post_type=product&#038;p=8790"},"modified":"2025-08-28T10:23:10","modified_gmt":"2025-08-28T10:23:10","slug":"disjoncteur-diffrentiel-nb1l-40-4p-c25-300ma-ac-6ka-chint","status":"publish","type":"product","link":"https:\/\/btmtelectric.com\/index.php\/product\/disjoncteur-diffrentiel-nb1l-40-4p-c25-300ma-ac-6ka-chint\/","title":{"rendered":"DISJONCTEUR DIFFRENTIEL NB1L-40 4P C25 300mA AC 6KA CHINT"},"content":{"rendered":"<h2 data-start=\"107\" data-end=\"154\">Disjoncteur diff\u00e9rentiel NB1L-40 \u2013 25A, 4P<\/h2>\n<p data-start=\"156\" data-end=\"348\">Le <strong data-start=\"159\" data-end=\"195\">disjoncteur diff\u00e9rentiel NB1L-40<\/strong> est un \u00e9quipement de protection \u00e9lectrique complet, con\u00e7u pour assurer \u00e0 la fois la <strong data-start=\"280\" data-end=\"306\">s\u00e9curit\u00e9 des personnes<\/strong> et la <strong data-start=\"313\" data-end=\"345\">protection des installations<\/strong>.<\/p>\n<p data-start=\"350\" data-end=\"384\">Il joue un r\u00f4le essentiel dans :<\/p>\n<ul data-start=\"385\" data-end=\"791\">\n<li data-start=\"385\" data-end=\"490\">\n<p data-start=\"387\" data-end=\"490\">la <strong data-start=\"390\" data-end=\"417\">protection du personnel<\/strong> contre les risques d\u2019\u00e9lectrocution gr\u00e2ce \u00e0 sa fonction diff\u00e9rentielle,<\/p>\n<\/li>\n<li data-start=\"491\" data-end=\"616\">\n<p data-start=\"493\" data-end=\"616\">la <strong data-start=\"496\" data-end=\"524\">pr\u00e9vention des incendies<\/strong> en coupant rapidement l\u2019alimentation lors de fuites de courant ou de d\u00e9fauts d\u2019isolement,<\/p>\n<\/li>\n<li data-start=\"617\" data-end=\"791\">\n<p data-start=\"619\" data-end=\"791\">la <strong data-start=\"622\" data-end=\"673\">protection des c\u00e2bles et des lignes \u00e9lectriques<\/strong> contre les <strong data-start=\"685\" data-end=\"699\">surcharges<\/strong> et les <strong data-start=\"707\" data-end=\"726\">courts-circuits<\/strong>, garantissant la durabilit\u00e9 et la fiabilit\u00e9 de l\u2019installation.<\/p>\n<\/li>\n<\/ul>\n<p data-start=\"793\" data-end=\"1001\">Polyvalent, il est adapt\u00e9 aussi bien aux <strong data-start=\"834\" data-end=\"863\">installations domestiques<\/strong> qu\u2019aux <strong data-start=\"871\" data-end=\"936\">r\u00e9seaux de distribution \u00e9lectrique commerciaux et industriels<\/strong>, o\u00f9 la continuit\u00e9 de service et la s\u00e9curit\u00e9 sont prioritaires.<\/p>\n<h3 data-start=\"1008\" data-end=\"1041\">Caract\u00e9ristiques techniques<\/h3>\n<ul data-start=\"1043\" data-end=\"1507\">\n<li data-start=\"1043\" data-end=\"1078\">\n<p data-start=\"1045\" data-end=\"1078\"><strong data-start=\"1045\" data-end=\"1069\">Courant assign\u00e9 (In)<\/strong> : 25 A<\/p>\n<\/li>\n<li data-start=\"1079\" data-end=\"1107\">\n<p data-start=\"1081\" data-end=\"1107\"><strong data-start=\"1081\" data-end=\"1100\">Nombre de p\u00f4les<\/strong> : 4P<\/p>\n<\/li>\n<li data-start=\"1108\" data-end=\"1157\">\n<p data-start=\"1110\" data-end=\"1157\"><strong data-start=\"1110\" data-end=\"1146\">Sensibilit\u00e9 diff\u00e9rentielle (I\u2206n)<\/strong> : 300 mA<\/p>\n<\/li>\n<li data-start=\"1158\" data-end=\"1199\">\n<p data-start=\"1160\" data-end=\"1199\"><strong data-start=\"1160\" data-end=\"1185\">Tension assign\u00e9e (Ue)<\/strong> : 230\/400 V<\/p>\n<\/li>\n<li data-start=\"1200\" data-end=\"1237\">\n<p data-start=\"1202\" data-end=\"1237\"><strong data-start=\"1202\" data-end=\"1224\">Fr\u00e9quence nominale<\/strong> : 50\/60 Hz<\/p>\n<\/li>\n<li data-start=\"1238\" data-end=\"1348\">\n<p data-start=\"1240\" data-end=\"1348\"><strong data-start=\"1240\" data-end=\"1262\">Pouvoir de coupure<\/strong> : 6 000 A, garantissant une coupure efficace m\u00eame en cas de court-circuit important<\/p>\n<\/li>\n<li data-start=\"1349\" data-end=\"1406\">\n<p data-start=\"1351\" data-end=\"1406\"><strong data-start=\"1351\" data-end=\"1378\">Dur\u00e9e de vie \u00e9lectrique<\/strong> : environ 2 000 man\u0153uvres<\/p>\n<\/li>\n<li data-start=\"1407\" data-end=\"1507\">\n<p data-start=\"1409\" data-end=\"1507\"><strong data-start=\"1409\" data-end=\"1435\">Dur\u00e9e de vie m\u00e9canique<\/strong> : jusqu\u2019\u00e0 20 000 man\u0153uvres, assurant une utilisation longue et fiable<\/p>\n<h3 data-start=\"1514\" data-end=\"1532\">Points forts<\/h3>\n<ul data-start=\"1534\" data-end=\"2070\">\n<li data-start=\"1534\" data-end=\"1652\">\n<p data-start=\"1536\" data-end=\"1652\"><strong data-start=\"1536\" data-end=\"1559\">Protection compl\u00e8te<\/strong> : s\u00e9curit\u00e9 des personnes, pr\u00e9vention incendie, protection des c\u00e2bles et lignes \u00e9lectriques<\/p>\n<\/li>\n<li data-start=\"1653\" data-end=\"1736\">\n<p data-start=\"1655\" data-end=\"1736\"><strong data-start=\"1655\" data-end=\"1680\">Configuration 4 p\u00f4les<\/strong>, id\u00e9ale pour les installations triphas\u00e9es avec neutre<\/p>\n<\/li>\n<li data-start=\"1737\" data-end=\"1834\">\n<p data-start=\"1739\" data-end=\"1834\"><strong data-start=\"1739\" data-end=\"1761\">Sensibilit\u00e9 300 mA<\/strong> : adapt\u00e9e \u00e0 la pr\u00e9vention des incendies et aux installations g\u00e9n\u00e9rales<\/p>\n<\/li>\n<li data-start=\"1835\" data-end=\"1917\">\n<p data-start=\"1837\" data-end=\"1917\"><strong data-start=\"1837\" data-end=\"1865\">Robustesse et durabilit\u00e9<\/strong> : haute r\u00e9sistance m\u00e9canique et long\u00e9vit\u00e9 assur\u00e9e<\/p>\n<\/li>\n<li data-start=\"1918\" data-end=\"2003\">\n<p data-start=\"1920\" data-end=\"2003\"><strong data-start=\"1920\" data-end=\"1937\">Compatibilit\u00e9<\/strong> avec les environnements r\u00e9sidentiels, tertiaires et industriels<\/p>\n<\/li>\n<li data-start=\"2004\" data-end=\"2070\">\n<p data-start=\"2006\" data-end=\"2070\">Conforme aux <strong data-start=\"2019\" data-end=\"2068\">normes internationales de s\u00e9curit\u00e9 \u00e9lectrique<\/strong><\/p>\n<\/li>\n<\/ul>\n<\/li>\n<\/ul>\n","protected":false},"excerpt":{"rendered":"<p>Disjoncteur diff\u00e9rentiel NB1L-40 \u2013 25A, 4P Le disjoncteur diff\u00e9rentiel NB1L-40 est un \u00e9quipement de protection \u00e9lectrique complet, con\u00e7u pour assurer \u00e0 la fois la s\u00e9curit\u00e9 des personnes et la protection<\/p>\n","protected":false},"featured_media":8814,"comment_status":"open","ping_status":"closed","template":"","meta":{"_acf_changed":false,"content-type":""},"product_brand":[],"product_cat":[367],"product_tag":[],"class_list":{"0":"post-8790","1":"product","2":"type-product","3":"status-publish","4":"has-post-thumbnail","6":"product_cat-disjoncteurs","8":"first","9":"instock","10":"shipping-taxable","11":"purchasable","12":"product-type-simple"},"acf":[],"yoast_head":"<!-- This site is optimized with the Yoast SEO plugin v27.3 - https:\/\/yoast.com\/product\/yoast-seo-wordpress\/ -->\n<title>DISJONCTEUR DIFFRENTIEL NB1L-40 4P C25 300mA AC 6KA CHINT - BTMT ELECTRIC \u2013 Solutions \u00c9lectriques Fiables et Innovantes<\/title>\n<meta name=\"robots\" content=\"index, follow, max-snippet:-1, max-image-preview:large, max-video-preview:-1\" \/>\n<link rel=\"canonical\" href=\"https:\/\/btmtelectric.com\/index.php\/product\/disjoncteur-diffrentiel-nb1l-40-4p-c25-300ma-ac-6ka-chint\/\" \/>\n<meta property=\"og:locale\" content=\"fr_FR\" \/>\n<meta property=\"og:type\" content=\"article\" \/>\n<meta property=\"og:title\" content=\"DISJONCTEUR DIFFRENTIEL NB1L-40 4P C25 300mA AC 6KA CHINT - BTMT ELECTRIC \u2013 Solutions \u00c9lectriques Fiables et Innovantes\" \/>\n<meta property=\"og:description\" content=\"Disjoncteur diff\u00e9rentiel NB1L-40 \u2013 25A, 4P Le disjoncteur diff\u00e9rentiel NB1L-40 est un \u00e9quipement de protection \u00e9lectrique complet, con\u00e7u pour assurer \u00e0 la fois la s\u00e9curit\u00e9 des personnes et la protection\" \/>\n<meta property=\"og:url\" content=\"https:\/\/btmtelectric.com\/index.php\/product\/disjoncteur-diffrentiel-nb1l-40-4p-c25-300ma-ac-6ka-chint\/\" \/>\n<meta property=\"og:site_name\" content=\"BTMT ELECTRIC \u2013 Solutions \u00c9lectriques Fiables et Innovantes\" \/>\n<meta property=\"article:publisher\" content=\"https:\/\/www.facebook.com\/profile.php?id=61578000361796\" \/>\n<meta property=\"article:modified_time\" content=\"2025-08-28T10:23:10+00:00\" \/>\n<meta property=\"og:image\" content=\"https:\/\/btmtelectric.com\/wp-content\/uploads\/2025\/08\/disj-shint-c25-1.jpg\" \/>\n\t<meta property=\"og:image:width\" content=\"470\" \/>\n\t<meta property=\"og:image:height\" content=\"470\" \/>\n\t<meta property=\"og:image:type\" content=\"image\/jpeg\" \/>\n<meta name=\"twitter:card\" content=\"summary_large_image\" \/>\n<meta name=\"twitter:label1\" content=\"Dur\u00e9e de lecture estim\u00e9e\" \/>\n\t<meta name=\"twitter:data1\" content=\"1 minute\" \/>\n<script type=\"application\/ld+json\" class=\"yoast-schema-graph\">{\"@context\":\"https:\\\/\\\/schema.org\",\"@graph\":[{\"@type\":\"WebPage\",\"@id\":\"https:\\\/\\\/btmtelectric.com\\\/index.php\\\/product\\\/disjoncteur-diffrentiel-nb1l-40-4p-c25-300ma-ac-6ka-chint\\\/\",\"url\":\"https:\\\/\\\/btmtelectric.com\\\/index.php\\\/product\\\/disjoncteur-diffrentiel-nb1l-40-4p-c25-300ma-ac-6ka-chint\\\/\",\"name\":\"DISJONCTEUR DIFFRENTIEL NB1L-40 4P C25 300mA AC 6KA CHINT - BTMT ELECTRIC \u2013 Solutions \u00c9lectriques Fiables et Innovantes\",\"isPartOf\":{\"@id\":\"https:\\\/\\\/btmtelectric.com\\\/#website\"},\"primaryImageOfPage\":{\"@id\":\"https:\\\/\\\/btmtelectric.com\\\/index.php\\\/product\\\/disjoncteur-diffrentiel-nb1l-40-4p-c25-300ma-ac-6ka-chint\\\/#primaryimage\"},\"image\":{\"@id\":\"https:\\\/\\\/btmtelectric.com\\\/index.php\\\/product\\\/disjoncteur-diffrentiel-nb1l-40-4p-c25-300ma-ac-6ka-chint\\\/#primaryimage\"},\"thumbnailUrl\":\"https:\\\/\\\/btmtelectric.com\\\/wp-content\\\/uploads\\\/2025\\\/08\\\/disj-shint-c25-1.jpg\",\"datePublished\":\"2025-08-28T09:01:12+00:00\",\"dateModified\":\"2025-08-28T10:23:10+00:00\",\"breadcrumb\":{\"@id\":\"https:\\\/\\\/btmtelectric.com\\\/index.php\\\/product\\\/disjoncteur-diffrentiel-nb1l-40-4p-c25-300ma-ac-6ka-chint\\\/#breadcrumb\"},\"inLanguage\":\"fr-FR\",\"potentialAction\":[{\"@type\":\"ReadAction\",\"target\":[\"https:\\\/\\\/btmtelectric.com\\\/index.php\\\/product\\\/disjoncteur-diffrentiel-nb1l-40-4p-c25-300ma-ac-6ka-chint\\\/\"]}]},{\"@type\":\"ImageObject\",\"inLanguage\":\"fr-FR\",\"@id\":\"https:\\\/\\\/btmtelectric.com\\\/index.php\\\/product\\\/disjoncteur-diffrentiel-nb1l-40-4p-c25-300ma-ac-6ka-chint\\\/#primaryimage\",\"url\":\"https:\\\/\\\/btmtelectric.com\\\/wp-content\\\/uploads\\\/2025\\\/08\\\/disj-shint-c25-1.jpg\",\"contentUrl\":\"https:\\\/\\\/btmtelectric.com\\\/wp-content\\\/uploads\\\/2025\\\/08\\\/disj-shint-c25-1.jpg\",\"width\":470,\"height\":470},{\"@type\":\"BreadcrumbList\",\"@id\":\"https:\\\/\\\/btmtelectric.com\\\/index.php\\\/product\\\/disjoncteur-diffrentiel-nb1l-40-4p-c25-300ma-ac-6ka-chint\\\/#breadcrumb\",\"itemListElement\":[{\"@type\":\"ListItem\",\"position\":1,\"name\":\"Accueil\",\"item\":\"https:\\\/\\\/btmtelectric.com\\\/\"},{\"@type\":\"ListItem\",\"position\":2,\"name\":\"Boutique\",\"item\":\"https:\\\/\\\/btmtelectric.com\\\/index.php\\\/boutique\\\/\"},{\"@type\":\"ListItem\",\"position\":3,\"name\":\"DISJONCTEUR DIFFRENTIEL NB1L-40 4P C25 300mA AC 6KA CHINT\"}]},{\"@type\":\"WebSite\",\"@id\":\"https:\\\/\\\/btmtelectric.com\\\/#website\",\"url\":\"https:\\\/\\\/btmtelectric.com\\\/\",\"name\":\"BTMT ELECTRIC \u2013 Solutions \u00c9lectriques Fiables et Innovantes\",\"description\":\"\",\"publisher\":{\"@id\":\"https:\\\/\\\/btmtelectric.com\\\/#organization\"},\"potentialAction\":[{\"@type\":\"SearchAction\",\"target\":{\"@type\":\"EntryPoint\",\"urlTemplate\":\"https:\\\/\\\/btmtelectric.com\\\/?s={search_term_string}\"},\"query-input\":{\"@type\":\"PropertyValueSpecification\",\"valueRequired\":true,\"valueName\":\"search_term_string\"}}],\"inLanguage\":\"fr-FR\"},{\"@type\":\"Organization\",\"@id\":\"https:\\\/\\\/btmtelectric.com\\\/#organization\",\"name\":\"BTMT ELECTRIC \u2013 Solutions \u00c9lectriques Fiables et Innovantes\",\"url\":\"https:\\\/\\\/btmtelectric.com\\\/\",\"logo\":{\"@type\":\"ImageObject\",\"inLanguage\":\"fr-FR\",\"@id\":\"https:\\\/\\\/btmtelectric.com\\\/#\\\/schema\\\/logo\\\/image\\\/\",\"url\":\"https:\\\/\\\/btmtelectric.com\\\/wp-content\\\/uploads\\\/2025\\\/07\\\/WhatsApp_Image_2025-07-09_at_11.45.18_AM-removebg-preview-1.png\",\"contentUrl\":\"https:\\\/\\\/btmtelectric.com\\\/wp-content\\\/uploads\\\/2025\\\/07\\\/WhatsApp_Image_2025-07-09_at_11.45.18_AM-removebg-preview-1.png\",\"width\":175,\"height\":42,\"caption\":\"BTMT ELECTRIC \u2013 Solutions \u00c9lectriques Fiables et Innovantes\"},\"image\":{\"@id\":\"https:\\\/\\\/btmtelectric.com\\\/#\\\/schema\\\/logo\\\/image\\\/\"},\"sameAs\":[\"https:\\\/\\\/www.facebook.com\\\/profile.php?id=61578000361796\",\"https:\\\/\\\/www.instagram.com\\\/btmtelectric\\\/\"]}]}<\/script>\n<!-- \/ Yoast SEO plugin. -->","yoast_head_json":{"title":"DISJONCTEUR DIFFRENTIEL NB1L-40 4P C25 300mA AC 6KA CHINT - BTMT ELECTRIC \u2013 Solutions \u00c9lectriques Fiables et Innovantes","robots":{"index":"index","follow":"follow","max-snippet":"max-snippet:-1","max-image-preview":"max-image-preview:large","max-video-preview":"max-video-preview:-1"},"canonical":"https:\/\/btmtelectric.com\/index.php\/product\/disjoncteur-diffrentiel-nb1l-40-4p-c25-300ma-ac-6ka-chint\/","og_locale":"fr_FR","og_type":"article","og_title":"DISJONCTEUR DIFFRENTIEL NB1L-40 4P C25 300mA AC 6KA CHINT - BTMT ELECTRIC \u2013 Solutions \u00c9lectriques Fiables et Innovantes","og_description":"Disjoncteur diff\u00e9rentiel NB1L-40 \u2013 25A, 4P Le disjoncteur diff\u00e9rentiel NB1L-40 est un \u00e9quipement de protection \u00e9lectrique complet, con\u00e7u pour assurer \u00e0 la fois la s\u00e9curit\u00e9 des personnes et la protection","og_url":"https:\/\/btmtelectric.com\/index.php\/product\/disjoncteur-diffrentiel-nb1l-40-4p-c25-300ma-ac-6ka-chint\/","og_site_name":"BTMT ELECTRIC \u2013 Solutions \u00c9lectriques Fiables et Innovantes","article_publisher":"https:\/\/www.facebook.com\/profile.php?id=61578000361796","article_modified_time":"2025-08-28T10:23:10+00:00","og_image":[{"width":470,"height":470,"url":"https:\/\/btmtelectric.com\/wp-content\/uploads\/2025\/08\/disj-shint-c25-1.jpg","type":"image\/jpeg"}],"twitter_card":"summary_large_image","twitter_misc":{"Dur\u00e9e de lecture estim\u00e9e":"1 minute"},"schema":{"@context":"https:\/\/schema.org","@graph":[{"@type":"WebPage","@id":"https:\/\/btmtelectric.com\/index.php\/product\/disjoncteur-diffrentiel-nb1l-40-4p-c25-300ma-ac-6ka-chint\/","url":"https:\/\/btmtelectric.com\/index.php\/product\/disjoncteur-diffrentiel-nb1l-40-4p-c25-300ma-ac-6ka-chint\/","name":"DISJONCTEUR DIFFRENTIEL NB1L-40 4P C25 300mA AC 6KA CHINT - BTMT ELECTRIC \u2013 Solutions \u00c9lectriques Fiables et Innovantes","isPartOf":{"@id":"https:\/\/btmtelectric.com\/#website"},"primaryImageOfPage":{"@id":"https:\/\/btmtelectric.com\/index.php\/product\/disjoncteur-diffrentiel-nb1l-40-4p-c25-300ma-ac-6ka-chint\/#primaryimage"},"image":{"@id":"https:\/\/btmtelectric.com\/index.php\/product\/disjoncteur-diffrentiel-nb1l-40-4p-c25-300ma-ac-6ka-chint\/#primaryimage"},"thumbnailUrl":"https:\/\/btmtelectric.com\/wp-content\/uploads\/2025\/08\/disj-shint-c25-1.jpg","datePublished":"2025-08-28T09:01:12+00:00","dateModified":"2025-08-28T10:23:10+00:00","breadcrumb":{"@id":"https:\/\/btmtelectric.com\/index.php\/product\/disjoncteur-diffrentiel-nb1l-40-4p-c25-300ma-ac-6ka-chint\/#breadcrumb"},"inLanguage":"fr-FR","potentialAction":[{"@type":"ReadAction","target":["https:\/\/btmtelectric.com\/index.php\/product\/disjoncteur-diffrentiel-nb1l-40-4p-c25-300ma-ac-6ka-chint\/"]}]},{"@type":"ImageObject","inLanguage":"fr-FR","@id":"https:\/\/btmtelectric.com\/index.php\/product\/disjoncteur-diffrentiel-nb1l-40-4p-c25-300ma-ac-6ka-chint\/#primaryimage","url":"https:\/\/btmtelectric.com\/wp-content\/uploads\/2025\/08\/disj-shint-c25-1.jpg","contentUrl":"https:\/\/btmtelectric.com\/wp-content\/uploads\/2025\/08\/disj-shint-c25-1.jpg","width":470,"height":470},{"@type":"BreadcrumbList","@id":"https:\/\/btmtelectric.com\/index.php\/product\/disjoncteur-diffrentiel-nb1l-40-4p-c25-300ma-ac-6ka-chint\/#breadcrumb","itemListElement":[{"@type":"ListItem","position":1,"name":"Accueil","item":"https:\/\/btmtelectric.com\/"},{"@type":"ListItem","position":2,"name":"Boutique","item":"https:\/\/btmtelectric.com\/index.php\/boutique\/"},{"@type":"ListItem","position":3,"name":"DISJONCTEUR DIFFRENTIEL NB1L-40 4P C25 300mA AC 6KA CHINT"}]},{"@type":"WebSite","@id":"https:\/\/btmtelectric.com\/#website","url":"https:\/\/btmtelectric.com\/","name":"BTMT ELECTRIC \u2013 Solutions \u00c9lectriques Fiables et Innovantes","description":"","publisher":{"@id":"https:\/\/btmtelectric.com\/#organization"},"potentialAction":[{"@type":"SearchAction","target":{"@type":"EntryPoint","urlTemplate":"https:\/\/btmtelectric.com\/?s={search_term_string}"},"query-input":{"@type":"PropertyValueSpecification","valueRequired":true,"valueName":"search_term_string"}}],"inLanguage":"fr-FR"},{"@type":"Organization","@id":"https:\/\/btmtelectric.com\/#organization","name":"BTMT ELECTRIC \u2013 Solutions \u00c9lectriques Fiables et Innovantes","url":"https:\/\/btmtelectric.com\/","logo":{"@type":"ImageObject","inLanguage":"fr-FR","@id":"https:\/\/btmtelectric.com\/#\/schema\/logo\/image\/","url":"https:\/\/btmtelectric.com\/wp-content\/uploads\/2025\/07\/WhatsApp_Image_2025-07-09_at_11.45.18_AM-removebg-preview-1.png","contentUrl":"https:\/\/btmtelectric.com\/wp-content\/uploads\/2025\/07\/WhatsApp_Image_2025-07-09_at_11.45.18_AM-removebg-preview-1.png","width":175,"height":42,"caption":"BTMT ELECTRIC \u2013 Solutions \u00c9lectriques Fiables et Innovantes"},"image":{"@id":"https:\/\/btmtelectric.com\/#\/schema\/logo\/image\/"},"sameAs":["https:\/\/www.facebook.com\/profile.php?id=61578000361796","https:\/\/www.instagram.com\/btmtelectric\/"]}]}},"_links":{"self":[{"href":"https:\/\/btmtelectric.com\/index.php\/wp-json\/wp\/v2\/product\/8790","targetHints":{"allow":["GET"]}}],"collection":[{"href":"https:\/\/btmtelectric.com\/index.php\/wp-json\/wp\/v2\/product"}],"about":[{"href":"https:\/\/btmtelectric.com\/index.php\/wp-json\/wp\/v2\/types\/product"}],"replies":[{"embeddable":true,"href":"https:\/\/btmtelectric.com\/index.php\/wp-json\/wp\/v2\/comments?post=8790"}],"wp:featuredmedia":[{"embeddable":true,"href":"https:\/\/btmtelectric.com\/index.php\/wp-json\/wp\/v2\/media\/8814"}],"wp:attachment":[{"href":"https:\/\/btmtelectric.com\/index.php\/wp-json\/wp\/v2\/media?parent=8790"}],"wp:term":[{"taxonomy":"product_brand","embeddable":true,"href":"https:\/\/btmtelectric.com\/index.php\/wp-json\/wp\/v2\/product_brand?post=8790"},{"taxonomy":"product_cat","embeddable":true,"href":"https:\/\/btmtelectric.com\/index.php\/wp-json\/wp\/v2\/product_cat?post=8790"},{"taxonomy":"product_tag","embeddable":true,"href":"https:\/\/btmtelectric.com\/index.php\/wp-json\/wp\/v2\/product_tag?post=8790"}],"curies":[{"name":"wp","href":"https:\/\/api.w.org\/{rel}","templated":true}]}}