{"id":8756,"date":"2025-08-27T11:58:37","date_gmt":"2025-08-27T11:58:37","guid":{"rendered":"https:\/\/btmtelectric.com\/?post_type=product&#038;p=8756"},"modified":"2025-08-28T12:11:25","modified_gmt":"2025-08-28T12:11:25","slug":"disjoncteur-modulaire-4p-c25-6ka-chint","status":"publish","type":"product","link":"https:\/\/btmtelectric.com\/index.php\/product\/disjoncteur-modulaire-4p-c25-6ka-chint\/","title":{"rendered":"DISJONCTEUR MODULAIRE 4P C25 6KA CHINT"},"content":{"rendered":"<h3 data-start=\"580\" data-end=\"627\">Caract\u00e9ristiques techniques principales :<\/h3>\n<ul data-start=\"628\" data-end=\"1418\">\n<li data-start=\"628\" data-end=\"728\">\n<p data-start=\"630\" data-end=\"728\"><strong data-start=\"630\" data-end=\"654\">Courant nominal (In)<\/strong> : <strong data-start=\"657\" data-end=\"665\">25 A<\/strong>, id\u00e9al pour la protection des circuits de puissance moyenne.<\/p>\n<\/li>\n<li data-start=\"729\" data-end=\"830\">\n<p data-start=\"731\" data-end=\"830\"><strong data-start=\"731\" data-end=\"750\">Nombre de p\u00f4les<\/strong> : <strong data-start=\"753\" data-end=\"759\">4P<\/strong>, offrant une protection compl\u00e8te pour r\u00e9seaux triphas\u00e9s avec neutre.<\/p>\n<\/li>\n<li data-start=\"831\" data-end=\"914\">\n<p data-start=\"833\" data-end=\"914\"><strong data-start=\"833\" data-end=\"858\">Tension assign\u00e9e (Ue)<\/strong> : <strong data-start=\"861\" data-end=\"877\">230\/400 V AC<\/strong>, compatible monophas\u00e9 et triphas\u00e9.<\/p>\n<\/li>\n<li data-start=\"915\" data-end=\"966\">\n<p data-start=\"917\" data-end=\"966\"><strong data-start=\"917\" data-end=\"948\">Fr\u00e9quence de fonctionnement<\/strong> : <strong data-start=\"951\" data-end=\"963\">50\/60 Hz<\/strong>.<\/p>\n<\/li>\n<li data-start=\"967\" data-end=\"1091\">\n<p data-start=\"969\" data-end=\"1091\"><strong data-start=\"969\" data-end=\"997\">Pouvoir de coupure (Icn)<\/strong> : <strong data-start=\"1000\" data-end=\"1011\">6 000 A<\/strong>, garantissant une protection efficace m\u00eame en cas de court-circuit important.<\/p>\n<\/li>\n<li data-start=\"1092\" data-end=\"1194\">\n<p data-start=\"1094\" data-end=\"1194\"><strong data-start=\"1094\" data-end=\"1121\">Dur\u00e9e de vie \u00e9lectrique<\/strong> : jusqu\u2019\u00e0 <strong data-start=\"1132\" data-end=\"1151\">4 000 man\u0153uvres<\/strong>, assurant fiabilit\u00e9 dans l\u2019exploitation.<\/p>\n<\/li>\n<li data-start=\"1195\" data-end=\"1286\">\n<p data-start=\"1197\" data-end=\"1286\"><strong data-start=\"1197\" data-end=\"1223\">Dur\u00e9e de vie m\u00e9canique<\/strong> : jusqu\u2019\u00e0 <strong data-start=\"1234\" data-end=\"1254\">20 000 man\u0153uvres<\/strong>, t\u00e9moignant de sa robustesse.<\/p>\n<\/li>\n<li data-start=\"1287\" data-end=\"1418\">\n<p data-start=\"1289\" data-end=\"1418\"><strong data-start=\"1289\" data-end=\"1331\">Plage de temp\u00e9rature de fonctionnement<\/strong> : de <strong data-start=\"1337\" data-end=\"1356\">\u201325 \u00b0C \u00e0 +60 \u00b0C<\/strong>, permettant une utilisation dans des environnements vari\u00e9s.<\/p>\n<\/li>\n<\/ul>\n<h3 data-start=\"1420\" data-end=\"1445\">Atouts principaux :<\/h3>\n<ul data-start=\"1446\" data-end=\"1768\">\n<li data-start=\"1446\" data-end=\"1519\">\n<p data-start=\"1448\" data-end=\"1519\"><strong data-start=\"1448\" data-end=\"1463\">Polyvalence<\/strong> : utilisable en r\u00e9sidentiel, tertiaire et industriel.<\/p>\n<\/li>\n<li data-start=\"1520\" data-end=\"1600\">\n<p data-start=\"1522\" data-end=\"1600\"><strong data-start=\"1522\" data-end=\"1550\">Robustesse et durabilit\u00e9<\/strong> : excellente endurance \u00e9lectrique et m\u00e9canique.<\/p>\n<\/li>\n<li data-start=\"1601\" data-end=\"1686\">\n<p data-start=\"1603\" data-end=\"1686\"><strong data-start=\"1603\" data-end=\"1625\">S\u00e9curit\u00e9 renforc\u00e9e<\/strong> : prot\u00e8ge efficacement les personnes et les installations.<\/p>\n<\/li>\n<li data-start=\"1687\" data-end=\"1768\">\n<p data-start=\"1689\" data-end=\"1768\"><strong data-start=\"1689\" data-end=\"1730\">Conformit\u00e9 aux normes internationales<\/strong>, gage de qualit\u00e9 et de performance.<\/p>\n<\/li>\n<\/ul>\n","protected":false},"excerpt":{"rendered":"<p>Caract\u00e9ristiques techniques principales : Courant nominal (In) : 25 A, id\u00e9al pour la protection des circuits de puissance moyenne. Nombre de p\u00f4les : 4P, offrant une protection compl\u00e8te pour r\u00e9seaux<\/p>\n","protected":false},"featured_media":8825,"comment_status":"open","ping_status":"closed","template":"","meta":{"_acf_changed":false,"content-type":""},"product_brand":[],"product_cat":[367],"product_tag":[],"class_list":{"0":"post-8756","1":"product","2":"type-product","3":"status-publish","4":"has-post-thumbnail","6":"product_cat-disjoncteurs","8":"first","9":"instock","10":"shipping-taxable","11":"purchasable","12":"product-type-simple"},"acf":[],"yoast_head":"<!-- This site is optimized with the Yoast SEO plugin v27.3 - https:\/\/yoast.com\/product\/yoast-seo-wordpress\/ -->\n<title>DISJONCTEUR MODULAIRE 4P C25 6KA CHINT - BTMT ELECTRIC \u2013 Solutions \u00c9lectriques Fiables et Innovantes<\/title>\n<meta name=\"robots\" content=\"index, follow, max-snippet:-1, max-image-preview:large, max-video-preview:-1\" \/>\n<link rel=\"canonical\" href=\"https:\/\/btmtelectric.com\/index.php\/product\/disjoncteur-modulaire-4p-c25-6ka-chint\/\" \/>\n<meta property=\"og:locale\" content=\"fr_FR\" \/>\n<meta property=\"og:type\" content=\"article\" \/>\n<meta property=\"og:title\" content=\"DISJONCTEUR MODULAIRE 4P C25 6KA CHINT - BTMT ELECTRIC \u2013 Solutions \u00c9lectriques Fiables et Innovantes\" \/>\n<meta property=\"og:description\" content=\"Caract\u00e9ristiques techniques principales : Courant nominal (In) : 25 A, id\u00e9al pour la protection des circuits de puissance moyenne. Nombre de p\u00f4les : 4P, offrant une protection compl\u00e8te pour r\u00e9seaux\" \/>\n<meta property=\"og:url\" content=\"https:\/\/btmtelectric.com\/index.php\/product\/disjoncteur-modulaire-4p-c25-6ka-chint\/\" \/>\n<meta property=\"og:site_name\" content=\"BTMT ELECTRIC \u2013 Solutions \u00c9lectriques Fiables et Innovantes\" \/>\n<meta property=\"article:publisher\" content=\"https:\/\/www.facebook.com\/profile.php?id=61578000361796\" \/>\n<meta property=\"article:modified_time\" content=\"2025-08-28T12:11:25+00:00\" \/>\n<meta property=\"og:image\" content=\"https:\/\/btmtelectric.com\/wp-content\/uploads\/2025\/08\/disj-modulaire-c25-4p.png\" \/>\n\t<meta property=\"og:image:width\" content=\"382\" \/>\n\t<meta property=\"og:image:height\" content=\"348\" \/>\n\t<meta property=\"og:image:type\" content=\"image\/png\" \/>\n<meta name=\"twitter:card\" content=\"summary_large_image\" \/>\n<meta name=\"twitter:label1\" content=\"Dur\u00e9e de lecture estim\u00e9e\" \/>\n\t<meta name=\"twitter:data1\" content=\"1 minute\" \/>\n<script type=\"application\/ld+json\" class=\"yoast-schema-graph\">{\"@context\":\"https:\\\/\\\/schema.org\",\"@graph\":[{\"@type\":\"WebPage\",\"@id\":\"https:\\\/\\\/btmtelectric.com\\\/index.php\\\/product\\\/disjoncteur-modulaire-4p-c25-6ka-chint\\\/\",\"url\":\"https:\\\/\\\/btmtelectric.com\\\/index.php\\\/product\\\/disjoncteur-modulaire-4p-c25-6ka-chint\\\/\",\"name\":\"DISJONCTEUR MODULAIRE 4P C25 6KA CHINT - BTMT ELECTRIC \u2013 Solutions \u00c9lectriques Fiables et Innovantes\",\"isPartOf\":{\"@id\":\"https:\\\/\\\/btmtelectric.com\\\/#website\"},\"primaryImageOfPage\":{\"@id\":\"https:\\\/\\\/btmtelectric.com\\\/index.php\\\/product\\\/disjoncteur-modulaire-4p-c25-6ka-chint\\\/#primaryimage\"},\"image\":{\"@id\":\"https:\\\/\\\/btmtelectric.com\\\/index.php\\\/product\\\/disjoncteur-modulaire-4p-c25-6ka-chint\\\/#primaryimage\"},\"thumbnailUrl\":\"https:\\\/\\\/btmtelectric.com\\\/wp-content\\\/uploads\\\/2025\\\/08\\\/disj-modulaire-c25-4p.png\",\"datePublished\":\"2025-08-27T11:58:37+00:00\",\"dateModified\":\"2025-08-28T12:11:25+00:00\",\"breadcrumb\":{\"@id\":\"https:\\\/\\\/btmtelectric.com\\\/index.php\\\/product\\\/disjoncteur-modulaire-4p-c25-6ka-chint\\\/#breadcrumb\"},\"inLanguage\":\"fr-FR\",\"potentialAction\":[{\"@type\":\"ReadAction\",\"target\":[\"https:\\\/\\\/btmtelectric.com\\\/index.php\\\/product\\\/disjoncteur-modulaire-4p-c25-6ka-chint\\\/\"]}]},{\"@type\":\"ImageObject\",\"inLanguage\":\"fr-FR\",\"@id\":\"https:\\\/\\\/btmtelectric.com\\\/index.php\\\/product\\\/disjoncteur-modulaire-4p-c25-6ka-chint\\\/#primaryimage\",\"url\":\"https:\\\/\\\/btmtelectric.com\\\/wp-content\\\/uploads\\\/2025\\\/08\\\/disj-modulaire-c25-4p.png\",\"contentUrl\":\"https:\\\/\\\/btmtelectric.com\\\/wp-content\\\/uploads\\\/2025\\\/08\\\/disj-modulaire-c25-4p.png\",\"width\":382,\"height\":348},{\"@type\":\"BreadcrumbList\",\"@id\":\"https:\\\/\\\/btmtelectric.com\\\/index.php\\\/product\\\/disjoncteur-modulaire-4p-c25-6ka-chint\\\/#breadcrumb\",\"itemListElement\":[{\"@type\":\"ListItem\",\"position\":1,\"name\":\"Accueil\",\"item\":\"https:\\\/\\\/btmtelectric.com\\\/\"},{\"@type\":\"ListItem\",\"position\":2,\"name\":\"Boutique\",\"item\":\"https:\\\/\\\/btmtelectric.com\\\/index.php\\\/boutique\\\/\"},{\"@type\":\"ListItem\",\"position\":3,\"name\":\"DISJONCTEUR MODULAIRE 4P C25 6KA CHINT\"}]},{\"@type\":\"WebSite\",\"@id\":\"https:\\\/\\\/btmtelectric.com\\\/#website\",\"url\":\"https:\\\/\\\/btmtelectric.com\\\/\",\"name\":\"BTMT ELECTRIC \u2013 Solutions \u00c9lectriques Fiables et Innovantes\",\"description\":\"\",\"publisher\":{\"@id\":\"https:\\\/\\\/btmtelectric.com\\\/#organization\"},\"potentialAction\":[{\"@type\":\"SearchAction\",\"target\":{\"@type\":\"EntryPoint\",\"urlTemplate\":\"https:\\\/\\\/btmtelectric.com\\\/?s={search_term_string}\"},\"query-input\":{\"@type\":\"PropertyValueSpecification\",\"valueRequired\":true,\"valueName\":\"search_term_string\"}}],\"inLanguage\":\"fr-FR\"},{\"@type\":\"Organization\",\"@id\":\"https:\\\/\\\/btmtelectric.com\\\/#organization\",\"name\":\"BTMT ELECTRIC \u2013 Solutions \u00c9lectriques Fiables et Innovantes\",\"url\":\"https:\\\/\\\/btmtelectric.com\\\/\",\"logo\":{\"@type\":\"ImageObject\",\"inLanguage\":\"fr-FR\",\"@id\":\"https:\\\/\\\/btmtelectric.com\\\/#\\\/schema\\\/logo\\\/image\\\/\",\"url\":\"https:\\\/\\\/btmtelectric.com\\\/wp-content\\\/uploads\\\/2025\\\/07\\\/WhatsApp_Image_2025-07-09_at_11.45.18_AM-removebg-preview-1.png\",\"contentUrl\":\"https:\\\/\\\/btmtelectric.com\\\/wp-content\\\/uploads\\\/2025\\\/07\\\/WhatsApp_Image_2025-07-09_at_11.45.18_AM-removebg-preview-1.png\",\"width\":175,\"height\":42,\"caption\":\"BTMT ELECTRIC \u2013 Solutions \u00c9lectriques Fiables et Innovantes\"},\"image\":{\"@id\":\"https:\\\/\\\/btmtelectric.com\\\/#\\\/schema\\\/logo\\\/image\\\/\"},\"sameAs\":[\"https:\\\/\\\/www.facebook.com\\\/profile.php?id=61578000361796\",\"https:\\\/\\\/www.instagram.com\\\/btmtelectric\\\/\"]}]}<\/script>\n<!-- \/ Yoast SEO plugin. -->","yoast_head_json":{"title":"DISJONCTEUR MODULAIRE 4P C25 6KA CHINT - BTMT ELECTRIC \u2013 Solutions \u00c9lectriques Fiables et Innovantes","robots":{"index":"index","follow":"follow","max-snippet":"max-snippet:-1","max-image-preview":"max-image-preview:large","max-video-preview":"max-video-preview:-1"},"canonical":"https:\/\/btmtelectric.com\/index.php\/product\/disjoncteur-modulaire-4p-c25-6ka-chint\/","og_locale":"fr_FR","og_type":"article","og_title":"DISJONCTEUR MODULAIRE 4P C25 6KA CHINT - BTMT ELECTRIC \u2013 Solutions \u00c9lectriques Fiables et Innovantes","og_description":"Caract\u00e9ristiques techniques principales : Courant nominal (In) : 25 A, id\u00e9al pour la protection des circuits de puissance moyenne. Nombre de p\u00f4les : 4P, offrant une protection compl\u00e8te pour r\u00e9seaux","og_url":"https:\/\/btmtelectric.com\/index.php\/product\/disjoncteur-modulaire-4p-c25-6ka-chint\/","og_site_name":"BTMT ELECTRIC \u2013 Solutions \u00c9lectriques Fiables et Innovantes","article_publisher":"https:\/\/www.facebook.com\/profile.php?id=61578000361796","article_modified_time":"2025-08-28T12:11:25+00:00","og_image":[{"width":382,"height":348,"url":"https:\/\/btmtelectric.com\/wp-content\/uploads\/2025\/08\/disj-modulaire-c25-4p.png","type":"image\/png"}],"twitter_card":"summary_large_image","twitter_misc":{"Dur\u00e9e de lecture estim\u00e9e":"1 minute"},"schema":{"@context":"https:\/\/schema.org","@graph":[{"@type":"WebPage","@id":"https:\/\/btmtelectric.com\/index.php\/product\/disjoncteur-modulaire-4p-c25-6ka-chint\/","url":"https:\/\/btmtelectric.com\/index.php\/product\/disjoncteur-modulaire-4p-c25-6ka-chint\/","name":"DISJONCTEUR MODULAIRE 4P C25 6KA CHINT - BTMT ELECTRIC \u2013 Solutions \u00c9lectriques Fiables et Innovantes","isPartOf":{"@id":"https:\/\/btmtelectric.com\/#website"},"primaryImageOfPage":{"@id":"https:\/\/btmtelectric.com\/index.php\/product\/disjoncteur-modulaire-4p-c25-6ka-chint\/#primaryimage"},"image":{"@id":"https:\/\/btmtelectric.com\/index.php\/product\/disjoncteur-modulaire-4p-c25-6ka-chint\/#primaryimage"},"thumbnailUrl":"https:\/\/btmtelectric.com\/wp-content\/uploads\/2025\/08\/disj-modulaire-c25-4p.png","datePublished":"2025-08-27T11:58:37+00:00","dateModified":"2025-08-28T12:11:25+00:00","breadcrumb":{"@id":"https:\/\/btmtelectric.com\/index.php\/product\/disjoncteur-modulaire-4p-c25-6ka-chint\/#breadcrumb"},"inLanguage":"fr-FR","potentialAction":[{"@type":"ReadAction","target":["https:\/\/btmtelectric.com\/index.php\/product\/disjoncteur-modulaire-4p-c25-6ka-chint\/"]}]},{"@type":"ImageObject","inLanguage":"fr-FR","@id":"https:\/\/btmtelectric.com\/index.php\/product\/disjoncteur-modulaire-4p-c25-6ka-chint\/#primaryimage","url":"https:\/\/btmtelectric.com\/wp-content\/uploads\/2025\/08\/disj-modulaire-c25-4p.png","contentUrl":"https:\/\/btmtelectric.com\/wp-content\/uploads\/2025\/08\/disj-modulaire-c25-4p.png","width":382,"height":348},{"@type":"BreadcrumbList","@id":"https:\/\/btmtelectric.com\/index.php\/product\/disjoncteur-modulaire-4p-c25-6ka-chint\/#breadcrumb","itemListElement":[{"@type":"ListItem","position":1,"name":"Accueil","item":"https:\/\/btmtelectric.com\/"},{"@type":"ListItem","position":2,"name":"Boutique","item":"https:\/\/btmtelectric.com\/index.php\/boutique\/"},{"@type":"ListItem","position":3,"name":"DISJONCTEUR MODULAIRE 4P C25 6KA CHINT"}]},{"@type":"WebSite","@id":"https:\/\/btmtelectric.com\/#website","url":"https:\/\/btmtelectric.com\/","name":"BTMT ELECTRIC \u2013 Solutions \u00c9lectriques Fiables et Innovantes","description":"","publisher":{"@id":"https:\/\/btmtelectric.com\/#organization"},"potentialAction":[{"@type":"SearchAction","target":{"@type":"EntryPoint","urlTemplate":"https:\/\/btmtelectric.com\/?s={search_term_string}"},"query-input":{"@type":"PropertyValueSpecification","valueRequired":true,"valueName":"search_term_string"}}],"inLanguage":"fr-FR"},{"@type":"Organization","@id":"https:\/\/btmtelectric.com\/#organization","name":"BTMT ELECTRIC \u2013 Solutions \u00c9lectriques Fiables et Innovantes","url":"https:\/\/btmtelectric.com\/","logo":{"@type":"ImageObject","inLanguage":"fr-FR","@id":"https:\/\/btmtelectric.com\/#\/schema\/logo\/image\/","url":"https:\/\/btmtelectric.com\/wp-content\/uploads\/2025\/07\/WhatsApp_Image_2025-07-09_at_11.45.18_AM-removebg-preview-1.png","contentUrl":"https:\/\/btmtelectric.com\/wp-content\/uploads\/2025\/07\/WhatsApp_Image_2025-07-09_at_11.45.18_AM-removebg-preview-1.png","width":175,"height":42,"caption":"BTMT ELECTRIC \u2013 Solutions \u00c9lectriques Fiables et Innovantes"},"image":{"@id":"https:\/\/btmtelectric.com\/#\/schema\/logo\/image\/"},"sameAs":["https:\/\/www.facebook.com\/profile.php?id=61578000361796","https:\/\/www.instagram.com\/btmtelectric\/"]}]}},"_links":{"self":[{"href":"https:\/\/btmtelectric.com\/index.php\/wp-json\/wp\/v2\/product\/8756","targetHints":{"allow":["GET"]}}],"collection":[{"href":"https:\/\/btmtelectric.com\/index.php\/wp-json\/wp\/v2\/product"}],"about":[{"href":"https:\/\/btmtelectric.com\/index.php\/wp-json\/wp\/v2\/types\/product"}],"replies":[{"embeddable":true,"href":"https:\/\/btmtelectric.com\/index.php\/wp-json\/wp\/v2\/comments?post=8756"}],"wp:featuredmedia":[{"embeddable":true,"href":"https:\/\/btmtelectric.com\/index.php\/wp-json\/wp\/v2\/media\/8825"}],"wp:attachment":[{"href":"https:\/\/btmtelectric.com\/index.php\/wp-json\/wp\/v2\/media?parent=8756"}],"wp:term":[{"taxonomy":"product_brand","embeddable":true,"href":"https:\/\/btmtelectric.com\/index.php\/wp-json\/wp\/v2\/product_brand?post=8756"},{"taxonomy":"product_cat","embeddable":true,"href":"https:\/\/btmtelectric.com\/index.php\/wp-json\/wp\/v2\/product_cat?post=8756"},{"taxonomy":"product_tag","embeddable":true,"href":"https:\/\/btmtelectric.com\/index.php\/wp-json\/wp\/v2\/product_tag?post=8756"}],"curies":[{"name":"wp","href":"https:\/\/api.w.org\/{rel}","templated":true}]}}