{"id":8711,"date":"2025-08-23T10:41:49","date_gmt":"2025-08-23T10:41:49","guid":{"rendered":"https:\/\/btmtelectric.com\/?post_type=product&#038;p=8711"},"modified":"2025-08-23T10:41:49","modified_gmt":"2025-08-23T10:41:49","slug":"mag-4p-central-incendie-conventionnel-4-zones","status":"publish","type":"product","link":"https:\/\/btmtelectric.com\/index.php\/product\/mag-4p-central-incendie-conventionnel-4-zones\/","title":{"rendered":"MAG 4P, CENTRAL INCENDIE CONVENTIONNEL 4 ZONES"},"content":{"rendered":"<p>La <strong data-start=\"69\" data-end=\"86\">centrale MAG4<\/strong> est une unit\u00e9 de d\u00e9tection incendie conventionnelle offrant <strong data-start=\"147\" data-end=\"177\">quatre zones ind\u00e9pendantes<\/strong>, chacune capable de g\u00e9rer jusqu\u2019\u00e0 <strong data-start=\"212\" data-end=\"244\">32 d\u00e9tecteurs conventionnels<\/strong>. \u00c0 cela s\u2019ajoute la possibilit\u00e9 de raccorder un nombre illimit\u00e9 de <strong data-start=\"312\" data-end=\"341\">boutons-poussoirs manuels<\/strong>, sous r\u00e9serve du respect des normes et r\u00e9glementations locales.<\/p>\n<p data-start=\"409\" data-end=\"565\">Chaque zone est <strong data-start=\"425\" data-end=\"467\">contr\u00f4lable et configurable s\u00e9par\u00e9ment<\/strong>, permettant d\u2019adapter le syst\u00e8me aux besoins sp\u00e9cifiques de chaque b\u00e2timent ou secteur prot\u00e9g\u00e9.<\/p>\n<p data-start=\"567\" data-end=\"831\">Le <strong data-start=\"570\" data-end=\"601\">panneau frontal ergonomique<\/strong> est \u00e9quip\u00e9 de <strong data-start=\"616\" data-end=\"641\">voyants LED intuitifs<\/strong>, offrant une lecture imm\u00e9diate de l\u2019\u00e9tat global du syst\u00e8me : pr\u00e9sence de l\u2019alimentation secteur, d\u00e9clenchement d\u2019une alarme, d\u00e9tection d\u2019un d\u00e9rangement ou signalisation d\u2019une d\u00e9connexion.<\/p>\n<p data-start=\"833\" data-end=\"1043\">Compacte, fiable et simple d\u2019utilisation, la MAG4 constitue une <strong data-start=\"897\" data-end=\"959\">solution id\u00e9ale pour les petites et moyennes installations<\/strong> n\u00e9cessitant une protection incendie efficace et conforme aux standards europ\u00e9ens.<\/p>\n","protected":false},"excerpt":{"rendered":"<p>La centrale MAG4 est une unit\u00e9 de d\u00e9tection incendie conventionnelle offrant quatre zones ind\u00e9pendantes, chacune capable de g\u00e9rer jusqu\u2019\u00e0 32 d\u00e9tecteurs conventionnels. \u00c0 cela s\u2019ajoute la possibilit\u00e9 de raccorder un<\/p>\n","protected":false},"featured_media":8712,"comment_status":"open","ping_status":"closed","template":"","meta":{"_acf_changed":false,"content-type":""},"product_brand":[],"product_cat":[352],"product_tag":[],"class_list":{"0":"post-8711","1":"product","2":"type-product","3":"status-publish","4":"has-post-thumbnail","6":"product_cat-centrale-incendie","8":"first","9":"instock","10":"shipping-taxable","11":"purchasable","12":"product-type-simple"},"acf":[],"yoast_head":"<!-- This site is optimized with the Yoast SEO plugin v27.3 - https:\/\/yoast.com\/product\/yoast-seo-wordpress\/ -->\n<title>MAG 4P, CENTRAL INCENDIE CONVENTIONNEL 4 ZONES - BTMT ELECTRIC \u2013 Solutions \u00c9lectriques Fiables et Innovantes<\/title>\n<meta name=\"robots\" content=\"index, follow, max-snippet:-1, max-image-preview:large, max-video-preview:-1\" \/>\n<link rel=\"canonical\" href=\"https:\/\/btmtelectric.com\/index.php\/product\/mag-4p-central-incendie-conventionnel-4-zones\/\" \/>\n<meta property=\"og:locale\" content=\"fr_FR\" \/>\n<meta property=\"og:type\" content=\"article\" \/>\n<meta property=\"og:title\" content=\"MAG 4P, CENTRAL INCENDIE CONVENTIONNEL 4 ZONES - BTMT ELECTRIC \u2013 Solutions \u00c9lectriques Fiables et Innovantes\" \/>\n<meta property=\"og:description\" content=\"La centrale MAG4 est une unit\u00e9 de d\u00e9tection incendie conventionnelle offrant quatre zones ind\u00e9pendantes, chacune capable de g\u00e9rer jusqu\u2019\u00e0 32 d\u00e9tecteurs conventionnels. \u00c0 cela s\u2019ajoute la possibilit\u00e9 de raccorder un\" \/>\n<meta property=\"og:url\" content=\"https:\/\/btmtelectric.com\/index.php\/product\/mag-4p-central-incendie-conventionnel-4-zones\/\" \/>\n<meta property=\"og:site_name\" content=\"BTMT ELECTRIC \u2013 Solutions \u00c9lectriques Fiables et Innovantes\" \/>\n<meta property=\"article:publisher\" content=\"https:\/\/www.facebook.com\/profile.php?id=61578000361796\" \/>\n<meta property=\"og:image\" content=\"https:\/\/btmtelectric.com\/wp-content\/uploads\/2025\/08\/4p.jpeg\" \/>\n\t<meta property=\"og:image:width\" content=\"243\" \/>\n\t<meta property=\"og:image:height\" content=\"207\" \/>\n\t<meta property=\"og:image:type\" content=\"image\/jpeg\" \/>\n<meta name=\"twitter:card\" content=\"summary_large_image\" \/>\n<meta name=\"twitter:label1\" content=\"Dur\u00e9e de lecture estim\u00e9e\" \/>\n\t<meta name=\"twitter:data1\" content=\"1 minute\" \/>\n<script type=\"application\/ld+json\" class=\"yoast-schema-graph\">{\"@context\":\"https:\\\/\\\/schema.org\",\"@graph\":[{\"@type\":\"WebPage\",\"@id\":\"https:\\\/\\\/btmtelectric.com\\\/index.php\\\/product\\\/mag-4p-central-incendie-conventionnel-4-zones\\\/\",\"url\":\"https:\\\/\\\/btmtelectric.com\\\/index.php\\\/product\\\/mag-4p-central-incendie-conventionnel-4-zones\\\/\",\"name\":\"MAG 4P, CENTRAL INCENDIE CONVENTIONNEL 4 ZONES - BTMT ELECTRIC \u2013 Solutions \u00c9lectriques Fiables et Innovantes\",\"isPartOf\":{\"@id\":\"https:\\\/\\\/btmtelectric.com\\\/#website\"},\"primaryImageOfPage\":{\"@id\":\"https:\\\/\\\/btmtelectric.com\\\/index.php\\\/product\\\/mag-4p-central-incendie-conventionnel-4-zones\\\/#primaryimage\"},\"image\":{\"@id\":\"https:\\\/\\\/btmtelectric.com\\\/index.php\\\/product\\\/mag-4p-central-incendie-conventionnel-4-zones\\\/#primaryimage\"},\"thumbnailUrl\":\"https:\\\/\\\/btmtelectric.com\\\/wp-content\\\/uploads\\\/2025\\\/08\\\/4p.jpeg\",\"datePublished\":\"2025-08-23T10:41:49+00:00\",\"breadcrumb\":{\"@id\":\"https:\\\/\\\/btmtelectric.com\\\/index.php\\\/product\\\/mag-4p-central-incendie-conventionnel-4-zones\\\/#breadcrumb\"},\"inLanguage\":\"fr-FR\",\"potentialAction\":[{\"@type\":\"ReadAction\",\"target\":[\"https:\\\/\\\/btmtelectric.com\\\/index.php\\\/product\\\/mag-4p-central-incendie-conventionnel-4-zones\\\/\"]}]},{\"@type\":\"ImageObject\",\"inLanguage\":\"fr-FR\",\"@id\":\"https:\\\/\\\/btmtelectric.com\\\/index.php\\\/product\\\/mag-4p-central-incendie-conventionnel-4-zones\\\/#primaryimage\",\"url\":\"https:\\\/\\\/btmtelectric.com\\\/wp-content\\\/uploads\\\/2025\\\/08\\\/4p.jpeg\",\"contentUrl\":\"https:\\\/\\\/btmtelectric.com\\\/wp-content\\\/uploads\\\/2025\\\/08\\\/4p.jpeg\",\"width\":243,\"height\":207},{\"@type\":\"BreadcrumbList\",\"@id\":\"https:\\\/\\\/btmtelectric.com\\\/index.php\\\/product\\\/mag-4p-central-incendie-conventionnel-4-zones\\\/#breadcrumb\",\"itemListElement\":[{\"@type\":\"ListItem\",\"position\":1,\"name\":\"Accueil\",\"item\":\"https:\\\/\\\/btmtelectric.com\\\/\"},{\"@type\":\"ListItem\",\"position\":2,\"name\":\"Boutique\",\"item\":\"https:\\\/\\\/btmtelectric.com\\\/index.php\\\/boutique\\\/\"},{\"@type\":\"ListItem\",\"position\":3,\"name\":\"MAG 4P, CENTRAL INCENDIE CONVENTIONNEL 4 ZONES\"}]},{\"@type\":\"WebSite\",\"@id\":\"https:\\\/\\\/btmtelectric.com\\\/#website\",\"url\":\"https:\\\/\\\/btmtelectric.com\\\/\",\"name\":\"BTMT ELECTRIC \u2013 Solutions \u00c9lectriques Fiables et Innovantes\",\"description\":\"\",\"publisher\":{\"@id\":\"https:\\\/\\\/btmtelectric.com\\\/#organization\"},\"potentialAction\":[{\"@type\":\"SearchAction\",\"target\":{\"@type\":\"EntryPoint\",\"urlTemplate\":\"https:\\\/\\\/btmtelectric.com\\\/?s={search_term_string}\"},\"query-input\":{\"@type\":\"PropertyValueSpecification\",\"valueRequired\":true,\"valueName\":\"search_term_string\"}}],\"inLanguage\":\"fr-FR\"},{\"@type\":\"Organization\",\"@id\":\"https:\\\/\\\/btmtelectric.com\\\/#organization\",\"name\":\"BTMT ELECTRIC \u2013 Solutions \u00c9lectriques Fiables et Innovantes\",\"url\":\"https:\\\/\\\/btmtelectric.com\\\/\",\"logo\":{\"@type\":\"ImageObject\",\"inLanguage\":\"fr-FR\",\"@id\":\"https:\\\/\\\/btmtelectric.com\\\/#\\\/schema\\\/logo\\\/image\\\/\",\"url\":\"https:\\\/\\\/btmtelectric.com\\\/wp-content\\\/uploads\\\/2025\\\/07\\\/WhatsApp_Image_2025-07-09_at_11.45.18_AM-removebg-preview-1.png\",\"contentUrl\":\"https:\\\/\\\/btmtelectric.com\\\/wp-content\\\/uploads\\\/2025\\\/07\\\/WhatsApp_Image_2025-07-09_at_11.45.18_AM-removebg-preview-1.png\",\"width\":175,\"height\":42,\"caption\":\"BTMT ELECTRIC \u2013 Solutions \u00c9lectriques Fiables et Innovantes\"},\"image\":{\"@id\":\"https:\\\/\\\/btmtelectric.com\\\/#\\\/schema\\\/logo\\\/image\\\/\"},\"sameAs\":[\"https:\\\/\\\/www.facebook.com\\\/profile.php?id=61578000361796\",\"https:\\\/\\\/www.instagram.com\\\/btmtelectric\\\/\"]}]}<\/script>\n<!-- \/ Yoast SEO plugin. -->","yoast_head_json":{"title":"MAG 4P, CENTRAL INCENDIE CONVENTIONNEL 4 ZONES - BTMT ELECTRIC \u2013 Solutions \u00c9lectriques Fiables et Innovantes","robots":{"index":"index","follow":"follow","max-snippet":"max-snippet:-1","max-image-preview":"max-image-preview:large","max-video-preview":"max-video-preview:-1"},"canonical":"https:\/\/btmtelectric.com\/index.php\/product\/mag-4p-central-incendie-conventionnel-4-zones\/","og_locale":"fr_FR","og_type":"article","og_title":"MAG 4P, CENTRAL INCENDIE CONVENTIONNEL 4 ZONES - BTMT ELECTRIC \u2013 Solutions \u00c9lectriques Fiables et Innovantes","og_description":"La centrale MAG4 est une unit\u00e9 de d\u00e9tection incendie conventionnelle offrant quatre zones ind\u00e9pendantes, chacune capable de g\u00e9rer jusqu\u2019\u00e0 32 d\u00e9tecteurs conventionnels. \u00c0 cela s\u2019ajoute la possibilit\u00e9 de raccorder un","og_url":"https:\/\/btmtelectric.com\/index.php\/product\/mag-4p-central-incendie-conventionnel-4-zones\/","og_site_name":"BTMT ELECTRIC \u2013 Solutions \u00c9lectriques Fiables et Innovantes","article_publisher":"https:\/\/www.facebook.com\/profile.php?id=61578000361796","og_image":[{"width":243,"height":207,"url":"https:\/\/btmtelectric.com\/wp-content\/uploads\/2025\/08\/4p.jpeg","type":"image\/jpeg"}],"twitter_card":"summary_large_image","twitter_misc":{"Dur\u00e9e de lecture estim\u00e9e":"1 minute"},"schema":{"@context":"https:\/\/schema.org","@graph":[{"@type":"WebPage","@id":"https:\/\/btmtelectric.com\/index.php\/product\/mag-4p-central-incendie-conventionnel-4-zones\/","url":"https:\/\/btmtelectric.com\/index.php\/product\/mag-4p-central-incendie-conventionnel-4-zones\/","name":"MAG 4P, CENTRAL INCENDIE CONVENTIONNEL 4 ZONES - BTMT ELECTRIC \u2013 Solutions \u00c9lectriques Fiables et Innovantes","isPartOf":{"@id":"https:\/\/btmtelectric.com\/#website"},"primaryImageOfPage":{"@id":"https:\/\/btmtelectric.com\/index.php\/product\/mag-4p-central-incendie-conventionnel-4-zones\/#primaryimage"},"image":{"@id":"https:\/\/btmtelectric.com\/index.php\/product\/mag-4p-central-incendie-conventionnel-4-zones\/#primaryimage"},"thumbnailUrl":"https:\/\/btmtelectric.com\/wp-content\/uploads\/2025\/08\/4p.jpeg","datePublished":"2025-08-23T10:41:49+00:00","breadcrumb":{"@id":"https:\/\/btmtelectric.com\/index.php\/product\/mag-4p-central-incendie-conventionnel-4-zones\/#breadcrumb"},"inLanguage":"fr-FR","potentialAction":[{"@type":"ReadAction","target":["https:\/\/btmtelectric.com\/index.php\/product\/mag-4p-central-incendie-conventionnel-4-zones\/"]}]},{"@type":"ImageObject","inLanguage":"fr-FR","@id":"https:\/\/btmtelectric.com\/index.php\/product\/mag-4p-central-incendie-conventionnel-4-zones\/#primaryimage","url":"https:\/\/btmtelectric.com\/wp-content\/uploads\/2025\/08\/4p.jpeg","contentUrl":"https:\/\/btmtelectric.com\/wp-content\/uploads\/2025\/08\/4p.jpeg","width":243,"height":207},{"@type":"BreadcrumbList","@id":"https:\/\/btmtelectric.com\/index.php\/product\/mag-4p-central-incendie-conventionnel-4-zones\/#breadcrumb","itemListElement":[{"@type":"ListItem","position":1,"name":"Accueil","item":"https:\/\/btmtelectric.com\/"},{"@type":"ListItem","position":2,"name":"Boutique","item":"https:\/\/btmtelectric.com\/index.php\/boutique\/"},{"@type":"ListItem","position":3,"name":"MAG 4P, CENTRAL INCENDIE CONVENTIONNEL 4 ZONES"}]},{"@type":"WebSite","@id":"https:\/\/btmtelectric.com\/#website","url":"https:\/\/btmtelectric.com\/","name":"BTMT ELECTRIC \u2013 Solutions \u00c9lectriques Fiables et Innovantes","description":"","publisher":{"@id":"https:\/\/btmtelectric.com\/#organization"},"potentialAction":[{"@type":"SearchAction","target":{"@type":"EntryPoint","urlTemplate":"https:\/\/btmtelectric.com\/?s={search_term_string}"},"query-input":{"@type":"PropertyValueSpecification","valueRequired":true,"valueName":"search_term_string"}}],"inLanguage":"fr-FR"},{"@type":"Organization","@id":"https:\/\/btmtelectric.com\/#organization","name":"BTMT ELECTRIC \u2013 Solutions \u00c9lectriques Fiables et Innovantes","url":"https:\/\/btmtelectric.com\/","logo":{"@type":"ImageObject","inLanguage":"fr-FR","@id":"https:\/\/btmtelectric.com\/#\/schema\/logo\/image\/","url":"https:\/\/btmtelectric.com\/wp-content\/uploads\/2025\/07\/WhatsApp_Image_2025-07-09_at_11.45.18_AM-removebg-preview-1.png","contentUrl":"https:\/\/btmtelectric.com\/wp-content\/uploads\/2025\/07\/WhatsApp_Image_2025-07-09_at_11.45.18_AM-removebg-preview-1.png","width":175,"height":42,"caption":"BTMT ELECTRIC \u2013 Solutions \u00c9lectriques Fiables et Innovantes"},"image":{"@id":"https:\/\/btmtelectric.com\/#\/schema\/logo\/image\/"},"sameAs":["https:\/\/www.facebook.com\/profile.php?id=61578000361796","https:\/\/www.instagram.com\/btmtelectric\/"]}]}},"_links":{"self":[{"href":"https:\/\/btmtelectric.com\/index.php\/wp-json\/wp\/v2\/product\/8711","targetHints":{"allow":["GET"]}}],"collection":[{"href":"https:\/\/btmtelectric.com\/index.php\/wp-json\/wp\/v2\/product"}],"about":[{"href":"https:\/\/btmtelectric.com\/index.php\/wp-json\/wp\/v2\/types\/product"}],"replies":[{"embeddable":true,"href":"https:\/\/btmtelectric.com\/index.php\/wp-json\/wp\/v2\/comments?post=8711"}],"wp:featuredmedia":[{"embeddable":true,"href":"https:\/\/btmtelectric.com\/index.php\/wp-json\/wp\/v2\/media\/8712"}],"wp:attachment":[{"href":"https:\/\/btmtelectric.com\/index.php\/wp-json\/wp\/v2\/media?parent=8711"}],"wp:term":[{"taxonomy":"product_brand","embeddable":true,"href":"https:\/\/btmtelectric.com\/index.php\/wp-json\/wp\/v2\/product_brand?post=8711"},{"taxonomy":"product_cat","embeddable":true,"href":"https:\/\/btmtelectric.com\/index.php\/wp-json\/wp\/v2\/product_cat?post=8711"},{"taxonomy":"product_tag","embeddable":true,"href":"https:\/\/btmtelectric.com\/index.php\/wp-json\/wp\/v2\/product_tag?post=8711"}],"curies":[{"name":"wp","href":"https:\/\/api.w.org\/{rel}","templated":true}]}}