{"id":8426,"date":"2025-07-23T08:26:47","date_gmt":"2025-07-23T08:26:47","guid":{"rendered":"https:\/\/btmtelectric.com\/?post_type=product&#038;p=8426"},"modified":"2025-07-23T08:26:48","modified_gmt":"2025-07-23T08:26:48","slug":"transmeteur-gsm","status":"publish","type":"product","link":"https:\/\/btmtelectric.com\/index.php\/product\/transmeteur-gsm\/","title":{"rendered":"Transmeteur GSM"},"content":{"rendered":"<h3 data-start=\"149\" data-end=\"202\"><strong data-start=\"155\" data-end=\"175\">Transmetteur GSM<\/strong> \u2013 Module de communication sans fil permettant \u00e0 un syst\u00e8me d\u2019alarme de transmettre des alertes via les r\u00e9seaux 2G, 3G et 4G LTE (B1, B3, B7, B8, B20).<\/h3>\n","protected":false},"excerpt":{"rendered":"<p data-start=\"367\" data-end=\"737\">Le <strong data-start=\"370\" data-end=\"390\">Transmetteur GSM<\/strong> est un module de communication avanc\u00e9 con\u00e7u pour assurer la transmission fiable des alarmes en l&#8217;absence de ligne t\u00e9l\u00e9phonique fixe. Compatible avec les r\u00e9seaux <strong data-start=\"552\" data-end=\"572\">2G, 3G et 4G LTE<\/strong>, il permet d\u2019envoyer automatiquement des messages vocaux, SMS ou signaux num\u00e9riques (comme Contact ID) vers un centre de t\u00e9l\u00e9surveillance ou des num\u00e9ros pr\u00e9d\u00e9finis.<\/p>\n<p data-start=\"739\" data-end=\"795\">Ce transmetteur prend en charge les bandes suivantes :<\/p>\n<ul data-start=\"796\" data-end=\"923\">\n<li data-start=\"796\" data-end=\"837\">\n<p data-start=\"798\" data-end=\"837\"><strong data-start=\"798\" data-end=\"809\">FDD-LTE<\/strong> : B1 \/ B3 \/ B7 \/ B8 \/ B20<\/p>\n<\/li>\n<li data-start=\"838\" data-end=\"884\">\n<p data-start=\"840\" data-end=\"884\"><strong data-start=\"840\" data-end=\"872\">UMTS\/HSDPA\/HSPA+ (Dual-Band)<\/strong> : B1 \/ B8<\/p>\n<\/li>\n<li data-start=\"885\" data-end=\"923\">\n<p data-start=\"887\" data-end=\"923\"><strong data-start=\"887\" data-end=\"904\">GSM\/GPRS\/EDGE<\/strong> : 900 \/ 1800 MHz<\/p>\n<\/li>\n<\/ul>\n<p data-start=\"925\" data-end=\"1196\">Gr\u00e2ce \u00e0 cette large compatibilit\u00e9, il garantit une couverture r\u00e9seau optimale, m\u00eame dans les zones \u00e0 faible signal. Simple \u00e0 installer, il constitue une solution efficace, autonome et s\u00e9curis\u00e9e pour tout type de syst\u00e8me d\u2019alarme, aussi bien r\u00e9sidentiel que professionnel.<\/p>\n","protected":false},"featured_media":8427,"comment_status":"open","ping_status":"closed","template":"","meta":{"_acf_changed":false,"content-type":""},"product_brand":[],"product_cat":[349],"product_tag":[],"class_list":{"0":"post-8426","1":"product","2":"type-product","3":"status-publish","4":"has-post-thumbnail","6":"product_cat-alarme","8":"first","9":"instock","10":"shipping-taxable","11":"purchasable","12":"product-type-simple"},"acf":[],"yoast_head":"<!-- This site is optimized with the Yoast SEO plugin v27.3 - https:\/\/yoast.com\/product\/yoast-seo-wordpress\/ -->\n<title>Transmeteur GSM - BTMT ELECTRIC \u2013 Solutions \u00c9lectriques Fiables et Innovantes<\/title>\n<meta name=\"robots\" content=\"index, follow, max-snippet:-1, max-image-preview:large, max-video-preview:-1\" \/>\n<link rel=\"canonical\" href=\"https:\/\/btmtelectric.com\/index.php\/product\/transmeteur-gsm\/\" \/>\n<meta property=\"og:locale\" content=\"fr_FR\" \/>\n<meta property=\"og:type\" content=\"article\" \/>\n<meta property=\"og:title\" content=\"Transmeteur GSM - BTMT ELECTRIC \u2013 Solutions \u00c9lectriques Fiables et Innovantes\" \/>\n<meta property=\"og:description\" content=\"Le Transmetteur GSM est un module de communication avanc\u00e9 con\u00e7u pour assurer la transmission fiable des alarmes en l&#039;absence de ligne t\u00e9l\u00e9phonique fixe. Compatible avec les r\u00e9seaux 2G, 3G et 4G LTE, il permet d\u2019envoyer automatiquement des messages vocaux, SMS ou signaux num\u00e9riques (comme Contact ID) vers un centre de t\u00e9l\u00e9surveillance ou des num\u00e9ros pr\u00e9d\u00e9finis. Ce transmetteur prend en charge les bandes suivantes :     FDD-LTE : B1 \/ B3 \/ B7 \/ B8 \/ B20    UMTS\/HSDPA\/HSPA+ (Dual-Band) : B1 \/ B8    GSM\/GPRS\/EDGE : 900 \/ 1800 MHz   Gr\u00e2ce \u00e0 cette large compatibilit\u00e9, il garantit une couverture r\u00e9seau optimale, m\u00eame dans les zones \u00e0 faible signal. Simple \u00e0 installer, il constitue une solution efficace, autonome et s\u00e9curis\u00e9e pour tout type de syst\u00e8me d\u2019alarme, aussi bien r\u00e9sidentiel que professionnel.\" \/>\n<meta property=\"og:url\" content=\"https:\/\/btmtelectric.com\/index.php\/product\/transmeteur-gsm\/\" \/>\n<meta property=\"og:site_name\" content=\"BTMT ELECTRIC \u2013 Solutions \u00c9lectriques Fiables et Innovantes\" \/>\n<meta property=\"article:publisher\" content=\"https:\/\/www.facebook.com\/profile.php?id=61578000361796\" \/>\n<meta property=\"article:modified_time\" content=\"2025-07-23T08:26:48+00:00\" \/>\n<meta property=\"og:image\" content=\"https:\/\/btmtelectric.com\/wp-content\/uploads\/2025\/07\/S2kfgIgM19fpfhtGHkLKwWBwNgd8isEoudzI6FKm.jpeg.png\" \/>\n\t<meta property=\"og:image:width\" content=\"1200\" \/>\n\t<meta property=\"og:image:height\" content=\"1200\" \/>\n\t<meta property=\"og:image:type\" content=\"image\/png\" \/>\n<meta name=\"twitter:card\" content=\"summary_large_image\" \/>\n<script type=\"application\/ld+json\" class=\"yoast-schema-graph\">{\"@context\":\"https:\\\/\\\/schema.org\",\"@graph\":[{\"@type\":\"WebPage\",\"@id\":\"https:\\\/\\\/btmtelectric.com\\\/index.php\\\/product\\\/transmeteur-gsm\\\/\",\"url\":\"https:\\\/\\\/btmtelectric.com\\\/index.php\\\/product\\\/transmeteur-gsm\\\/\",\"name\":\"Transmeteur GSM - BTMT ELECTRIC \u2013 Solutions \u00c9lectriques Fiables et Innovantes\",\"isPartOf\":{\"@id\":\"https:\\\/\\\/btmtelectric.com\\\/#website\"},\"primaryImageOfPage\":{\"@id\":\"https:\\\/\\\/btmtelectric.com\\\/index.php\\\/product\\\/transmeteur-gsm\\\/#primaryimage\"},\"image\":{\"@id\":\"https:\\\/\\\/btmtelectric.com\\\/index.php\\\/product\\\/transmeteur-gsm\\\/#primaryimage\"},\"thumbnailUrl\":\"https:\\\/\\\/btmtelectric.com\\\/wp-content\\\/uploads\\\/2025\\\/07\\\/S2kfgIgM19fpfhtGHkLKwWBwNgd8isEoudzI6FKm.jpeg.png\",\"datePublished\":\"2025-07-23T08:26:47+00:00\",\"dateModified\":\"2025-07-23T08:26:48+00:00\",\"breadcrumb\":{\"@id\":\"https:\\\/\\\/btmtelectric.com\\\/index.php\\\/product\\\/transmeteur-gsm\\\/#breadcrumb\"},\"inLanguage\":\"fr-FR\",\"potentialAction\":[{\"@type\":\"ReadAction\",\"target\":[\"https:\\\/\\\/btmtelectric.com\\\/index.php\\\/product\\\/transmeteur-gsm\\\/\"]}]},{\"@type\":\"ImageObject\",\"inLanguage\":\"fr-FR\",\"@id\":\"https:\\\/\\\/btmtelectric.com\\\/index.php\\\/product\\\/transmeteur-gsm\\\/#primaryimage\",\"url\":\"https:\\\/\\\/btmtelectric.com\\\/wp-content\\\/uploads\\\/2025\\\/07\\\/S2kfgIgM19fpfhtGHkLKwWBwNgd8isEoudzI6FKm.jpeg.png\",\"contentUrl\":\"https:\\\/\\\/btmtelectric.com\\\/wp-content\\\/uploads\\\/2025\\\/07\\\/S2kfgIgM19fpfhtGHkLKwWBwNgd8isEoudzI6FKm.jpeg.png\",\"width\":1200,\"height\":1200},{\"@type\":\"BreadcrumbList\",\"@id\":\"https:\\\/\\\/btmtelectric.com\\\/index.php\\\/product\\\/transmeteur-gsm\\\/#breadcrumb\",\"itemListElement\":[{\"@type\":\"ListItem\",\"position\":1,\"name\":\"Accueil\",\"item\":\"https:\\\/\\\/btmtelectric.com\\\/\"},{\"@type\":\"ListItem\",\"position\":2,\"name\":\"Boutique\",\"item\":\"https:\\\/\\\/btmtelectric.com\\\/index.php\\\/boutique\\\/\"},{\"@type\":\"ListItem\",\"position\":3,\"name\":\"Transmeteur GSM\"}]},{\"@type\":\"WebSite\",\"@id\":\"https:\\\/\\\/btmtelectric.com\\\/#website\",\"url\":\"https:\\\/\\\/btmtelectric.com\\\/\",\"name\":\"BTMT ELECTRIC \u2013 Solutions \u00c9lectriques Fiables et Innovantes\",\"description\":\"\",\"publisher\":{\"@id\":\"https:\\\/\\\/btmtelectric.com\\\/#organization\"},\"potentialAction\":[{\"@type\":\"SearchAction\",\"target\":{\"@type\":\"EntryPoint\",\"urlTemplate\":\"https:\\\/\\\/btmtelectric.com\\\/?s={search_term_string}\"},\"query-input\":{\"@type\":\"PropertyValueSpecification\",\"valueRequired\":true,\"valueName\":\"search_term_string\"}}],\"inLanguage\":\"fr-FR\"},{\"@type\":\"Organization\",\"@id\":\"https:\\\/\\\/btmtelectric.com\\\/#organization\",\"name\":\"BTMT ELECTRIC \u2013 Solutions \u00c9lectriques Fiables et Innovantes\",\"url\":\"https:\\\/\\\/btmtelectric.com\\\/\",\"logo\":{\"@type\":\"ImageObject\",\"inLanguage\":\"fr-FR\",\"@id\":\"https:\\\/\\\/btmtelectric.com\\\/#\\\/schema\\\/logo\\\/image\\\/\",\"url\":\"https:\\\/\\\/btmtelectric.com\\\/wp-content\\\/uploads\\\/2025\\\/07\\\/WhatsApp_Image_2025-07-09_at_11.45.18_AM-removebg-preview-1.png\",\"contentUrl\":\"https:\\\/\\\/btmtelectric.com\\\/wp-content\\\/uploads\\\/2025\\\/07\\\/WhatsApp_Image_2025-07-09_at_11.45.18_AM-removebg-preview-1.png\",\"width\":175,\"height\":42,\"caption\":\"BTMT ELECTRIC \u2013 Solutions \u00c9lectriques Fiables et Innovantes\"},\"image\":{\"@id\":\"https:\\\/\\\/btmtelectric.com\\\/#\\\/schema\\\/logo\\\/image\\\/\"},\"sameAs\":[\"https:\\\/\\\/www.facebook.com\\\/profile.php?id=61578000361796\",\"https:\\\/\\\/www.instagram.com\\\/btmtelectric\\\/\"]}]}<\/script>\n<!-- \/ Yoast SEO plugin. -->","yoast_head_json":{"title":"Transmeteur GSM - BTMT ELECTRIC \u2013 Solutions \u00c9lectriques Fiables et Innovantes","robots":{"index":"index","follow":"follow","max-snippet":"max-snippet:-1","max-image-preview":"max-image-preview:large","max-video-preview":"max-video-preview:-1"},"canonical":"https:\/\/btmtelectric.com\/index.php\/product\/transmeteur-gsm\/","og_locale":"fr_FR","og_type":"article","og_title":"Transmeteur GSM - BTMT ELECTRIC \u2013 Solutions \u00c9lectriques Fiables et Innovantes","og_description":"Le Transmetteur GSM est un module de communication avanc\u00e9 con\u00e7u pour assurer la transmission fiable des alarmes en l'absence de ligne t\u00e9l\u00e9phonique fixe. Compatible avec les r\u00e9seaux 2G, 3G et 4G LTE, il permet d\u2019envoyer automatiquement des messages vocaux, SMS ou signaux num\u00e9riques (comme Contact ID) vers un centre de t\u00e9l\u00e9surveillance ou des num\u00e9ros pr\u00e9d\u00e9finis. Ce transmetteur prend en charge les bandes suivantes :     FDD-LTE : B1 \/ B3 \/ B7 \/ B8 \/ B20    UMTS\/HSDPA\/HSPA+ (Dual-Band) : B1 \/ B8    GSM\/GPRS\/EDGE : 900 \/ 1800 MHz   Gr\u00e2ce \u00e0 cette large compatibilit\u00e9, il garantit une couverture r\u00e9seau optimale, m\u00eame dans les zones \u00e0 faible signal. Simple \u00e0 installer, il constitue une solution efficace, autonome et s\u00e9curis\u00e9e pour tout type de syst\u00e8me d\u2019alarme, aussi bien r\u00e9sidentiel que professionnel.","og_url":"https:\/\/btmtelectric.com\/index.php\/product\/transmeteur-gsm\/","og_site_name":"BTMT ELECTRIC \u2013 Solutions \u00c9lectriques Fiables et Innovantes","article_publisher":"https:\/\/www.facebook.com\/profile.php?id=61578000361796","article_modified_time":"2025-07-23T08:26:48+00:00","og_image":[{"width":1200,"height":1200,"url":"https:\/\/btmtelectric.com\/wp-content\/uploads\/2025\/07\/S2kfgIgM19fpfhtGHkLKwWBwNgd8isEoudzI6FKm.jpeg.png","type":"image\/png"}],"twitter_card":"summary_large_image","schema":{"@context":"https:\/\/schema.org","@graph":[{"@type":"WebPage","@id":"https:\/\/btmtelectric.com\/index.php\/product\/transmeteur-gsm\/","url":"https:\/\/btmtelectric.com\/index.php\/product\/transmeteur-gsm\/","name":"Transmeteur GSM - BTMT ELECTRIC \u2013 Solutions \u00c9lectriques Fiables et Innovantes","isPartOf":{"@id":"https:\/\/btmtelectric.com\/#website"},"primaryImageOfPage":{"@id":"https:\/\/btmtelectric.com\/index.php\/product\/transmeteur-gsm\/#primaryimage"},"image":{"@id":"https:\/\/btmtelectric.com\/index.php\/product\/transmeteur-gsm\/#primaryimage"},"thumbnailUrl":"https:\/\/btmtelectric.com\/wp-content\/uploads\/2025\/07\/S2kfgIgM19fpfhtGHkLKwWBwNgd8isEoudzI6FKm.jpeg.png","datePublished":"2025-07-23T08:26:47+00:00","dateModified":"2025-07-23T08:26:48+00:00","breadcrumb":{"@id":"https:\/\/btmtelectric.com\/index.php\/product\/transmeteur-gsm\/#breadcrumb"},"inLanguage":"fr-FR","potentialAction":[{"@type":"ReadAction","target":["https:\/\/btmtelectric.com\/index.php\/product\/transmeteur-gsm\/"]}]},{"@type":"ImageObject","inLanguage":"fr-FR","@id":"https:\/\/btmtelectric.com\/index.php\/product\/transmeteur-gsm\/#primaryimage","url":"https:\/\/btmtelectric.com\/wp-content\/uploads\/2025\/07\/S2kfgIgM19fpfhtGHkLKwWBwNgd8isEoudzI6FKm.jpeg.png","contentUrl":"https:\/\/btmtelectric.com\/wp-content\/uploads\/2025\/07\/S2kfgIgM19fpfhtGHkLKwWBwNgd8isEoudzI6FKm.jpeg.png","width":1200,"height":1200},{"@type":"BreadcrumbList","@id":"https:\/\/btmtelectric.com\/index.php\/product\/transmeteur-gsm\/#breadcrumb","itemListElement":[{"@type":"ListItem","position":1,"name":"Accueil","item":"https:\/\/btmtelectric.com\/"},{"@type":"ListItem","position":2,"name":"Boutique","item":"https:\/\/btmtelectric.com\/index.php\/boutique\/"},{"@type":"ListItem","position":3,"name":"Transmeteur GSM"}]},{"@type":"WebSite","@id":"https:\/\/btmtelectric.com\/#website","url":"https:\/\/btmtelectric.com\/","name":"BTMT ELECTRIC \u2013 Solutions \u00c9lectriques Fiables et Innovantes","description":"","publisher":{"@id":"https:\/\/btmtelectric.com\/#organization"},"potentialAction":[{"@type":"SearchAction","target":{"@type":"EntryPoint","urlTemplate":"https:\/\/btmtelectric.com\/?s={search_term_string}"},"query-input":{"@type":"PropertyValueSpecification","valueRequired":true,"valueName":"search_term_string"}}],"inLanguage":"fr-FR"},{"@type":"Organization","@id":"https:\/\/btmtelectric.com\/#organization","name":"BTMT ELECTRIC \u2013 Solutions \u00c9lectriques Fiables et Innovantes","url":"https:\/\/btmtelectric.com\/","logo":{"@type":"ImageObject","inLanguage":"fr-FR","@id":"https:\/\/btmtelectric.com\/#\/schema\/logo\/image\/","url":"https:\/\/btmtelectric.com\/wp-content\/uploads\/2025\/07\/WhatsApp_Image_2025-07-09_at_11.45.18_AM-removebg-preview-1.png","contentUrl":"https:\/\/btmtelectric.com\/wp-content\/uploads\/2025\/07\/WhatsApp_Image_2025-07-09_at_11.45.18_AM-removebg-preview-1.png","width":175,"height":42,"caption":"BTMT ELECTRIC \u2013 Solutions \u00c9lectriques Fiables et Innovantes"},"image":{"@id":"https:\/\/btmtelectric.com\/#\/schema\/logo\/image\/"},"sameAs":["https:\/\/www.facebook.com\/profile.php?id=61578000361796","https:\/\/www.instagram.com\/btmtelectric\/"]}]}},"_links":{"self":[{"href":"https:\/\/btmtelectric.com\/index.php\/wp-json\/wp\/v2\/product\/8426","targetHints":{"allow":["GET"]}}],"collection":[{"href":"https:\/\/btmtelectric.com\/index.php\/wp-json\/wp\/v2\/product"}],"about":[{"href":"https:\/\/btmtelectric.com\/index.php\/wp-json\/wp\/v2\/types\/product"}],"replies":[{"embeddable":true,"href":"https:\/\/btmtelectric.com\/index.php\/wp-json\/wp\/v2\/comments?post=8426"}],"wp:featuredmedia":[{"embeddable":true,"href":"https:\/\/btmtelectric.com\/index.php\/wp-json\/wp\/v2\/media\/8427"}],"wp:attachment":[{"href":"https:\/\/btmtelectric.com\/index.php\/wp-json\/wp\/v2\/media?parent=8426"}],"wp:term":[{"taxonomy":"product_brand","embeddable":true,"href":"https:\/\/btmtelectric.com\/index.php\/wp-json\/wp\/v2\/product_brand?post=8426"},{"taxonomy":"product_cat","embeddable":true,"href":"https:\/\/btmtelectric.com\/index.php\/wp-json\/wp\/v2\/product_cat?post=8426"},{"taxonomy":"product_tag","embeddable":true,"href":"https:\/\/btmtelectric.com\/index.php\/wp-json\/wp\/v2\/product_tag?post=8426"}],"curies":[{"name":"wp","href":"https:\/\/api.w.org\/{rel}","templated":true}]}}