{"id":8391,"date":"2025-07-22T13:20:26","date_gmt":"2025-07-22T13:20:26","guid":{"rendered":"https:\/\/btmtelectric.com\/?post_type=product&#038;p=8391"},"modified":"2025-12-04T03:37:56","modified_gmt":"2025-12-04T03:37:56","slug":"8391","status":"publish","type":"product","link":"https:\/\/btmtelectric.com\/index.php\/product\/8391\/","title":{"rendered":"G-BAT ME400"},"content":{"rendered":"<p data-start=\"216\" data-end=\"315\">Kit complet pour motoriser un portail battant jusqu&#8217;\u00e0 4 m\u00e8tres (2m par vantail), alimentation 230V.<\/p>\n<h4 data-start=\"317\" data-end=\"338\">Contenu du Kit :<\/h4>\n<ul data-start=\"340\" data-end=\"1528\">\n<li data-start=\"340\" data-end=\"505\">\n<p data-start=\"342\" data-end=\"505\"><strong data-start=\"342\" data-end=\"389\">2 Actionneurs \u00e9lectrom\u00e9caniques G-BAT 400mm<\/strong><br data-start=\"389\" data-end=\"392\" \/>Puissance : 280W \u2013 Force : 3500N \u2013 Alim. 230VAC \u2013 IP54<br data-start=\"448\" data-end=\"451\" \/>\ud83d\udc49 <em data-start=\"456\" data-end=\"505\">R\u00e9f : RF 6170031 (gauche) + RF 6170030 (droite)<\/em><\/p>\n<\/li>\n<li data-start=\"507\" data-end=\"601\">\n<p data-start=\"509\" data-end=\"601\"><strong data-start=\"509\" data-end=\"540\">2 Kits de fixation \u00e0 souder<\/strong><br data-start=\"540\" data-end=\"543\" \/>Pour une installation solide des v\u00e9rins sur les vantaux.<\/p>\n<\/li>\n<li data-start=\"603\" data-end=\"713\">\n<p data-start=\"605\" data-end=\"713\"><strong data-start=\"605\" data-end=\"655\">2 Cl\u00e9s personnalis\u00e9es de d\u00e9verrouillage manuel<\/strong><br data-start=\"655\" data-end=\"658\" \/>Pour ouverture manuelle en cas de coupure de courant.<\/p>\n<\/li>\n<li data-start=\"715\" data-end=\"804\">\n<p data-start=\"717\" data-end=\"804\"><strong data-start=\"717\" data-end=\"749\">2 Condensateurs de d\u00e9marrage<\/strong><br data-start=\"749\" data-end=\"752\" \/>Capacit\u00e9 : 8\u03bcF \/ 450V \u2013 Pour un d\u00e9marrage optimal.<\/p>\n<\/li>\n<li data-start=\"806\" data-end=\"932\">\n<p data-start=\"808\" data-end=\"932\"><strong data-start=\"808\" data-end=\"841\">1 Carte \u00e9lectronique BRAIN 19<\/strong><br data-start=\"841\" data-end=\"844\" \/>Gestion intelligente de l\u2019ouverture\/fermeture \u2013 Alim. 230VAC<br data-start=\"906\" data-end=\"909\" \/>\ud83d\udc49 <em data-start=\"914\" data-end=\"932\">R\u00e9f : RF 6100328<\/em><\/p>\n<\/li>\n<li data-start=\"934\" data-end=\"1049\">\n<p data-start=\"936\" data-end=\"1049\"><strong data-start=\"936\" data-end=\"973\">1 Bo\u00eetier pour carte \u00e9lectronique<\/strong><br data-start=\"973\" data-end=\"976\" \/>Protection contre les intemp\u00e9ries et les chocs.<br data-start=\"1025\" data-end=\"1028\" \/>\ud83d\udc49 <em data-start=\"1033\" data-end=\"1049\">R\u00e9f : RF JA320<\/em><\/p>\n<\/li>\n<li data-start=\"1051\" data-end=\"1178\">\n<p data-start=\"1053\" data-end=\"1178\"><strong data-start=\"1053\" data-end=\"1103\">1 Module de fr\u00e9quence RQFZ 868 MHz \u2013 3 broches<\/strong><br data-start=\"1103\" data-end=\"1106\" \/>Pour communication radio avec les \u00e9metteurs.<br data-start=\"1152\" data-end=\"1155\" \/>\ud83d\udc49 <em data-start=\"1160\" data-end=\"1178\">R\u00e9f : RF 6100347<\/em><\/p>\n<\/li>\n<li data-start=\"1180\" data-end=\"1294\">\n<p data-start=\"1182\" data-end=\"1294\"><strong data-start=\"1182\" data-end=\"1214\">2 \u00c9metteurs KILO TX2 868 MHz<\/strong><br data-start=\"1214\" data-end=\"1217\" \/>T\u00e9l\u00e9commandes 2 boutons pour contr\u00f4le du portail.<br data-start=\"1268\" data-end=\"1271\" \/>\ud83d\udc49 <em data-start=\"1276\" data-end=\"1294\">R\u00e9f : RF 6100332<\/em><\/p>\n<\/li>\n<li data-start=\"1296\" data-end=\"1412\">\n<p data-start=\"1298\" data-end=\"1412\"><strong data-start=\"1298\" data-end=\"1331\">1 Paire de Photocellules VEGA<\/strong><br data-start=\"1331\" data-end=\"1334\" \/>Alimentation 24VAC\/VDC \u2013 S\u00e9curit\u00e9 anti-\u00e9crasement.<br data-start=\"1386\" data-end=\"1389\" \/>\ud83d\udc49 <em data-start=\"1394\" data-end=\"1412\">R\u00e9f : RF 6100147<\/em><\/p>\n<\/li>\n<li data-start=\"1414\" data-end=\"1528\">\n<p data-start=\"1416\" data-end=\"1528\"><strong data-start=\"1416\" data-end=\"1452\">1 Lampe clignotante GUARD 230VAC<\/strong><br data-start=\"1452\" data-end=\"1455\" \/>Signale les mouvements d&#8217;ouverture\/fermeture.<br data-start=\"1502\" data-end=\"1505\" \/>\ud83d\udc49 <em data-start=\"1510\" data-end=\"1528\">R\u00e9f : RF 6100315<\/em><\/p>\n<\/li>\n<\/ul>\n","protected":false},"excerpt":{"rendered":"<ul>\n<li data-start=\"1588\" data-end=\"1683\">\n<p data-start=\"1590\" data-end=\"1683\">2 V\u00e9rins G-BAT 400mm \u2013 280W \u2013 3500N \u2013 IP54<br data-start=\"1632\" data-end=\"1635\" \/>\ud83d\udc49 RF 6170031 (gauche) + RF 6170030 (droite)<\/p>\n<\/li>\n<li data-start=\"1684\" data-end=\"1708\">\n<p data-start=\"1686\" data-end=\"1708\">2 Fixations \u00e0 souder<\/p>\n<\/li>\n<li data-start=\"1709\" data-end=\"1766\">\n<p data-start=\"1711\" data-end=\"1766\">2 Cl\u00e9s de d\u00e9verrouillage + 2 Condensateurs 8\u03bcF \/ 450V<\/p>\n<\/li>\n<li data-start=\"1767\" data-end=\"1807\">\n<p data-start=\"1769\" data-end=\"1807\">Carte BRAIN 19 \u2013 230VAC (RF 6100328)<\/p>\n<\/li>\n<li data-start=\"1808\" data-end=\"1836\">\n<p data-start=\"1810\" data-end=\"1836\">Bo\u00eetier carte (RF JA320)<\/p>\n<\/li>\n<li data-start=\"1837\" data-end=\"1882\">\n<p data-start=\"1839\" data-end=\"1882\">Module radio 868 MHz \u2013 3 pin (RF 6100347)<\/p>\n<\/li>\n<li data-start=\"1883\" data-end=\"1930\">\n<p data-start=\"1885\" data-end=\"1930\">2 \u00c9metteurs KILO TX2 \u2013 868 MHz (RF 6100332)<\/p>\n<\/li>\n<li data-start=\"1931\" data-end=\"1977\">\n<p data-start=\"1933\" data-end=\"1977\">Photocellule VEGA \u2013 24VAC\/VDC (RF 6100147)<\/p>\n<\/li>\n<li data-start=\"1978\" data-end=\"2013\">\n<p data-start=\"1980\" data-end=\"2013\">Lampe GUARD \u2013 230VAC (RF 6100315)<\/p>\n<\/li>\n<\/ul>\n","protected":false},"featured_media":8392,"comment_status":"open","ping_status":"closed","template":"","meta":{"_acf_changed":false,"content-type":""},"product_brand":[],"product_cat":[361],"product_tag":[],"class_list":{"0":"post-8391","1":"product","2":"type-product","3":"status-publish","4":"has-post-thumbnail","6":"product_cat-moteurs-abattants","8":"first","9":"instock","10":"shipping-taxable","11":"purchasable","12":"product-type-simple"},"acf":[],"yoast_head":"<!-- This site is optimized with the Yoast SEO plugin v27.3 - https:\/\/yoast.com\/product\/yoast-seo-wordpress\/ -->\n<title>G-BAT ME400 - BTMT ELECTRIC \u2013 Solutions \u00c9lectriques Fiables et Innovantes<\/title>\n<meta name=\"robots\" content=\"index, follow, max-snippet:-1, max-image-preview:large, max-video-preview:-1\" \/>\n<link rel=\"canonical\" href=\"https:\/\/btmtelectric.com\/index.php\/product\/8391\/\" \/>\n<meta property=\"og:locale\" content=\"fr_FR\" \/>\n<meta property=\"og:type\" content=\"article\" \/>\n<meta property=\"og:title\" content=\"G-BAT ME400 - BTMT ELECTRIC \u2013 Solutions \u00c9lectriques Fiables et Innovantes\" \/>\n<meta property=\"og:description\" content=\"2 V\u00e9rins G-BAT 400mm \u2013 280W \u2013 3500N \u2013 IP54\ud83d\udc49 RF 6170031 (gauche) + RF 6170030 (droite)    2 Fixations \u00e0 souder    2 Cl\u00e9s de d\u00e9verrouillage + 2 Condensateurs 8\u03bcF \/ 450V    Carte BRAIN 19 \u2013 230VAC (RF 6100328)    Bo\u00eetier carte (RF JA320)    Module radio 868 MHz \u2013 3 pin (RF 6100347)    2 \u00c9metteurs KILO TX2 \u2013 868 MHz (RF 6100332)    Photocellule VEGA \u2013 24VAC\/VDC (RF 6100147)    Lampe GUARD \u2013 230VAC (RF 6100315)\" \/>\n<meta property=\"og:url\" content=\"https:\/\/btmtelectric.com\/index.php\/product\/8391\/\" \/>\n<meta property=\"og:site_name\" content=\"BTMT ELECTRIC \u2013 Solutions \u00c9lectriques Fiables et Innovantes\" \/>\n<meta property=\"article:publisher\" content=\"https:\/\/www.facebook.com\/profile.php?id=61578000361796\" \/>\n<meta property=\"article:modified_time\" content=\"2025-12-04T03:37:56+00:00\" \/>\n<meta property=\"og:image\" content=\"https:\/\/btmtelectric.com\/wp-content\/uploads\/2025\/07\/Capture-decran-2025-07-22-142001.png\" \/>\n\t<meta property=\"og:image:width\" content=\"234\" \/>\n\t<meta property=\"og:image:height\" content=\"110\" \/>\n\t<meta property=\"og:image:type\" content=\"image\/png\" \/>\n<meta name=\"twitter:card\" content=\"summary_large_image\" \/>\n<meta name=\"twitter:label1\" content=\"Dur\u00e9e de lecture estim\u00e9e\" \/>\n\t<meta name=\"twitter:data1\" content=\"1 minute\" \/>\n<script type=\"application\/ld+json\" class=\"yoast-schema-graph\">{\"@context\":\"https:\\\/\\\/schema.org\",\"@graph\":[{\"@type\":\"WebPage\",\"@id\":\"https:\\\/\\\/btmtelectric.com\\\/index.php\\\/product\\\/8391\\\/\",\"url\":\"https:\\\/\\\/btmtelectric.com\\\/index.php\\\/product\\\/8391\\\/\",\"name\":\"G-BAT ME400 - BTMT ELECTRIC \u2013 Solutions \u00c9lectriques Fiables et Innovantes\",\"isPartOf\":{\"@id\":\"https:\\\/\\\/btmtelectric.com\\\/#website\"},\"primaryImageOfPage\":{\"@id\":\"https:\\\/\\\/btmtelectric.com\\\/index.php\\\/product\\\/8391\\\/#primaryimage\"},\"image\":{\"@id\":\"https:\\\/\\\/btmtelectric.com\\\/index.php\\\/product\\\/8391\\\/#primaryimage\"},\"thumbnailUrl\":\"https:\\\/\\\/btmtelectric.com\\\/wp-content\\\/uploads\\\/2025\\\/07\\\/Capture-decran-2025-07-22-142001.png\",\"datePublished\":\"2025-07-22T13:20:26+00:00\",\"dateModified\":\"2025-12-04T03:37:56+00:00\",\"breadcrumb\":{\"@id\":\"https:\\\/\\\/btmtelectric.com\\\/index.php\\\/product\\\/8391\\\/#breadcrumb\"},\"inLanguage\":\"fr-FR\",\"potentialAction\":[{\"@type\":\"ReadAction\",\"target\":[\"https:\\\/\\\/btmtelectric.com\\\/index.php\\\/product\\\/8391\\\/\"]}]},{\"@type\":\"ImageObject\",\"inLanguage\":\"fr-FR\",\"@id\":\"https:\\\/\\\/btmtelectric.com\\\/index.php\\\/product\\\/8391\\\/#primaryimage\",\"url\":\"https:\\\/\\\/btmtelectric.com\\\/wp-content\\\/uploads\\\/2025\\\/07\\\/Capture-decran-2025-07-22-142001.png\",\"contentUrl\":\"https:\\\/\\\/btmtelectric.com\\\/wp-content\\\/uploads\\\/2025\\\/07\\\/Capture-decran-2025-07-22-142001.png\",\"width\":234,\"height\":110},{\"@type\":\"BreadcrumbList\",\"@id\":\"https:\\\/\\\/btmtelectric.com\\\/index.php\\\/product\\\/8391\\\/#breadcrumb\",\"itemListElement\":[{\"@type\":\"ListItem\",\"position\":1,\"name\":\"Accueil\",\"item\":\"https:\\\/\\\/btmtelectric.com\\\/\"},{\"@type\":\"ListItem\",\"position\":2,\"name\":\"Boutique\",\"item\":\"https:\\\/\\\/btmtelectric.com\\\/index.php\\\/boutique\\\/\"},{\"@type\":\"ListItem\",\"position\":3,\"name\":\"G-BAT ME400\"}]},{\"@type\":\"WebSite\",\"@id\":\"https:\\\/\\\/btmtelectric.com\\\/#website\",\"url\":\"https:\\\/\\\/btmtelectric.com\\\/\",\"name\":\"BTMT ELECTRIC \u2013 Solutions \u00c9lectriques Fiables et Innovantes\",\"description\":\"\",\"publisher\":{\"@id\":\"https:\\\/\\\/btmtelectric.com\\\/#organization\"},\"potentialAction\":[{\"@type\":\"SearchAction\",\"target\":{\"@type\":\"EntryPoint\",\"urlTemplate\":\"https:\\\/\\\/btmtelectric.com\\\/?s={search_term_string}\"},\"query-input\":{\"@type\":\"PropertyValueSpecification\",\"valueRequired\":true,\"valueName\":\"search_term_string\"}}],\"inLanguage\":\"fr-FR\"},{\"@type\":\"Organization\",\"@id\":\"https:\\\/\\\/btmtelectric.com\\\/#organization\",\"name\":\"BTMT ELECTRIC \u2013 Solutions \u00c9lectriques Fiables et Innovantes\",\"url\":\"https:\\\/\\\/btmtelectric.com\\\/\",\"logo\":{\"@type\":\"ImageObject\",\"inLanguage\":\"fr-FR\",\"@id\":\"https:\\\/\\\/btmtelectric.com\\\/#\\\/schema\\\/logo\\\/image\\\/\",\"url\":\"https:\\\/\\\/btmtelectric.com\\\/wp-content\\\/uploads\\\/2025\\\/07\\\/WhatsApp_Image_2025-07-09_at_11.45.18_AM-removebg-preview-1.png\",\"contentUrl\":\"https:\\\/\\\/btmtelectric.com\\\/wp-content\\\/uploads\\\/2025\\\/07\\\/WhatsApp_Image_2025-07-09_at_11.45.18_AM-removebg-preview-1.png\",\"width\":175,\"height\":42,\"caption\":\"BTMT ELECTRIC \u2013 Solutions \u00c9lectriques Fiables et Innovantes\"},\"image\":{\"@id\":\"https:\\\/\\\/btmtelectric.com\\\/#\\\/schema\\\/logo\\\/image\\\/\"},\"sameAs\":[\"https:\\\/\\\/www.facebook.com\\\/profile.php?id=61578000361796\",\"https:\\\/\\\/www.instagram.com\\\/btmtelectric\\\/\"]}]}<\/script>\n<!-- \/ Yoast SEO plugin. -->","yoast_head_json":{"title":"G-BAT ME400 - BTMT ELECTRIC \u2013 Solutions \u00c9lectriques Fiables et Innovantes","robots":{"index":"index","follow":"follow","max-snippet":"max-snippet:-1","max-image-preview":"max-image-preview:large","max-video-preview":"max-video-preview:-1"},"canonical":"https:\/\/btmtelectric.com\/index.php\/product\/8391\/","og_locale":"fr_FR","og_type":"article","og_title":"G-BAT ME400 - BTMT ELECTRIC \u2013 Solutions \u00c9lectriques Fiables et Innovantes","og_description":"2 V\u00e9rins G-BAT 400mm \u2013 280W \u2013 3500N \u2013 IP54\ud83d\udc49 RF 6170031 (gauche) + RF 6170030 (droite)    2 Fixations \u00e0 souder    2 Cl\u00e9s de d\u00e9verrouillage + 2 Condensateurs 8\u03bcF \/ 450V    Carte BRAIN 19 \u2013 230VAC (RF 6100328)    Bo\u00eetier carte (RF JA320)    Module radio 868 MHz \u2013 3 pin (RF 6100347)    2 \u00c9metteurs KILO TX2 \u2013 868 MHz (RF 6100332)    Photocellule VEGA \u2013 24VAC\/VDC (RF 6100147)    Lampe GUARD \u2013 230VAC (RF 6100315)","og_url":"https:\/\/btmtelectric.com\/index.php\/product\/8391\/","og_site_name":"BTMT ELECTRIC \u2013 Solutions \u00c9lectriques Fiables et Innovantes","article_publisher":"https:\/\/www.facebook.com\/profile.php?id=61578000361796","article_modified_time":"2025-12-04T03:37:56+00:00","og_image":[{"width":234,"height":110,"url":"https:\/\/btmtelectric.com\/wp-content\/uploads\/2025\/07\/Capture-decran-2025-07-22-142001.png","type":"image\/png"}],"twitter_card":"summary_large_image","twitter_misc":{"Dur\u00e9e de lecture estim\u00e9e":"1 minute"},"schema":{"@context":"https:\/\/schema.org","@graph":[{"@type":"WebPage","@id":"https:\/\/btmtelectric.com\/index.php\/product\/8391\/","url":"https:\/\/btmtelectric.com\/index.php\/product\/8391\/","name":"G-BAT ME400 - BTMT ELECTRIC \u2013 Solutions \u00c9lectriques Fiables et Innovantes","isPartOf":{"@id":"https:\/\/btmtelectric.com\/#website"},"primaryImageOfPage":{"@id":"https:\/\/btmtelectric.com\/index.php\/product\/8391\/#primaryimage"},"image":{"@id":"https:\/\/btmtelectric.com\/index.php\/product\/8391\/#primaryimage"},"thumbnailUrl":"https:\/\/btmtelectric.com\/wp-content\/uploads\/2025\/07\/Capture-decran-2025-07-22-142001.png","datePublished":"2025-07-22T13:20:26+00:00","dateModified":"2025-12-04T03:37:56+00:00","breadcrumb":{"@id":"https:\/\/btmtelectric.com\/index.php\/product\/8391\/#breadcrumb"},"inLanguage":"fr-FR","potentialAction":[{"@type":"ReadAction","target":["https:\/\/btmtelectric.com\/index.php\/product\/8391\/"]}]},{"@type":"ImageObject","inLanguage":"fr-FR","@id":"https:\/\/btmtelectric.com\/index.php\/product\/8391\/#primaryimage","url":"https:\/\/btmtelectric.com\/wp-content\/uploads\/2025\/07\/Capture-decran-2025-07-22-142001.png","contentUrl":"https:\/\/btmtelectric.com\/wp-content\/uploads\/2025\/07\/Capture-decran-2025-07-22-142001.png","width":234,"height":110},{"@type":"BreadcrumbList","@id":"https:\/\/btmtelectric.com\/index.php\/product\/8391\/#breadcrumb","itemListElement":[{"@type":"ListItem","position":1,"name":"Accueil","item":"https:\/\/btmtelectric.com\/"},{"@type":"ListItem","position":2,"name":"Boutique","item":"https:\/\/btmtelectric.com\/index.php\/boutique\/"},{"@type":"ListItem","position":3,"name":"G-BAT ME400"}]},{"@type":"WebSite","@id":"https:\/\/btmtelectric.com\/#website","url":"https:\/\/btmtelectric.com\/","name":"BTMT ELECTRIC \u2013 Solutions \u00c9lectriques Fiables et Innovantes","description":"","publisher":{"@id":"https:\/\/btmtelectric.com\/#organization"},"potentialAction":[{"@type":"SearchAction","target":{"@type":"EntryPoint","urlTemplate":"https:\/\/btmtelectric.com\/?s={search_term_string}"},"query-input":{"@type":"PropertyValueSpecification","valueRequired":true,"valueName":"search_term_string"}}],"inLanguage":"fr-FR"},{"@type":"Organization","@id":"https:\/\/btmtelectric.com\/#organization","name":"BTMT ELECTRIC \u2013 Solutions \u00c9lectriques Fiables et Innovantes","url":"https:\/\/btmtelectric.com\/","logo":{"@type":"ImageObject","inLanguage":"fr-FR","@id":"https:\/\/btmtelectric.com\/#\/schema\/logo\/image\/","url":"https:\/\/btmtelectric.com\/wp-content\/uploads\/2025\/07\/WhatsApp_Image_2025-07-09_at_11.45.18_AM-removebg-preview-1.png","contentUrl":"https:\/\/btmtelectric.com\/wp-content\/uploads\/2025\/07\/WhatsApp_Image_2025-07-09_at_11.45.18_AM-removebg-preview-1.png","width":175,"height":42,"caption":"BTMT ELECTRIC \u2013 Solutions \u00c9lectriques Fiables et Innovantes"},"image":{"@id":"https:\/\/btmtelectric.com\/#\/schema\/logo\/image\/"},"sameAs":["https:\/\/www.facebook.com\/profile.php?id=61578000361796","https:\/\/www.instagram.com\/btmtelectric\/"]}]}},"_links":{"self":[{"href":"https:\/\/btmtelectric.com\/index.php\/wp-json\/wp\/v2\/product\/8391","targetHints":{"allow":["GET"]}}],"collection":[{"href":"https:\/\/btmtelectric.com\/index.php\/wp-json\/wp\/v2\/product"}],"about":[{"href":"https:\/\/btmtelectric.com\/index.php\/wp-json\/wp\/v2\/types\/product"}],"replies":[{"embeddable":true,"href":"https:\/\/btmtelectric.com\/index.php\/wp-json\/wp\/v2\/comments?post=8391"}],"wp:featuredmedia":[{"embeddable":true,"href":"https:\/\/btmtelectric.com\/index.php\/wp-json\/wp\/v2\/media\/8392"}],"wp:attachment":[{"href":"https:\/\/btmtelectric.com\/index.php\/wp-json\/wp\/v2\/media?parent=8391"}],"wp:term":[{"taxonomy":"product_brand","embeddable":true,"href":"https:\/\/btmtelectric.com\/index.php\/wp-json\/wp\/v2\/product_brand?post=8391"},{"taxonomy":"product_cat","embeddable":true,"href":"https:\/\/btmtelectric.com\/index.php\/wp-json\/wp\/v2\/product_cat?post=8391"},{"taxonomy":"product_tag","embeddable":true,"href":"https:\/\/btmtelectric.com\/index.php\/wp-json\/wp\/v2\/product_tag?post=8391"}],"curies":[{"name":"wp","href":"https:\/\/api.w.org\/{rel}","templated":true}]}}